{"id":1212,"date":"2021-05-12T10:59:42","date_gmt":"2021-05-12T09:59:42","guid":{"rendered":"https:\/\/healing-memories.lu\/?page_id=1212"},"modified":"2022-09-21T10:12:09","modified_gmt":"2022-09-21T09:12:09","slug":"project-2022-2026","status":"publish","type":"page","link":"https:\/\/healing-memories.lu\/?page_id=1212&lang=en","title":{"rendered":"Francophone Africa project"},"content":{"rendered":"\n<p class=\"has-text-align-center has-secondary-color has-text-color has-medium-font-size\"><strong>Healing the Wounds of the Past<\/strong> <strong>to build a lasting peace<\/strong><\/p>\n\n\n\n<p class=\"has-text-align-center has-medium-font-size\"><em>Promoting the healing of memories methodology in francophone Africa by training local facilitators<\/em><\/p>\n\n\n\n<p>In July 2022, the South African <em><a href=\"https:\/\/healing-memories.org\/\" target=\"_blank\" rel=\"noreferrer noopener\">Institute for Healing of Memories<\/a> (IHOM)<\/em>, in cooperation with its sister organisation <em>Healing of Memories Luxembourg (HOM-L)<\/em>, will for the first time launch a <a href=\"https:\/\/healing-memories.lu\/?p=1067&amp;lang=en\">healing of memories<\/a> <a href=\"https:\/\/healing-memories.lu\/?page_id=581&amp;lang=en\">facilitator<\/a> training programme for French-speaking African countries.<\/p>\n\n\n\n<figure class=\"wp-block-image size-large\"><img loading=\"lazy\" decoding=\"async\" width=\"1024\" height=\"821\" src=\"https:\/\/healing-memories.lu\/wp-content\/uploads\/2021\/06\/Projet-Afrique-1-1024x821.jpg\" alt=\"\" class=\"wp-image-2105\" srcset=\"https:\/\/healing-memories.lu\/wp-content\/uploads\/2021\/06\/Projet-Afrique-1-1024x821.jpg 1024w, https:\/\/healing-memories.lu\/wp-content\/uploads\/2021\/06\/Projet-Afrique-1-300x241.jpg 300w, https:\/\/healing-memories.lu\/wp-content\/uploads\/2021\/06\/Projet-Afrique-1-768x616.jpg 768w, https:\/\/healing-memories.lu\/wp-content\/uploads\/2021\/06\/Projet-Afrique-1-1536x1232.jpg 1536w, https:\/\/healing-memories.lu\/wp-content\/uploads\/2021\/06\/Projet-Afrique-1-2048x1642.jpg 2048w\" sizes=\"auto, (max-width: 1024px) 100vw, 1024px\" \/><figcaption>S\u00e8gbohou\u00e9 (Benin), 2019: Workshop for young people from S\u00e9gou (Mali)<\/figcaption><\/figure>\n\n\n\n<p>This project draws its inspiration from the existing English-language training programme, which has been held in Cape Town on an annual basis since 2012. The main sessions of the francophone version, which will be held in Cotonou (Benin), will be supplemented by practical work on the ground in each the countries concerned. This new initiative will be launched thanks to the support of the <em><a href=\"https:\/\/www.partage.lu\/fr\/\" target=\"_blank\" rel=\"noreferrer noopener\">Partage Luxembourg Foundation<\/a><\/em>, which plans to include it in the 2022\u201126 Framework Agreement it will sign shortly with the Luxembourg Government.<\/p>\n\n\n\n<p><strong>A theoretical and practical training programme<\/strong><\/p>\n\n\n\n<p><em>Participants<\/em><\/p>\n\n\n\n<p>The training programme, due to start in 2022, will be for partner organisations working on the ground and wishing to integrate healing of memories into their activities. Each partner organisation can apply for a few representatives to take part in the 10-day main training session, which will take place once every two years in Cotonou (Benin). This session will be followed by a practical training phase in their own country, including healing of memories workshops which they will be expected to organise for local target groups. Initially, the programme will be for trainees from six West African countries (Benin, Burkina Faso, C\u00f4te d\u2019Ivoire, Mali and Senegal). Recruitment will then be extended to participants from a number of Central African countries. Trainees will undertake not only to attend the Cotonou sessions and take part in the practical phase back in their own country, but also to help build up a team of healing of memories facilitators in their region.<\/p>\n\n\n<div class=\"wp-block-image\">\n<figure class=\"alignright size-large is-resized\"><img loading=\"lazy\" decoding=\"async\" src=\"https:\/\/healing-memories.lu\/wp-content\/uploads\/2021\/06\/Projet-Afrique-1024x768.jpg\" alt=\"\" class=\"wp-image-2106\" width=\"421\" height=\"315\" srcset=\"https:\/\/healing-memories.lu\/wp-content\/uploads\/2021\/06\/Projet-Afrique-1024x768.jpg 1024w, https:\/\/healing-memories.lu\/wp-content\/uploads\/2021\/06\/Projet-Afrique-300x225.jpg 300w, https:\/\/healing-memories.lu\/wp-content\/uploads\/2021\/06\/Projet-Afrique-768x576.jpg 768w, https:\/\/healing-memories.lu\/wp-content\/uploads\/2021\/06\/Projet-Afrique-1536x1152.jpg 1536w, https:\/\/healing-memories.lu\/wp-content\/uploads\/2021\/06\/Projet-Afrique-2048x1536.jpg 2048w\" sizes=\"auto, (max-width: 421px) 100vw, 421px\" \/><figcaption>Cotonou (Benin), 2019: Healing of memories workshop, with participants from Ghana, Togo and Benin<\/figcaption><\/figure>\n<\/div>\n\n\n<p><em>Trainers<\/em><\/p>\n\n\n\n<p>The training will be given by Michael Lapsley, two or three co-workers from the Institute for Healing of Memories and two representatives of Healing of Memories Luxembourg, as well as specific contributions from local speakers in the case of the Cotonou sessions.<\/p>\n\n\n\n<p><strong>All contributions, however modest, towards making the training programme a reality and supporting this healing work in Africa, are very welcome!<\/strong><\/p>\n\n\n\n<div class=\"wp-block-buttons is-layout-flex wp-block-buttons-is-layout-flex\">\n<div class=\"wp-block-button\"><a class=\"wp-block-button__link\" href=\"https:\/\/healing-memories.lu\/?page_id=636&amp;lang=en\">To support the Africa project<\/a><\/div>\n<\/div>\n\n\n\n<div class=\"wp-block-file\"><a id=\"wp-block-file--media-45e5e939-f2d7-4227-abdb-e1829b24a1e0\" href=\"https:\/\/healing-memories.lu\/wp-content\/uploads\/2021\/06\/Doc-de-pre\u0301sentation_AfriqueFranco_EN-Copie.pdf\">Presentation of the project<\/a><a href=\"https:\/\/healing-memories.lu\/wp-content\/uploads\/2021\/06\/Doc-de-pre\u0301sentation_AfriqueFranco_EN-Copie.pdf\" class=\"wp-block-file__button\" download aria-describedby=\"wp-block-file--media-45e5e939-f2d7-4227-abdb-e1829b24a1e0\">T\u00e9l\u00e9charger<\/a><\/div>\n\n\n\n<hr class=\"wp-block-separator has-alpha-channel-opacity is-style-dots\"\/>\n\n\n\n<div class=\"wp-block-columns is-layout-flex wp-container-core-columns-is-layout-9d6595d7 wp-block-columns-is-layout-flex\">\n<div class=\"wp-block-column is-layout-flow wp-block-column-is-layout-flow\" style=\"flex-basis:100%\">\n<div class=\"wp-block-group alignwide\"><div class=\"wp-block-group__inner-container is-layout-flow wp-block-group-is-layout-flow\">\n<div class=\"wp-block-columns alignwide is-layout-flex wp-container-core-columns-is-layout-9d6595d7 wp-block-columns-is-layout-flex\">\n<div class=\"wp-block-column is-layout-flow wp-block-column-is-layout-flow\" style=\"flex-basis:43%\">\n<figure class=\"wp-block-image\"><img loading=\"lazy\" decoding=\"async\" width=\"542\" height=\"484\" src=\"https:\/\/healing-memories.lu\/wp-content\/uploads\/2021\/11\/Dakar-Ines.png\" alt=\"\" class=\"wp-image-3110\" srcset=\"https:\/\/healing-memories.lu\/wp-content\/uploads\/2021\/11\/Dakar-Ines.png 542w, https:\/\/healing-memories.lu\/wp-content\/uploads\/2021\/11\/Dakar-Ines-300x268.png 300w\" sizes=\"auto, (max-width: 542px) 100vw, 542px\" \/><\/figure>\n<\/div>\n\n\n\n<div class=\"wp-block-column is-layout-flow wp-block-column-is-layout-flow\" style=\"flex-basis:57%\">\n<p class=\"has-medium-font-size\"><strong><mark style=\"background-color:rgba(0, 0, 0, 0)\" class=\"has-inline-color has-primary-color\">October 2021 &#8212; <\/mark><mark style=\"background-color:rgba(0, 0, 0, 0)\" class=\"has-inline-color has-secondary-color\">Training programme kicks off<\/mark><\/strong><\/p>\n\n\n\n<p>The preliminary phase of the training was launched in October and November 2021 with a number of working sessions in West Africa.<\/p>\n\n\n\n<div class=\"wp-block-buttons is-layout-flex wp-block-buttons-is-layout-flex\">\n<div class=\"wp-block-button\"><a class=\"wp-block-button__link\" href=\"https:\/\/healing-memories.lu\/?page_id=3113&amp;lang=en\">read more &gt;&gt;<\/a><\/div>\n<\/div>\n<\/div>\n<\/div>\n<\/div><\/div>\n<\/div>\n<\/div>\n\n\n\n<hr class=\"wp-block-separator has-alpha-channel-opacity is-style-dots\"\/>\n\n\n\n<div class=\"wp-block-columns is-layout-flex wp-container-core-columns-is-layout-9d6595d7 wp-block-columns-is-layout-flex\">\n<div class=\"wp-block-column is-layout-flow wp-block-column-is-layout-flow\" style=\"flex-basis:100%\">\n<div class=\"wp-block-group alignwide\"><div class=\"wp-block-group__inner-container is-layout-flow wp-block-group-is-layout-flow\">\n<div class=\"wp-block-columns alignwide is-layout-flex wp-container-core-columns-is-layout-9d6595d7 wp-block-columns-is-layout-flex\">\n<div class=\"wp-block-column is-layout-flow wp-block-column-is-layout-flow\" style=\"flex-basis:65%\">\n<p class=\"has-medium-font-size\"><strong><mark style=\"background-color:rgba(0, 0, 0, 0)\" class=\"has-inline-color has-primary-color\">December 2021 &#8212; <\/mark><mark style=\"background-color:rgba(0, 0, 0, 0)\" class=\"has-inline-color has-secondary-color\">Preparations continue<\/mark><\/strong><\/p>\n\n\n\n<p>Healing of Memories Luxembourg\u2019s Africa Group is stepping up its preparatory work, in cooperation with the IHOM&#8230;<\/p>\n\n\n\n<div class=\"wp-block-buttons is-layout-flex wp-block-buttons-is-layout-flex\">\n<div class=\"wp-block-button\"><a class=\"wp-block-button__link\" href=\"https:\/\/healing-memories.lu\/?page_id=3162&amp;lang=en\">read more &gt;&gt;<\/a><\/div>\n<\/div>\n\n\n\n<p><\/p>\n<\/div>\n\n\n\n<div class=\"wp-block-column is-layout-flow wp-block-column-is-layout-flow\" style=\"flex-basis:35%\">\n<figure class=\"wp-block-image is-resized\"><img loading=\"lazy\" decoding=\"async\" src=\"https:\/\/healing-memories.lu\/wp-content\/uploads\/2021\/12\/Togo-pre-formation.png\" alt=\"\" class=\"wp-image-3147\" width=\"365\" height=\"343\" srcset=\"https:\/\/healing-memories.lu\/wp-content\/uploads\/2021\/12\/Togo-pre-formation.png 525w, https:\/\/healing-memories.lu\/wp-content\/uploads\/2021\/12\/Togo-pre-formation-300x282.png 300w\" sizes=\"auto, (max-width: 365px) 100vw, 365px\" \/><\/figure>\n<\/div>\n<\/div>\n<\/div><\/div>\n<\/div>\n<\/div>\n\n\n\n<hr class=\"wp-block-separator has-alpha-channel-opacity is-style-dots\"\/>\n\n\n\n<div class=\"wp-block-columns is-layout-flex wp-container-core-columns-is-layout-9d6595d7 wp-block-columns-is-layout-flex\">\n<div class=\"wp-block-column is-layout-flow wp-block-column-is-layout-flow\" style=\"flex-basis:100%\">\n<div class=\"wp-block-group alignwide\"><div class=\"wp-block-group__inner-container is-layout-flow wp-block-group-is-layout-flow\">\n<div class=\"wp-block-columns alignwide is-layout-flex wp-container-core-columns-is-layout-9d6595d7 wp-block-columns-is-layout-flex\">\n<div class=\"wp-block-column is-layout-flow wp-block-column-is-layout-flow\" style=\"flex-basis:50%\">\n<figure class=\"wp-block-image is-resized\"><img loading=\"lazy\" decoding=\"async\" src=\"https:\/\/healing-memories.lu\/wp-content\/uploads\/2022\/06\/ville-de-cotonou.jpg\" alt=\"\" class=\"wp-image-3475\" width=\"399\" height=\"299\" srcset=\"https:\/\/healing-memories.lu\/wp-content\/uploads\/2022\/06\/ville-de-cotonou.jpg 550w, https:\/\/healing-memories.lu\/wp-content\/uploads\/2022\/06\/ville-de-cotonou-300x225.jpg 300w\" sizes=\"auto, (max-width: 399px) 100vw, 399px\" \/><\/figure>\n<\/div>\n\n\n\n<div class=\"wp-block-column is-layout-flow wp-block-column-is-layout-flow\" style=\"flex-basis:50%\">\n<p class=\"has-medium-font-size\"><strong><mark style=\"background-color:rgba(0, 0, 0, 0)\" class=\"has-inline-color has-primary-color\">July 2022 &#8212; <\/mark><mark style=\"background-color:rgba(0, 0, 0, 0)\" class=\"has-inline-color has-secondary-color\">Training session &#8211; Cotonou<\/mark><\/strong><\/p>\n\n\n\n<p>In July 2022, \u00a0a training programme for facilitators of healing of memories workshops for French-speaking African countries will take place&#8230;<\/p>\n\n\n\n<div class=\"wp-block-buttons is-layout-flex wp-block-buttons-is-layout-flex\">\n<div class=\"wp-block-button\"><a class=\"wp-block-button__link\" href=\"https:\/\/healing-memories.lu\/?page_id=3786&amp;lang=en\">read more >><\/a><\/div>\n<\/div>\n<\/div>\n<\/div>\n<\/div><\/div>\n<\/div>\n<\/div>\n","protected":false},"excerpt":{"rendered":"<p>Healing the Wounds of the Past to build a lasting peace Promoting the healing of memories methodology in francophone Africa by training local facilitators In [&#8230;]<\/p>\n","protected":false},"author":1,"featured_media":0,"parent":0,"menu_order":0,"comment_status":"closed","ping_status":"closed","template":"","meta":{"footnotes":""},"folder":[],"class_list":["post-1212","page","type-page","status-publish","hentry"],"aioseo_notices":[],"_links":{"self":[{"href":"https:\/\/healing-memories.lu\/index.php?rest_route=\/wp\/v2\/pages\/1212","targetHints":{"allow":["GET"]}}],"collection":[{"href":"https:\/\/healing-memories.lu\/index.php?rest_route=\/wp\/v2\/pages"}],"about":[{"href":"https:\/\/healing-memories.lu\/index.php?rest_route=\/wp\/v2\/types\/page"}],"author":[{"embeddable":true,"href":"https:\/\/healing-memories.lu\/index.php?rest_route=\/wp\/v2\/users\/1"}],"replies":[{"embeddable":true,"href":"https:\/\/healing-memories.lu\/index.php?rest_route=%2Fwp%2Fv2%2Fcomments&post=1212"}],"version-history":[{"count":11,"href":"https:\/\/healing-memories.lu\/index.php?rest_route=\/wp\/v2\/pages\/1212\/revisions"}],"predecessor-version":[{"id":4106,"href":"https:\/\/healing-memories.lu\/index.php?rest_route=\/wp\/v2\/pages\/1212\/revisions\/4106"}],"wp:attachment":[{"href":"https:\/\/healing-memories.lu\/index.php?rest_route=%2Fwp%2Fv2%2Fmedia&parent=1212"}],"wp:term":[{"taxonomy":"folder","embeddable":true,"href":"https:\/\/healing-memories.lu\/index.php?rest_route=%2Fwp%2Fv2%2Ffolder&post=1212"}],"curies":[{"name":"wp","href":"https:\/\/api.w.org\/{rel}","templated":true}]}}

<p class="has-text-align-center has-secondary-color has-text-color has-medium-font-size"><strong>Healing the Wounds of the Past</strong> <strong>to build a lasting peace</strong></p>



<p class="has-text-align-center has-medium-font-size"><em>Promoting the healing of memories methodology in francophone Africa by training local facilitators</em></p>



<p>In July 2022, the South African <em><a href="https://healing-memories.org/" target="_blank" rel="noreferrer noopener">Institute for Healing of Memories</a> (IHOM)</em>, in cooperation with its sister organisation <em>Healing of Memories Luxembourg (HOM-L)</em>, will for the first time launch a <a href="https://healing-memories.lu/?p=1067&amp;lang=en">healing of memories</a> <a href="https://healing-memories.lu/?page_id=581&amp;lang=en">facilitator</a> training programme for French-speaking African countries.</p>



<figure class="wp-block-image size-large"><img loading="lazy" decoding="async" width="1024" height="821" src="https://healing-memories.lu/wp-content/uploads/2021/06/Projet-Afrique-1-1024x821.jpg" alt="" class="wp-image-2105" srcset="https://healing-memories.lu/wp-content/uploads/2021/06/Projet-Afrique-1-1024x821.jpg 1024w, https://healing-memories.lu/wp-content/uploads/2021/06/Projet-Afrique-1-300x241.jpg 300w, https://healing-memories.lu/wp-content/uploads/2021/06/Projet-Afrique-1-768x616.jpg 768w, https://healing-memories.lu/wp-content/uploads/2021/06/Projet-Afrique-1-1536x1232.jpg 1536w, https://healing-memories.lu/wp-content/uploads/2021/06/Projet-Afrique-1-2048x1642.jpg 2048w" sizes="auto, (max-width: 1024px) 100vw, 1024px" /><figcaption>Sègbohoué (Benin), 2019: Workshop for young people from Ségou (Mali)</figcaption></figure>



<p>This project draws its inspiration from the existing English-language training programme, which has been held in Cape Town on an annual basis since 2012. The main sessions of the francophone version, which will be held in Cotonou (Benin), will be supplemented by practical work on the ground in each the countries concerned. This new initiative will be launched thanks to the support of the <em><a href="https://www.partage.lu/fr/" target="_blank" rel="noreferrer noopener">Partage Luxembourg Foundation</a></em>, which plans to include it in the 2022‑26 Framework Agreement it will sign shortly with the Luxembourg Government.</p>



<p><strong>A theoretical and practical training programme</strong></p>



<p><em>Participants</em></p>



<p>The training programme, due to start in 2022, will be for partner organisations working on the ground and wishing to integrate healing of memories into their activities. Each partner organisation can apply for a few representatives to take part in the 10-day main training session, which will take place once every two years in Cotonou (Benin). This session will be followed by a practical training phase in their own country, including healing of memories workshops which they will be expected to organise for local target groups. Initially, the programme will be for trainees from six West African countries (Benin, Burkina Faso, Côte d’Ivoire, Mali and Senegal). Recruitment will then be extended to participants from a number of Central African countries. Trainees will undertake not only to attend the Cotonou sessions and take part in the practical phase back in their own country, but also to help build up a team of healing of memories facilitators in their region.</p>


<div class="wp-block-image">
<figure class="alignright size-large is-resized"><img loading="lazy" decoding="async" src="https://healing-memories.lu/wp-content/uploads/2021/06/Projet-Afrique-1024x768.jpg" alt="" class="wp-image-2106" width="421" height="315" srcset="https://healing-memories.lu/wp-content/uploads/2021/06/Projet-Afrique-1024x768.jpg 1024w, https://healing-memories.lu/wp-content/uploads/2021/06/Projet-Afrique-300x225.jpg 300w, https://healing-memories.lu/wp-content/uploads/2021/06/Projet-Afrique-768x576.jpg 768w, https://healing-memories.lu/wp-content/uploads/2021/06/Projet-Afrique-1536x1152.jpg 1536w, https://healing-memories.lu/wp-content/uploads/2021/06/Projet-Afrique-2048x1536.jpg 2048w" sizes="auto, (max-width: 421px) 100vw, 421px" /><figcaption>Cotonou (Benin), 2019: Healing of memories workshop, with participants from Ghana, Togo and Benin</figcaption></figure>
</div>


<p><em>Trainers</em></p>



<p>The training will be given by Michael Lapsley, two or three co-workers from the Institute for Healing of Memories and two representatives of Healing of Memories Luxembourg, as well as specific contributions from local speakers in the case of the Cotonou sessions.</p>



<p><strong>All contributions, however modest, towards making the training programme a reality and supporting this healing work in Africa, are very welcome!</strong></p>



<div class="wp-block-buttons is-layout-flex wp-block-buttons-is-layout-flex">
<div class="wp-block-button"><a class="wp-block-button__link" href="https://healing-memories.lu/?page_id=636&amp;lang=en">To support the Africa project</a></div>
</div>



<div class="wp-block-file"><a id="wp-block-file--media-45e5e939-f2d7-4227-abdb-e1829b24a1e0" href="https://healing-memories.lu/wp-content/uploads/2021/06/Doc-de-présentation_AfriqueFranco_EN-Copie.pdf">Presentation of the project</a><a href="https://healing-memories.lu/wp-content/uploads/2021/06/Doc-de-présentation_AfriqueFranco_EN-Copie.pdf" class="wp-block-file__button" download aria-describedby="wp-block-file--media-45e5e939-f2d7-4227-abdb-e1829b24a1e0">Télécharger</a></div>



<hr class="wp-block-separator has-alpha-channel-opacity is-style-dots"/>



<div class="wp-block-columns is-layout-flex wp-container-core-columns-is-layout-9d6595d7 wp-block-columns-is-layout-flex">
<div class="wp-block-column is-layout-flow wp-block-column-is-layout-flow" style="flex-basis:100%">
<div class="wp-block-group alignwide"><div class="wp-block-group__inner-container is-layout-flow wp-block-group-is-layout-flow">
<div class="wp-block-columns alignwide is-layout-flex wp-container-core-columns-is-layout-9d6595d7 wp-block-columns-is-layout-flex">
<div class="wp-block-column is-layout-flow wp-block-column-is-layout-flow" style="flex-basis:43%">
<figure class="wp-block-image"><img loading="lazy" decoding="async" width="542" height="484" src="https://healing-memories.lu/wp-content/uploads/2021/11/Dakar-Ines.png" alt="" class="wp-image-3110" srcset="https://healing-memories.lu/wp-content/uploads/2021/11/Dakar-Ines.png 542w, https://healing-memories.lu/wp-content/uploads/2021/11/Dakar-Ines-300x268.png 300w" sizes="auto, (max-width: 542px) 100vw, 542px" /></figure>
</div>



<div class="wp-block-column is-layout-flow wp-block-column-is-layout-flow" style="flex-basis:57%">
<p class="has-medium-font-size"><strong><mark style="background-color:rgba(0, 0, 0, 0)" class="has-inline-color has-primary-color">October 2021 &#8212; </mark><mark style="background-color:rgba(0, 0, 0, 0)" class="has-inline-color has-secondary-color">Training programme kicks off</mark></strong></p>



<p>The preliminary phase of the training was launched in October and November 2021 with a number of working sessions in West Africa.</p>



<div class="wp-block-buttons is-layout-flex wp-block-buttons-is-layout-flex">
<div class="wp-block-button"><a class="wp-block-button__link" href="https://healing-memories.lu/?page_id=3113&amp;lang=en">read more &gt;&gt;</a></div>
</div>
</div>
</div>
</div></div>
</div>
</div>



<hr class="wp-block-separator has-alpha-channel-opacity is-style-dots"/>



<div class="wp-block-columns is-layout-flex wp-container-core-columns-is-layout-9d6595d7 wp-block-columns-is-layout-flex">
<div class="wp-block-column is-layout-flow wp-block-column-is-layout-flow" style="flex-basis:100%">
<div class="wp-block-group alignwide"><div class="wp-block-group__inner-container is-layout-flow wp-block-group-is-layout-flow">
<div class="wp-block-columns alignwide is-layout-flex wp-container-core-columns-is-layout-9d6595d7 wp-block-columns-is-layout-flex">
<div class="wp-block-column is-layout-flow wp-block-column-is-layout-flow" style="flex-basis:65%">
<p class="has-medium-font-size"><strong><mark style="background-color:rgba(0, 0, 0, 0)" class="has-inline-color has-primary-color">December 2021 &#8212; </mark><mark style="background-color:rgba(0, 0, 0, 0)" class="has-inline-color has-secondary-color">Preparations continue</mark></strong></p>



<p>Healing of Memories Luxembourg’s Africa Group is stepping up its preparatory work, in cooperation with the IHOM&#8230;</p>



<div class="wp-block-buttons is-layout-flex wp-block-buttons-is-layout-flex">
<div class="wp-block-button"><a class="wp-block-button__link" href="https://healing-memories.lu/?page_id=3162&amp;lang=en">read more &gt;&gt;</a></div>
</div>



<p></p>
</div>



<div class="wp-block-column is-layout-flow wp-block-column-is-layout-flow" style="flex-basis:35%">
<figure class="wp-block-image is-resized"><img loading="lazy" decoding="async" src="https://healing-memories.lu/wp-content/uploads/2021/12/Togo-pre-formation.png" alt="" class="wp-image-3147" width="365" height="343" srcset="https://healing-memories.lu/wp-content/uploads/2021/12/Togo-pre-formation.png 525w, https://healing-memories.lu/wp-content/uploads/2021/12/Togo-pre-formation-300x282.png 300w" sizes="auto, (max-width: 365px) 100vw, 365px" /></figure>
</div>
</div>
</div></div>
</div>
</div>



<hr class="wp-block-separator has-alpha-channel-opacity is-style-dots"/>



<div class="wp-block-columns is-layout-flex wp-container-core-columns-is-layout-9d6595d7 wp-block-columns-is-layout-flex">
<div class="wp-block-column is-layout-flow wp-block-column-is-layout-flow" style="flex-basis:100%">
<div class="wp-block-group alignwide"><div class="wp-block-group__inner-container is-layout-flow wp-block-group-is-layout-flow">
<div class="wp-block-columns alignwide is-layout-flex wp-container-core-columns-is-layout-9d6595d7 wp-block-columns-is-layout-flex">
<div class="wp-block-column is-layout-flow wp-block-column-is-layout-flow" style="flex-basis:50%">
<figure class="wp-block-image is-resized"><img loading="lazy" decoding="async" src="https://healing-memories.lu/wp-content/uploads/2022/06/ville-de-cotonou.jpg" alt="" class="wp-image-3475" width="399" height="299" srcset="https://healing-memories.lu/wp-content/uploads/2022/06/ville-de-cotonou.jpg 550w, https://healing-memories.lu/wp-content/uploads/2022/06/ville-de-cotonou-300x225.jpg 300w" sizes="auto, (max-width: 399px) 100vw, 399px" /></figure>
</div>



<div class="wp-block-column is-layout-flow wp-block-column-is-layout-flow" style="flex-basis:50%">
<p class="has-medium-font-size"><strong><mark style="background-color:rgba(0, 0, 0, 0)" class="has-inline-color has-primary-color">July 2022 &#8212; </mark><mark style="background-color:rgba(0, 0, 0, 0)" class="has-inline-color has-secondary-color">Training session &#8211; Cotonou</mark></strong></p>



<p>In July 2022,  a training programme for facilitators of healing of memories workshops for French-speaking African countries will take place&#8230;</p>



<div class="wp-block-buttons is-layout-flex wp-block-buttons-is-layout-flex">
<div class="wp-block-button"><a class="wp-block-button__link" href="https://healing-memories.lu/?page_id=3786&amp;lang=en">read more >></a></div>
</div>
</div>
</div>
</div></div>
</div>
</div>
