{"id":1615,"date":"2021-05-19T13:39:12","date_gmt":"2021-05-19T12:39:12","guid":{"rendered":"https:\/\/healing-memories.lu\/?page_id=1615"},"modified":"2021-08-19T18:35:07","modified_gmt":"2021-08-19T17:35:07","slug":"pressemitteilungen","status":"publish","type":"page","link":"https:\/\/healing-memories.lu\/?page_id=1615&lang=de","title":{"rendered":"Pressemitteilungen"},"content":{"rendered":"\n<p class=\"has-secondary-color has-text-color has-medium-font-size\"><sub>Die Gro\u00dfherzogin gew\u00e4hrt uns ihre Schirmherrschaft 7\/6\/2021<\/sub><\/p>\n\n\n\n<figure class=\"wp-block-table is-style-stripes\"><table><tbody><tr><td><img decoding=\"async\" src=\"https:\/\/healing-memories.lu\/wp-content\/uploads\/2021\/07\/Grande-Duchesse-682x1024.jpg\" alt=\"L\u2019attribut alt de cette image est vide, son nom de fichier est Grande-Duchesse-682x1024.jpg.\" style=\"width: 220px;\"><\/td><td><sub>Wir sind erfreut und geehrt, mitteilen zu k\u00f6nnen, dass Ihre K\u00f6nigliche Hoheit, Gro\u00dfherzogin Maria Teresa, unserer Vereinigung <em>Healing of Memories Luxembourg <\/em>ihre Schirmherrschaft verliehen hat.<\/sub> <br><br><a href=\"https:\/\/healing-memories.lu\/wp-content\/uploads\/2021\/08\/Pressemitteilung-06.21.pdf\" target=\"_blank\" rel=\"noreferrer noopener\">Dokument lesen<\/a><br><br><\/td><\/tr><\/tbody><\/table><figcaption> Bild : Cour grand-ducale \/ Emanuele Scorcelletti <\/figcaption><\/figure>\n\n\n\n<p class=\"has-secondary-color has-text-color has-medium-font-size\">Pressemitteilung vom 3.12.2020: Healing of Memories Luxembourg \u2013 Gr\u00fcndung einer Vereinigung<\/p>\n\n\n\n<div class=\"wp-block-columns is-layout-flex wp-container-core-columns-is-layout-9d6595d7 wp-block-columns-is-layout-flex\">\n<div class=\"wp-block-column is-layout-flow wp-block-column-is-layout-flow\" style=\"flex-basis:100%\">\n<div class=\"wp-block-media-text alignwide is-stacked-on-mobile\" style=\"grid-template-columns:37% auto\"><figure class=\"wp-block-media-text__media\"><img decoding=\"async\" src=\"https:\/\/healing-memories.lu\/wp-content\/uploads\/2021\/03\/cropped-logo_hom_624x624.png\" alt=\"\" class=\"wp-image-1790 size-full\"\/><\/figure><div class=\"wp-block-media-text__content\">\n<p>Am 28. November 2020 wurde eine neue Vereinigung ins Leben gerufen, <em>Healing of Memories Luxembourg<\/em>, die als Vereinigung ohne Gewinnstreben (ASBL) die Nachfolge der innerhalb der Menschenrechtsvereinigung ACAT Luxemburg gegr\u00fcndeten Unterst\u00fctzergruppe \u201eHeilung von Erinnerungen Luxemburg\/Europa\u201c antritt. Das ist das Ergebnis einer Entwicklung, die vor zw\u00f6lf Jahren begann und von zahlreichen Aktivit\u00e4ten und richtungweisenden Zusammenk\u00fcnften gepr\u00e4gt war.<\/p>\n\n\n\n<div class=\"wp-block-buttons is-layout-flex wp-block-buttons-is-layout-flex\">\n<div class=\"wp-block-button\"><a class=\"wp-block-button__link\" href=\"https:\/\/healing-memories.lu\/wp-content\/uploads\/2021\/05\/COMMUNIQUE%CC%81_HOM_Lux_EN.pdf\">Vollst\u00e4ndige Fassung (eng.)<\/a><\/div>\n<\/div>\n\n\n\n<div class=\"wp-block-buttons is-layout-flex wp-block-buttons-is-layout-flex\">\n<div class=\"wp-block-button\"><a class=\"wp-block-button__link\" href=\"https:\/\/healing-memories.lu\/wp-content\/uploads\/2021\/05\/COMMUNIQUE%CC%81_HOM_Lux_FR.pdf\">Vollst\u00e4ndige Fassung (frz.)<\/a><\/div>\n<\/div>\n<\/div><\/div>\n<\/div>\n<\/div>\n","protected":false},"excerpt":{"rendered":"<p>Die Gro\u00dfherzogin gew\u00e4hrt uns ihre Schirmherrschaft 7\/6\/2021 Wir sind erfreut und geehrt, mitteilen zu k\u00f6nnen, dass Ihre K\u00f6nigliche Hoheit, Gro\u00dfherzogin Maria Teresa, unserer Vereinigung Healing [&#8230;]<\/p>\n","protected":false},"author":1,"featured_media":0,"parent":0,"menu_order":0,"comment_status":"closed","ping_status":"closed","template":"","meta":{"footnotes":""},"folder":[],"class_list":["post-1615","page","type-page","status-publish","hentry"],"aioseo_notices":[],"_links":{"self":[{"href":"https:\/\/healing-memories.lu\/index.php?rest_route=\/wp\/v2\/pages\/1615","targetHints":{"allow":["GET"]}}],"collection":[{"href":"https:\/\/healing-memories.lu\/index.php?rest_route=\/wp\/v2\/pages"}],"about":[{"href":"https:\/\/healing-memories.lu\/index.php?rest_route=\/wp\/v2\/types\/page"}],"author":[{"embeddable":true,"href":"https:\/\/healing-memories.lu\/index.php?rest_route=\/wp\/v2\/users\/1"}],"replies":[{"embeddable":true,"href":"https:\/\/healing-memories.lu\/index.php?rest_route=%2Fwp%2Fv2%2Fcomments&post=1615"}],"version-history":[{"count":3,"href":"https:\/\/healing-memories.lu\/index.php?rest_route=\/wp\/v2\/pages\/1615\/revisions"}],"predecessor-version":[{"id":2816,"href":"https:\/\/healing-memories.lu\/index.php?rest_route=\/wp\/v2\/pages\/1615\/revisions\/2816"}],"wp:attachment":[{"href":"https:\/\/healing-memories.lu\/index.php?rest_route=%2Fwp%2Fv2%2Fmedia&parent=1615"}],"wp:term":[{"taxonomy":"folder","embeddable":true,"href":"https:\/\/healing-memories.lu\/index.php?rest_route=%2Fwp%2Fv2%2Ffolder&post=1615"}],"curies":[{"name":"wp","href":"https:\/\/api.w.org\/{rel}","templated":true}]}}