{"id":315,"date":"2021-04-12T12:44:49","date_gmt":"2021-04-12T11:44:49","guid":{"rendered":"https:\/\/healing-memories.lu\/?page_id=315"},"modified":"2021-07-15T11:09:57","modified_gmt":"2021-07-15T10:09:57","slug":"qui-sommes-nous","status":"publish","type":"page","link":"https:\/\/healing-memories.lu\/?page_id=315","title":{"rendered":"Qui sommes-nous ?"},"content":{"rendered":"\n<p>Notre groupe de <strong>gu\u00e9rison des m\u00e9moires<\/strong> a pour objet de promouvoir la m\u00e9thode et le travail de l\u2019<em><a data-type=\"URL\" data-id=\"https:\/\/healing-memories.org\/\" href=\"https:\/\/healing-memories.org\/\" target=\"_blank\" rel=\"noreferrer noopener\">Institute for Healing of Memories<\/a><\/em> (Afrique du Sud), fond\u00e9 en 1998 par <a href=\"https:\/\/healing-memories.lu\/?page_id=909\">Michael Lapsley<\/a>.<\/p>\n\n\n\n<p>Il<strong> <\/strong>est n\u00e9 d\u2019une rencontre et d\u2019une amiti\u00e9. En 2008, quelques-uns d\u2019entre nous, au nom de plusieurs associations, invitions Michael Lapsley au Luxembourg \u00e0 l\u2019occasion du 60e anniversaire de la D\u00e9claration universelle des droits de l\u2019homme. Sa visite nous a fait d\u00e9couvrir la d\u00e9marche de la gu\u00e9rison des m\u00e9moires, qui s\u2019adresse \u00e0 toute personne qui porte en elle des souvenirs douloureux. Michael <strong>Lapsley<\/strong> est revenu chaque ann\u00e9e et nous avons chemin\u00e9 avec lui, faisant conna\u00eetre cette d\u00e9marche au Luxembourg et dans les pays voisins et offrant des occasions de la pratiquer.<\/p>\n\n\n\n<div style=\"height:20px\" aria-hidden=\"true\" class=\"wp-block-spacer\"><\/div>\n\n\n\n<div class=\"wp-block-group\"><div class=\"wp-block-group__inner-container is-layout-flow wp-block-group-is-layout-flow\">\n<div class=\"wp-block-columns is-layout-flex wp-container-core-columns-is-layout-9d6595d7 wp-block-columns-is-layout-flex\">\n<div class=\"wp-block-column is-layout-flow wp-block-column-is-layout-flow\" style=\"flex-basis:100%\">\n<div class=\"wp-block-media-text alignwide is-stacked-on-mobile\" style=\"grid-template-columns:52% auto\"><figure class=\"wp-block-media-text__media\"><img loading=\"lazy\" decoding=\"async\" width=\"1024\" height=\"768\" src=\"https:\/\/healing-memories.lu\/wp-content\/uploads\/2021\/05\/2008.11.conf_.ML_.60ansDUDH-2-1.jpg\" alt=\"\" class=\"wp-image-1285 size-full\" srcset=\"https:\/\/healing-memories.lu\/wp-content\/uploads\/2021\/05\/2008.11.conf_.ML_.60ansDUDH-2-1.jpg 1024w, https:\/\/healing-memories.lu\/wp-content\/uploads\/2021\/05\/2008.11.conf_.ML_.60ansDUDH-2-1-300x225.jpg 300w, https:\/\/healing-memories.lu\/wp-content\/uploads\/2021\/05\/2008.11.conf_.ML_.60ansDUDH-2-1-768x576.jpg 768w, https:\/\/healing-memories.lu\/wp-content\/uploads\/2021\/05\/2008.11.conf_.ML_.60ansDUDH-2-1-700x0.jpg 700w, https:\/\/healing-memories.lu\/wp-content\/uploads\/2021\/05\/2008.11.conf_.ML_.60ansDUDH-2-1-620x0.jpg 620w, https:\/\/healing-memories.lu\/wp-content\/uploads\/2021\/05\/2008.11.conf_.ML_.60ansDUDH-2-1-400x0.jpg 400w\" sizes=\"auto, (max-width: 1024px) 100vw, 1024px\" \/><\/figure><div class=\"wp-block-media-text__content\">\n<p style=\"font-size:26px\"><strong><span class=\"has-inline-color has-secondary-color\">Notre histoire<\/span><\/strong><\/p>\n\n\n\n<p>Le 28 novembre 2020, le groupe de soutien Gu\u00e9rison des M\u00e9moires Luxembourg\/Europe, cr\u00e9\u00e9 au sein de l\u2019ACAT-Luxembourg,&nbsp;<a href=\"https:\/\/healing-memories.lu\/?page_id=787\">devient une association ind\u00e9pendante<\/a>.<\/p>\n\n\n\n<div class=\"wp-block-buttons is-layout-flex wp-block-buttons-is-layout-flex\">\n<div class=\"wp-block-button\"><a class=\"wp-block-button__link\" href=\"https:\/\/healing-memories.lu\/?page_id=698\">lire la suite &gt;&gt;<\/a><\/div>\n<\/div>\n<\/div><\/div>\n\n\n\n<div style=\"height:20px\" aria-hidden=\"true\" class=\"wp-block-spacer\"><\/div>\n\n\n\n<p><\/p>\n<\/div>\n<\/div>\n<\/div><\/div>\n\n\n\n<div style=\"height:20px\" aria-hidden=\"true\" class=\"wp-block-spacer\"><\/div>\n\n\n\n<div class=\"wp-block-columns is-layout-flex wp-container-core-columns-is-layout-9d6595d7 wp-block-columns-is-layout-flex\">\n<div class=\"wp-block-column is-layout-flow wp-block-column-is-layout-flow\" style=\"flex-basis:100%\">\n<div class=\"wp-block-media-text alignwide has-media-on-the-right is-stacked-on-mobile is-vertically-aligned-top\" style=\"grid-template-columns:auto 49%\"><figure class=\"wp-block-media-text__media\"><img loading=\"lazy\" decoding=\"async\" width=\"433\" height=\"434\" src=\"https:\/\/healing-memories.lu\/wp-content\/uploads\/2021\/05\/Michael_Lapsley_10.12.2019_Lux-edited.jpg\" alt=\"\" class=\"wp-image-1412 size-full\" srcset=\"https:\/\/healing-memories.lu\/wp-content\/uploads\/2021\/05\/Michael_Lapsley_10.12.2019_Lux-edited.jpg 433w, https:\/\/healing-memories.lu\/wp-content\/uploads\/2021\/05\/Michael_Lapsley_10.12.2019_Lux-edited-300x300.jpg 300w, https:\/\/healing-memories.lu\/wp-content\/uploads\/2021\/05\/Michael_Lapsley_10.12.2019_Lux-edited-150x150.jpg 150w, https:\/\/healing-memories.lu\/wp-content\/uploads\/2021\/05\/Michael_Lapsley_10.12.2019_Lux-edited-400x400.jpg 400w, https:\/\/healing-memories.lu\/wp-content\/uploads\/2021\/05\/Michael_Lapsley_10.12.2019_Lux-edited-110x110.jpg 110w\" sizes=\"auto, (max-width: 433px) 100vw, 433px\" \/><\/figure><div class=\"wp-block-media-text__content\">\n<p class=\"has-text-align-left has-secondary-color has-text-color\" style=\"font-size:25px\"><strong>Michael Lapsley<\/strong><\/p>\n\n\n\n<p>Engag\u00e9 contre l\u2019injustice de l\u2019apartheid en Afrique du Sud, ce pr\u00eatre anglican est victime en 1990 d\u2019un colis pi\u00e9g\u00e9, qui lui arrache les deux mains. <\/p>\n\n\n\n<div class=\"wp-block-buttons is-layout-flex wp-block-buttons-is-layout-flex\">\n<div class=\"wp-block-button\"><a class=\"wp-block-button__link\" href=\"https:\/\/healing-memories.lu\/?page_id=909\">lire la suite &gt;&gt;<\/a><\/div>\n<\/div>\n<\/div><\/div>\n\n\n\n<p><\/p>\n<\/div>\n<\/div>\n\n\n\n<div style=\"height:40px\" aria-hidden=\"true\" class=\"wp-block-spacer\"><\/div>\n\n\n\n<div class=\"wp-block-columns is-layout-flex wp-container-core-columns-is-layout-9d6595d7 wp-block-columns-is-layout-flex\">\n<div class=\"wp-block-column is-layout-flow wp-block-column-is-layout-flow\" style=\"flex-basis:100%\">\n<div class=\"wp-block-media-text alignwide is-stacked-on-mobile\" style=\"grid-template-columns:25% auto\"><figure class=\"wp-block-media-text__media\"><img loading=\"lazy\" decoding=\"async\" width=\"682\" height=\"1024\" src=\"https:\/\/healing-memories.lu\/wp-content\/uploads\/2021\/07\/Grande-Duchesse-682x1024.jpg\" alt=\"\" class=\"wp-image-2480 size-full\" srcset=\"https:\/\/healing-memories.lu\/wp-content\/uploads\/2021\/07\/Grande-Duchesse-682x1024.jpg 682w, https:\/\/healing-memories.lu\/wp-content\/uploads\/2021\/07\/Grande-Duchesse-200x300.jpg 200w, https:\/\/healing-memories.lu\/wp-content\/uploads\/2021\/07\/Grande-Duchesse-768x1153.jpg 768w, https:\/\/healing-memories.lu\/wp-content\/uploads\/2021\/07\/Grande-Duchesse-1023x1536.jpg 1023w, https:\/\/healing-memories.lu\/wp-content\/uploads\/2021\/07\/Grande-Duchesse.jpg 1154w\" sizes=\"auto, (max-width: 682px) 100vw, 682px\" \/><\/figure><div class=\"wp-block-media-text__content\">\n<p class=\"has-medium-font-size\"><strong><span class=\"has-inline-color has-secondary-color\">Haut Patronage<\/span><\/strong><\/p>\n\n\n\n<p><em>Healing of Memories Luxembourg<\/em>&nbsp;jouit du Haut Patronage de Son Altesse Royale la Grande- Duchesse Maria Teresa.<\/p>\n\n\n\n<p><\/p>\n\n\n\n<div class=\"wp-block-buttons is-layout-flex wp-block-buttons-is-layout-flex\">\n<div class=\"wp-block-button\"><a class=\"wp-block-button__link\" href=\"https:\/\/healing-memories.lu\/?page_id=2479\">lire la suite &gt;&gt;<\/a><\/div>\n<\/div>\n\n\n\n<p class=\"has-text-align-right has-small-font-size\"><span class=\"has-inline-color has-tertiary-color\">Photo: Cour grand-ducale \/ Emanuele Scorcelletti<\/span><\/p>\n<\/div><\/div>\n<\/div>\n<\/div>\n\n\n\n<div class=\"wp-block-columns is-layout-flex wp-container-core-columns-is-layout-9d6595d7 wp-block-columns-is-layout-flex\">\n<div class=\"wp-block-column is-layout-flow wp-block-column-is-layout-flow\" style=\"flex-basis:100%\">\n<div style=\"height:21px\" aria-hidden=\"true\" class=\"wp-block-spacer\"><\/div>\n\n\n\n<div class=\"wp-block-media-text alignwide has-media-on-the-right is-stacked-on-mobile\" style=\"grid-template-columns:auto 44%\"><figure class=\"wp-block-media-text__media\"><img loading=\"lazy\" decoding=\"async\" width=\"612\" height=\"408\" src=\"https:\/\/healing-memories.lu\/wp-content\/uploads\/2021\/05\/Paix-mains.jpg\" alt=\"\" class=\"wp-image-1491 size-full\" srcset=\"https:\/\/healing-memories.lu\/wp-content\/uploads\/2021\/05\/Paix-mains.jpg 612w, https:\/\/healing-memories.lu\/wp-content\/uploads\/2021\/05\/Paix-mains-300x200.jpg 300w\" sizes=\"auto, (max-width: 612px) 100vw, 612px\" \/><\/figure><div class=\"wp-block-media-text__content\">\n<p class=\"has-medium-font-size\"><strong><span class=\"has-inline-color has-secondary-color\">Mission<\/span><\/strong><\/p>\n\n\n\n<p>Healing of Memories Luxembourg, \u00e0 l\u2019instar de l\u2019<a rel=\"noreferrer noopener\" href=\"https:\/\/healing-memories.org\/\" target=\"_blank\">IHOM<\/a>, se donne pour mission d\u2019accompagner toute personne qui porte les blessures physiques, psychiques, \u00e9motionnelles, d\u2019un pass\u00e9 douloureux sur la voie de la gu\u00e9rison et de l\u2019int\u00e9grit\u00e9 retrouv\u00e9e.<\/p>\n\n\n\n<div class=\"wp-block-buttons is-layout-flex wp-block-buttons-is-layout-flex\">\n<div class=\"wp-block-button\"><a class=\"wp-block-button__link\" href=\"https:\/\/healing-memories.lu\/?page_id=361\">lire la suite &gt;&gt;<\/a><\/div>\n<\/div>\n<\/div><\/div>\n<\/div>\n<\/div>\n\n\n\n<div style=\"height:36px\" aria-hidden=\"true\" class=\"wp-block-spacer\"><\/div>\n\n\n\n<div class=\"wp-block-columns is-layout-flex wp-container-core-columns-is-layout-9d6595d7 wp-block-columns-is-layout-flex\">\n<div class=\"wp-block-column is-layout-flow wp-block-column-is-layout-flow\" style=\"flex-basis:100%\">\n<div class=\"wp-block-media-text alignwide is-stacked-on-mobile\" style=\"grid-template-columns:45% auto\"><figure class=\"wp-block-media-text__media\"><img loading=\"lazy\" decoding=\"async\" width=\"966\" height=\"659\" src=\"https:\/\/healing-memories.lu\/wp-content\/uploads\/2021\/06\/Image1.png\" alt=\"\" class=\"wp-image-2151 size-full\" srcset=\"https:\/\/healing-memories.lu\/wp-content\/uploads\/2021\/06\/Image1.png 966w, https:\/\/healing-memories.lu\/wp-content\/uploads\/2021\/06\/Image1-300x205.png 300w, https:\/\/healing-memories.lu\/wp-content\/uploads\/2021\/06\/Image1-768x524.png 768w\" sizes=\"auto, (max-width: 966px) 100vw, 966px\" \/><\/figure><div class=\"wp-block-media-text__content\">\n<p class=\"has-medium-font-size\"><strong><span class=\"has-inline-color has-secondary-color\">Conseil d&rsquo;administration<\/span><\/strong><\/p>\n\n\n\n<p>Depuis l\u2019Assembl\u00e9e g\u00e9n\u00e9rale constitutive du 28 novembre 2020&#8230; <\/p>\n\n\n\n<div class=\"wp-block-buttons is-layout-flex wp-block-buttons-is-layout-flex\">\n<div class=\"wp-block-button\"><a class=\"wp-block-button__link\" href=\"https:\/\/healing-memories.lu\/?page_id=359\">lire la suite &gt;&gt;<\/a><\/div>\n<\/div>\n\n\n\n<p><\/p>\n<\/div><\/div>\n<\/div>\n<\/div>\n\n\n\n<div style=\"height:20px\" aria-hidden=\"true\" class=\"wp-block-spacer\"><\/div>\n\n\n\n<div class=\"wp-block-columns is-layout-flex wp-container-core-columns-is-layout-9d6595d7 wp-block-columns-is-layout-flex\">\n<div class=\"wp-block-column is-layout-flow wp-block-column-is-layout-flow\" style=\"flex-basis:100%\">\n<div class=\"wp-block-media-text alignwide has-media-on-the-right is-stacked-on-mobile\"><figure class=\"wp-block-media-text__media\"><img loading=\"lazy\" decoding=\"async\" width=\"605\" height=\"352\" src=\"https:\/\/healing-memories.lu\/wp-content\/uploads\/2021\/05\/Atelier-2-1.png\" alt=\"\" class=\"wp-image-1447 size-full\" srcset=\"https:\/\/healing-memories.lu\/wp-content\/uploads\/2021\/05\/Atelier-2-1.png 605w, https:\/\/healing-memories.lu\/wp-content\/uploads\/2021\/05\/Atelier-2-1-300x175.png 300w\" sizes=\"auto, (max-width: 605px) 100vw, 605px\" \/><\/figure><div class=\"wp-block-media-text__content\">\n<p class=\"has-text-align-left has-medium-font-size\"><strong><span class=\"has-inline-color has-secondary-color\">Equipe de facilitateurs<\/span><\/strong><\/p>\n\n\n\n<p>Au sein de notre association, une vingtaine de b\u00e9n\u00e9voles exercent le r\u00f4le de \u00ab\u00a0facilitateurs\u00a0\u00bb d&rsquo;ateliers ou se forment \u00e0 assumer ce r\u00f4le.<\/p>\n\n\n\n<div class=\"wp-block-buttons is-layout-flex wp-block-buttons-is-layout-flex\">\n<div class=\"wp-block-button\"><a class=\"wp-block-button__link\" href=\"https:\/\/healing-memories.lu\/?page_id=368\">lire la suite &gt;&gt;<\/a><\/div>\n<\/div>\n\n\n\n<p><\/p>\n<\/div><\/div>\n<\/div>\n<\/div>\n\n\n\n<div style=\"height:20px\" aria-hidden=\"true\" class=\"wp-block-spacer\"><\/div>\n\n\n\n<div class=\"wp-block-columns is-layout-flex wp-container-core-columns-is-layout-9d6595d7 wp-block-columns-is-layout-flex\">\n<div class=\"wp-block-column is-layout-flow wp-block-column-is-layout-flow\" style=\"flex-basis:100%\"><\/div>\n<\/div>\n\n\n\n<p><\/p>\n","protected":false},"excerpt":{"rendered":"<p>Notre groupe de gu\u00e9rison des m\u00e9moires a pour objet de promouvoir la m\u00e9thode et le travail de l\u2019Institute for Healing of Memories (Afrique du Sud), [&#8230;]<\/p>\n","protected":false},"author":1,"featured_media":0,"parent":0,"menu_order":0,"comment_status":"closed","ping_status":"closed","template":"templates\/template-no-title.php","meta":{"footnotes":""},"folder":[],"class_list":["post-315","page","type-page","status-publish","hentry"],"aioseo_notices":[],"_links":{"self":[{"href":"https:\/\/healing-memories.lu\/index.php?rest_route=\/wp\/v2\/pages\/315","targetHints":{"allow":["GET"]}}],"collection":[{"href":"https:\/\/healing-memories.lu\/index.php?rest_route=\/wp\/v2\/pages"}],"about":[{"href":"https:\/\/healing-memories.lu\/index.php?rest_route=\/wp\/v2\/types\/page"}],"author":[{"embeddable":true,"href":"https:\/\/healing-memories.lu\/index.php?rest_route=\/wp\/v2\/users\/1"}],"replies":[{"embeddable":true,"href":"https:\/\/healing-memories.lu\/index.php?rest_route=%2Fwp%2Fv2%2Fcomments&post=315"}],"version-history":[{"count":38,"href":"https:\/\/healing-memories.lu\/index.php?rest_route=\/wp\/v2\/pages\/315\/revisions"}],"predecessor-version":[{"id":4224,"href":"https:\/\/healing-memories.lu\/index.php?rest_route=\/wp\/v2\/pages\/315\/revisions\/4224"}],"wp:attachment":[{"href":"https:\/\/healing-memories.lu\/index.php?rest_route=%2Fwp%2Fv2%2Fmedia&parent=315"}],"wp:term":[{"taxonomy":"folder","embeddable":true,"href":"https:\/\/healing-memories.lu\/index.php?rest_route=%2Fwp%2Fv2%2Ffolder&post=315"}],"curies":[{"name":"wp","href":"https:\/\/api.w.org\/{rel}","templated":true}]}}