{"id":322,"date":"2021-04-12T12:55:52","date_gmt":"2021-04-12T11:55:52","guid":{"rendered":"https:\/\/healing-memories.lu\/?page_id=322"},"modified":"2021-08-25T12:56:04","modified_gmt":"2021-08-25T11:56:04","slug":"prison","status":"publish","type":"page","link":"https:\/\/healing-memories.lu\/?page_id=322","title":{"rendered":"Projet prison"},"content":{"rendered":"\n<p>Depuis ses d\u00e9buts, le groupe&nbsp;\u201cgu\u00e9rison des m\u00e9moires\u201d de Luxembourg travaille en&nbsp;collaboration&nbsp;avec&nbsp;l\u2019\u00e9quipe d&rsquo;aum\u00f4nerie de la prison. Lors de ses visites au Grand-Duch\u00e9, Michael Lapsley s\u2019est rendu r\u00e9guli\u00e8rement au Centre&nbsp;p\u00e9nitentiaire pour y animer des veill\u00e9es et s\u2019entretenir avec les d\u00e9tenus. Avec l\u2019appui de l\u2019administration et des services de la prison, nous avons pu y organiser un premier atelier de gu\u00e9rison des m\u00e9moires, pour une quinzaine de d\u00e9tenus, en 2018. Suite au succ\u00e8s de cette initiative &#8212; reconnu par plusieurs unit\u00e9s de la prison, tels que les services psychiatrique et socio-\u00e9ducatif &#8212; une deuxi\u00e8me \u00e9dition a pu&nbsp;avoir lieu en 2019 et nous&nbsp;comptons pouvoir d\u00e9velopper ce projet dans les prochaines ann\u00e9es.<\/p>\n\n\n\n<div class=\"wp-block-image is-style-rounded\"><figure class=\"aligncenter size-large is-resized\"><img loading=\"lazy\" decoding=\"async\" src=\"https:\/\/healing-memories.lu\/wp-content\/uploads\/2021\/08\/Prison-1-953x1024.jpg\" alt=\"\" class=\"wp-image-2872\" width=\"500\" height=\"538\" srcset=\"https:\/\/healing-memories.lu\/wp-content\/uploads\/2021\/08\/Prison-1-953x1024.jpg 953w, https:\/\/healing-memories.lu\/wp-content\/uploads\/2021\/08\/Prison-1-279x300.jpg 279w, https:\/\/healing-memories.lu\/wp-content\/uploads\/2021\/08\/Prison-1-768x825.jpg 768w, https:\/\/healing-memories.lu\/wp-content\/uploads\/2021\/08\/Prison-1-1429x1536.jpg 1429w, https:\/\/healing-memories.lu\/wp-content\/uploads\/2021\/08\/Prison-1.jpg 1811w\" sizes=\"auto, (max-width: 500px) 100vw, 500px\" \/><\/figure><\/div>\n\n\n\n<p>Quels que soient les actes qu\u2019ils ont commis, les d\u00e9tenus portent&nbsp;souvent des blessures profondes de leur pass\u00e9 ancien ou plus r\u00e9cent. Des souvenirs d\u2019autant plus douloureux qu\u2019ils ne sont pas partag\u00e9s, qu\u2019ils&nbsp;restent enfouis dans les profondeurs de leur \u00eatre, alourdis par la solitude \u2026 Mais comment se lib\u00e9rer d\u2019un tel fardeau, comment \u00e9viter qu\u2019il se manifeste par de nouveaux actes&nbsp;violents ? L\u2019atelier de&nbsp;gu\u00e9rison des m\u00e9moires offre un espace de s\u00e9curit\u00e9 et de confiance o\u00f9 chacun peut revisiter son pass\u00e9, sans la crainte d\u2019\u00eatre jug\u00e9, et peu \u00e0 peu se remettre debout.<\/p>\n\n\n\n<hr class=\"wp-block-separator\"\/>\n\n\n\n<div class=\"wp-block-group\"><div class=\"wp-block-group__inner-container is-layout-flow wp-block-group-is-layout-flow\">\n<figure class=\"wp-block-video\"><video height=\"720\" style=\"aspect-ratio: 1280 \/ 720;\" width=\"1280\" controls poster=\"https:\/\/healing-memories.lu\/wp-content\/uploads\/2021\/05\/Cedric-2.png\" src=\"https:\/\/healing-memories.lu\/wp-content\/uploads\/2021\/05\/Temoignage-de-Cedric-Healing-of-Memories.mp4\"><\/video><\/figure>\n\n\n\n<p class=\"has-text-align-center\">T\u00e9moignage d&rsquo;un participant \u00e0 un atelier de gu\u00e9rison des m\u00e9moires en prison<\/p>\n<\/div><\/div>\n\n\n\n<p><\/p>\n","protected":false},"excerpt":{"rendered":"<p>Depuis ses d\u00e9buts, le groupe&nbsp;\u201cgu\u00e9rison des m\u00e9moires\u201d de Luxembourg travaille en&nbsp;collaboration&nbsp;avec&nbsp;l\u2019\u00e9quipe d&rsquo;aum\u00f4nerie de la prison. Lors de ses visites au Grand-Duch\u00e9, Michael Lapsley s\u2019est rendu [&#8230;]<\/p>\n","protected":false},"author":1,"featured_media":0,"parent":0,"menu_order":0,"comment_status":"closed","ping_status":"closed","template":"","meta":{"footnotes":""},"folder":[],"class_list":["post-322","page","type-page","status-publish","hentry"],"aioseo_notices":[],"_links":{"self":[{"href":"https:\/\/healing-memories.lu\/index.php?rest_route=\/wp\/v2\/pages\/322","targetHints":{"allow":["GET"]}}],"collection":[{"href":"https:\/\/healing-memories.lu\/index.php?rest_route=\/wp\/v2\/pages"}],"about":[{"href":"https:\/\/healing-memories.lu\/index.php?rest_route=\/wp\/v2\/types\/page"}],"author":[{"embeddable":true,"href":"https:\/\/healing-memories.lu\/index.php?rest_route=\/wp\/v2\/users\/1"}],"replies":[{"embeddable":true,"href":"https:\/\/healing-memories.lu\/index.php?rest_route=%2Fwp%2Fv2%2Fcomments&post=322"}],"version-history":[{"count":10,"href":"https:\/\/healing-memories.lu\/index.php?rest_route=\/wp\/v2\/pages\/322\/revisions"}],"predecessor-version":[{"id":4593,"href":"https:\/\/healing-memories.lu\/index.php?rest_route=\/wp\/v2\/pages\/322\/revisions\/4593"}],"wp:attachment":[{"href":"https:\/\/healing-memories.lu\/index.php?rest_route=%2Fwp%2Fv2%2Fmedia&parent=322"}],"wp:term":[{"taxonomy":"folder","embeddable":true,"href":"https:\/\/healing-memories.lu\/index.php?rest_route=%2Fwp%2Fv2%2Ffolder&post=322"}],"curies":[{"name":"wp","href":"https:\/\/api.w.org\/{rel}","templated":true}]}}