{"id":3453,"date":"2022-06-15T10:19:12","date_gmt":"2022-06-15T09:19:12","guid":{"rendered":"https:\/\/healing-memories.lu\/?page_id=3453"},"modified":"2024-06-07T09:09:16","modified_gmt":"2024-06-07T08:09:16","slug":"cotonou","status":"publish","type":"page","link":"https:\/\/healing-memories.lu\/?page_id=3453","title":{"rendered":"Session de formation &#8211; Cotonou 2022"},"content":{"rendered":"\n<div class=\"wp-block-group\"><div class=\"wp-block-group__inner-container is-layout-flow wp-block-group-is-layout-flow\">\n<p>En juillet 2022, le centre sud-africain Institute for Healing of Memories (IHOM), en collaboration avec son association s\u0153ur Healing of Memories Luxembourg (HOM-Luxembourg),<br>a lanc\u00e9 pour la premie\u0300re fois un programme de formation d\u2019animateurs (appel\u00e9s \u00ab facilitateurs \u00bb) d\u2019ateliers de gu\u00e9rison des m\u00e9moires pour les pays d\u2019Afrique francophone. <br>28 stagiaires de 7 pays diff\u00e9rents \u2013 B\u00e9nin, Burkina Faso, C\u00f4te d\u2019Ivoire, Mali, R\u00e9publique d\u00e9mocratique du Congo, S\u00e9n\u00e9gal et Togo \u2013 ont particip\u00e9 \u00e0 ce programme, dont le premier volet \u00e9tait une session de 10 jours se d\u00e9roulant \u00e0 Cotonou.<\/p>\n\n\n<div class=\"wp-block-image is-style-rounded\">\n<figure class=\"aligncenter is-resized\"><img loading=\"lazy\" decoding=\"async\" width=\"550\" height=\"413\" src=\"https:\/\/healing-memories.lu\/wp-content\/uploads\/2022\/06\/ville-de-cotonou.jpg\" alt=\"\" class=\"wp-image-3475\" style=\"width:374px;height:281px\" srcset=\"https:\/\/healing-memories.lu\/wp-content\/uploads\/2022\/06\/ville-de-cotonou.jpg 550w, https:\/\/healing-memories.lu\/wp-content\/uploads\/2022\/06\/ville-de-cotonou-300x225.jpg 300w\" sizes=\"auto, (max-width: 550px) 100vw, 550px\" \/><\/figure>\n<\/div><\/div><\/div>\n\n\n\n<p><a href=\"https:\/\/healing-memories.lu\/wp-content\/uploads\/2022\/06\/Cotonou-2022-Triptyque-promotionnel-FR.pdf\" target=\"_blank\" rel=\"noreferrer noopener\">Pour plus de d\u00e9tails<\/a><\/p>\n\n\n\n<hr class=\"wp-block-separator has-alpha-channel-opacity is-style-wide\"\/>\n\n\n\n<hr class=\"wp-block-separator has-alpha-channel-opacity\"\/>\n\n\n\n<div class=\"wp-block-media-text is-stacked-on-mobile\" style=\"grid-template-columns:25% auto\"><figure class=\"wp-block-media-text__media\"><img loading=\"lazy\" decoding=\"async\" width=\"506\" height=\"631\" src=\"https:\/\/healing-memories.lu\/wp-content\/uploads\/2022\/06\/Reflexion-Afrique.jpg\" alt=\"\" class=\"wp-image-3624 size-full\" srcset=\"https:\/\/healing-memories.lu\/wp-content\/uploads\/2022\/06\/Reflexion-Afrique.jpg 506w, https:\/\/healing-memories.lu\/wp-content\/uploads\/2022\/06\/Reflexion-Afrique-241x300.jpg 241w\" sizes=\"auto, (max-width: 506px) 100vw, 506px\" \/><\/figure><div class=\"wp-block-media-text__content\">\n<p class=\"has-primary-color has-text-color has-medium-font-size\"><strong><mark style=\"background-color:rgba(0, 0, 0, 0)\" class=\"has-inline-color has-secondary-color\">Travaux de r\u00e9flexion pr\u00e9alables<\/mark><\/strong><\/p>\n\n\n\n<p>De janvier \u00e0 fin juin 2022, les participants de chacun des 7 pays ont men\u00e9 des travaux de r\u00e9flexion sur le th\u00e8me des blessures collectives, sur base d&rsquo;un questionnaire.<\/p>\n\n\n\n<div class=\"wp-block-buttons is-layout-flex wp-block-buttons-is-layout-flex\">\n<div class=\"wp-block-button has-custom-width wp-block-button__width-50\"><a class=\"wp-block-button__link wp-element-button\" href=\"https:\/\/healing-memories.lu\/?page_id=3486\">lire la suite &gt;&gt;<\/a><\/div>\n<\/div>\n<\/div><\/div>\n","protected":false},"excerpt":{"rendered":"<p>En juillet 2022, le centre sud-africain Institute for Healing of Memories (IHOM), en collaboration avec son association s\u0153ur Healing of Memories Luxembourg (HOM-Luxembourg),a lanc\u00e9 pour [&#8230;]<\/p>\n","protected":false},"author":1,"featured_media":0,"parent":0,"menu_order":0,"comment_status":"closed","ping_status":"closed","template":"","meta":{"footnotes":""},"folder":[],"class_list":["post-3453","page","type-page","status-publish","hentry"],"aioseo_notices":[],"_links":{"self":[{"href":"https:\/\/healing-memories.lu\/index.php?rest_route=\/wp\/v2\/pages\/3453","targetHints":{"allow":["GET"]}}],"collection":[{"href":"https:\/\/healing-memories.lu\/index.php?rest_route=\/wp\/v2\/pages"}],"about":[{"href":"https:\/\/healing-memories.lu\/index.php?rest_route=\/wp\/v2\/types\/page"}],"author":[{"embeddable":true,"href":"https:\/\/healing-memories.lu\/index.php?rest_route=\/wp\/v2\/users\/1"}],"replies":[{"embeddable":true,"href":"https:\/\/healing-memories.lu\/index.php?rest_route=%2Fwp%2Fv2%2Fcomments&post=3453"}],"version-history":[{"count":21,"href":"https:\/\/healing-memories.lu\/index.php?rest_route=\/wp\/v2\/pages\/3453\/revisions"}],"predecessor-version":[{"id":5387,"href":"https:\/\/healing-memories.lu\/index.php?rest_route=\/wp\/v2\/pages\/3453\/revisions\/5387"}],"wp:attachment":[{"href":"https:\/\/healing-memories.lu\/index.php?rest_route=%2Fwp%2Fv2%2Fmedia&parent=3453"}],"wp:term":[{"taxonomy":"folder","embeddable":true,"href":"https:\/\/healing-memories.lu\/index.php?rest_route=%2Fwp%2Fv2%2Ffolder&post=3453"}],"curies":[{"name":"wp","href":"https:\/\/api.w.org\/{rel}","templated":true}]}}

<div class="wp-block-group"><div class="wp-block-group__inner-container is-layout-flow wp-block-group-is-layout-flow">
<p>En juillet 2022, le centre sud-africain Institute for Healing of Memories (IHOM), en collaboration avec son association sœur Healing of Memories Luxembourg (HOM-Luxembourg),<br>a lancé pour la première fois un programme de formation d’animateurs (appelés « facilitateurs ») d’ateliers de guérison des mémoires pour les pays d’Afrique francophone. <br>28 stagiaires de 7 pays différents – Bénin, Burkina Faso, Côte d’Ivoire, Mali, République démocratique du Congo, Sénégal et Togo – ont participé à ce programme, dont le premier volet était une session de 10 jours se déroulant à Cotonou.</p>


<div class="wp-block-image is-style-rounded">
<figure class="aligncenter is-resized"><img loading="lazy" decoding="async" width="550" height="413" src="https://healing-memories.lu/wp-content/uploads/2022/06/ville-de-cotonou.jpg" alt="" class="wp-image-3475" style="width:374px;height:281px" srcset="https://healing-memories.lu/wp-content/uploads/2022/06/ville-de-cotonou.jpg 550w, https://healing-memories.lu/wp-content/uploads/2022/06/ville-de-cotonou-300x225.jpg 300w" sizes="auto, (max-width: 550px) 100vw, 550px" /></figure>
</div></div></div>



<p><a href="https://healing-memories.lu/wp-content/uploads/2022/06/Cotonou-2022-Triptyque-promotionnel-FR.pdf" target="_blank" rel="noreferrer noopener">Pour plus de détails</a></p>



<hr class="wp-block-separator has-alpha-channel-opacity is-style-wide"/>



<hr class="wp-block-separator has-alpha-channel-opacity"/>



<div class="wp-block-media-text is-stacked-on-mobile" style="grid-template-columns:25% auto"><figure class="wp-block-media-text__media"><img loading="lazy" decoding="async" width="506" height="631" src="https://healing-memories.lu/wp-content/uploads/2022/06/Reflexion-Afrique.jpg" alt="" class="wp-image-3624 size-full" srcset="https://healing-memories.lu/wp-content/uploads/2022/06/Reflexion-Afrique.jpg 506w, https://healing-memories.lu/wp-content/uploads/2022/06/Reflexion-Afrique-241x300.jpg 241w" sizes="auto, (max-width: 506px) 100vw, 506px" /></figure><div class="wp-block-media-text__content">
<p class="has-primary-color has-text-color has-medium-font-size"><strong><mark style="background-color:rgba(0, 0, 0, 0)" class="has-inline-color has-secondary-color">Travaux de réflexion préalables</mark></strong></p>



<p>De janvier à fin juin 2022, les participants de chacun des 7 pays ont mené des travaux de réflexion sur le thème des blessures collectives, sur base d&rsquo;un questionnaire.</p>



<div class="wp-block-buttons is-layout-flex wp-block-buttons-is-layout-flex">
<div class="wp-block-button has-custom-width wp-block-button__width-50"><a class="wp-block-button__link wp-element-button" href="https://healing-memories.lu/?page_id=3486">lire la suite &gt;&gt;</a></div>
</div>
</div></div>

<p>En juillet 2022, le centre sud-africain Institute for Healing of Memories (IHOM), en collaboration avec son association sœur Healing of Memories Luxembourg (HOM-Luxembourg),a lancé pour [&#8230;]</p>
