{"id":3503,"date":"2022-06-15T19:14:01","date_gmt":"2022-06-15T18:14:01","guid":{"rendered":"https:\/\/healing-memories.lu\/?page_id=3503"},"modified":"2022-07-11T09:00:08","modified_gmt":"2022-07-11T08:00:08","slug":"reflexions-benin","status":"publish","type":"page","link":"https:\/\/healing-memories.lu\/?page_id=3503","title":{"rendered":"R\u00e9flexions des participants du B\u00e9nin"},"content":{"rendered":"\n<p>En r\u00e9ponse au\u00a0<a href=\"https:\/\/healing-memories.lu\/wp-content\/uploads\/2022\/06\/QUESTIONNAIRE.pdf\" target=\"_blank\" rel=\"noreferrer noopener\">questionnaire<\/a>\u00a0sur le th\u00e8me des blessures collectives, l\u2019\u00e9quipe des participants de Cotonou nous a envoy\u00e9 le t\u00e9moignage audio qu&rsquo;elle a recueilli du journaliste Megan Val\u00e8re SOSSOU, pr\u00e9sident de l&rsquo;association \u00ab\u00a0Save our Planet\u00a0\u00bb au B\u00e9nin. <br>L&rsquo;ensemble des participants de B\u00e9nin nous \u00e9galement fait parvenir les fruits de leurs r\u00e9flexions. Vous les trouverez dans un document en bas de page.<\/p>\n\n\n\n<p><a href=\"https:\/\/healing-memories.lu\/wp-content\/uploads\/2022\/06\/Benin-Sossou-1.m4a\" target=\"_blank\" rel=\"noreferrer noopener\">\u00c9coutez ce t\u00e9moignage sur les blessures collectives au B\u00e9nin<\/a><\/p>\n\n\n\n<div style=\"height:20px\" aria-hidden=\"true\" class=\"wp-block-spacer\"><\/div>\n\n\n\n<p class=\"has-medium-font-size\"><strong><mark style=\"background-color:rgba(0, 0, 0, 0)\" class=\"has-inline-color has-secondary-color\">Voici quelques \u00e9chos :<\/mark><\/strong><\/p>\n\n\n\n<div class=\"wp-block-columns is-layout-flex wp-container-core-columns-is-layout-9d6595d7 wp-block-columns-is-layout-flex\">\n<div class=\"wp-block-column is-layout-flow wp-block-column-is-layout-flow\" style=\"flex-basis:100%\">\n<div class=\"wp-block-group alignwide\"><div class=\"wp-block-group__inner-container is-layout-flow wp-block-group-is-layout-flow\">\n<div class=\"wp-block-group alignwide\"><div class=\"wp-block-group__inner-container is-layout-flow wp-block-group-is-layout-flow\">\n<div class=\"wp-block-columns alignwide is-layout-flex wp-container-core-columns-is-layout-9d6595d7 wp-block-columns-is-layout-flex\">\n<div class=\"wp-block-column is-layout-flow wp-block-column-is-layout-flow\" style=\"flex-basis:50%\">\n<p style=\"font-size:20px\"><em>\u00ab\u00a0En termes de blessures, le B\u00e9nin est divis\u00e9. La division constitue une blessure. Il y a \u00e9galement plusieurs autres blessures en termes de corruption, de d\u00e9tournement de fonds, de favoritisme,  de ran\u00e7onnement.\u00a0\u00bb<\/em><\/p>\n\n\n\n<p><em>\u00ab\u00a0Ce qui est \u00e0 la base de ces blessures; tout remonte \u00e0 la colonisation (&#8230;) le colon est arriv\u00e9 \u00e0 vraiment nous inculquer certaines id\u00e9ologies.\u00a0\u00bb<\/em><\/p>\n<\/div>\n\n\n\n<div class=\"wp-block-column is-layout-flow wp-block-column-is-layout-flow\" style=\"flex-basis:50%\"><div class=\"wp-block-image\">\n<figure class=\"aligncenter is-resized\"><img loading=\"lazy\" decoding=\"async\" src=\"https:\/\/healing-memories.lu\/wp-content\/uploads\/2022\/06\/Benin-Photo-Sossou-1.jpg\" alt=\"\" class=\"wp-image-3585\" width=\"254\" height=\"251\" srcset=\"https:\/\/healing-memories.lu\/wp-content\/uploads\/2022\/06\/Benin-Photo-Sossou-1.jpg 661w, https:\/\/healing-memories.lu\/wp-content\/uploads\/2022\/06\/Benin-Photo-Sossou-1-300x297.jpg 300w, https:\/\/healing-memories.lu\/wp-content\/uploads\/2022\/06\/Benin-Photo-Sossou-1-110x110.jpg 110w\" sizes=\"auto, (max-width: 254px) 100vw, 254px\" \/><figcaption>Megan Val\u00e8re SOSSOU<\/figcaption><\/figure>\n<\/div><\/div>\n<\/div>\n<\/div><\/div>\n<\/div><\/div>\n<\/div>\n<\/div>\n\n\n\n<p style=\"font-size:20px\"><em>\u00ab\u00a0On ne peut pas parler du r\u00e9gionalisme par exemple, alors que \u00e7a existe ! On doit pouvoir attaquer ce ph\u00e9nom\u00e8ne-l\u00e0, parler ouvertement aux gens sur ce ph\u00e9nom\u00e8ne. Dire la v\u00e9rit\u00e9.\u00a0\u00bb<\/em><\/p>\n\n\n\n<p style=\"font-size:20px\"><em>\u00ab\u00a0La population rurale et urbaine re\u00e7oie les actions des autres. Et les autres, c&rsquo;est eux&#8230;ce sont les politiciens, les autorit\u00e9s politico-administratives. Tous ceux qui ont vraiment un niveau de responsabilit\u00e9 dans le pays, sont eux.\u00a0\u00bb<\/em><\/p>\n\n\n\n<hr class=\"wp-block-separator has-alpha-channel-opacity is-style-dots\"\/>\n\n\n\n<p><strong><mark style=\"background-color:rgba(0, 0, 0, 0)\" class=\"has-inline-color has-secondary-color\">Exemples de divisions historiques relev\u00e9es par SOSSOU <\/mark><\/strong><\/p>\n\n\n\n<p>\u2013 L&rsquo;instabilil\u00e9 politique au sommet de l&rsquo;Etat (Coups d&rsquo;Etat apr\u00e8s l&rsquo;ind\u00e9pendance du B\u00e9nin 1960-1990)<\/p>\n\n\n\n<p>\u2013 Les divisions historiques not\u00e9es entre les groupes ethniques Mahi et Nago<\/p>\n\n\n\n<p><br>\u2013 Les divisions historiques entre les groupes ethniques Fon et Yoruba-Nago<\/p>\n\n\n\n<p>\u2013&nbsp; Les rivalit\u00e9s ethno-r\u00e9gionalistes entre les anciens pr\u00e9sidents Hubert Maga, Sourou Migan Apithy et Justin Ahomadegbe qui repr\u00e9sentaient respectivement le Nord, le Sud et le Centre.<\/p>\n\n\n\n<div class=\"wp-block-file\"><a id=\"wp-block-file--media-9c2c524f-1db7-4200-b052-79424eb9e865\" href=\"https:\/\/healing-memories.lu\/wp-content\/uploads\/2022\/07\/Reflexion-Benin.pdf\" target=\"_blank\" rel=\"noreferrer noopener\">R\u00e9flexion des participants du B\u00e9nin<\/a><a href=\"https:\/\/healing-memories.lu\/wp-content\/uploads\/2022\/07\/Reflexion-Benin.pdf\" class=\"wp-block-file__button\" download aria-describedby=\"wp-block-file--media-9c2c524f-1db7-4200-b052-79424eb9e865\">T\u00e9l\u00e9charger<\/a><\/div>\n\n\n\n<div class=\"wp-block-file\"><a id=\"wp-block-file--media-5580f66b-5d07-4669-9606-049089a2b9a6\" href=\"https:\/\/healing-memories.lu\/wp-content\/uploads\/2022\/07\/Me\u0301moires-historiques.pdf\" target=\"_blank\" rel=\"noreferrer noopener\">Me\u0301moires historiques<\/a><a href=\"https:\/\/healing-memories.lu\/wp-content\/uploads\/2022\/07\/Me\u0301moires-historiques.pdf\" class=\"wp-block-file__button\" download aria-describedby=\"wp-block-file--media-5580f66b-5d07-4669-9606-049089a2b9a6\">T\u00e9l\u00e9charger<\/a><\/div>\n","protected":false},"excerpt":{"rendered":"<p>En r\u00e9ponse au\u00a0questionnaire\u00a0sur le th\u00e8me des blessures collectives, l\u2019\u00e9quipe des participants de Cotonou nous a envoy\u00e9 le t\u00e9moignage audio qu&rsquo;elle a recueilli du journaliste Megan [&#8230;]<\/p>\n","protected":false},"author":1,"featured_media":0,"parent":0,"menu_order":0,"comment_status":"closed","ping_status":"closed","template":"","meta":{"footnotes":""},"folder":[],"class_list":["post-3503","page","type-page","status-publish","hentry"],"aioseo_notices":[],"_links":{"self":[{"href":"https:\/\/healing-memories.lu\/index.php?rest_route=\/wp\/v2\/pages\/3503","targetHints":{"allow":["GET"]}}],"collection":[{"href":"https:\/\/healing-memories.lu\/index.php?rest_route=\/wp\/v2\/pages"}],"about":[{"href":"https:\/\/healing-memories.lu\/index.php?rest_route=\/wp\/v2\/types\/page"}],"author":[{"embeddable":true,"href":"https:\/\/healing-memories.lu\/index.php?rest_route=\/wp\/v2\/users\/1"}],"replies":[{"embeddable":true,"href":"https:\/\/healing-memories.lu\/index.php?rest_route=%2Fwp%2Fv2%2Fcomments&post=3503"}],"version-history":[{"count":21,"href":"https:\/\/healing-memories.lu\/index.php?rest_route=\/wp\/v2\/pages\/3503\/revisions"}],"predecessor-version":[{"id":3939,"href":"https:\/\/healing-memories.lu\/index.php?rest_route=\/wp\/v2\/pages\/3503\/revisions\/3939"}],"wp:attachment":[{"href":"https:\/\/healing-memories.lu\/index.php?rest_route=%2Fwp%2Fv2%2Fmedia&parent=3503"}],"wp:term":[{"taxonomy":"folder","embeddable":true,"href":"https:\/\/healing-memories.lu\/index.php?rest_route=%2Fwp%2Fv2%2Ffolder&post=3503"}],"curies":[{"name":"wp","href":"https:\/\/api.w.org\/{rel}","templated":true}]}}

Réflexions des participants du Bénin

<p>En réponse au <a href="https://healing-memories.lu/wp-content/uploads/2022/06/QUESTIONNAIRE.pdf" target="_blank" rel="noreferrer noopener">questionnaire</a> sur le thème des blessures collectives, l’équipe des participants de Cotonou nous a envoyé le témoignage audio qu&rsquo;elle a recueilli du journaliste Megan Valère SOSSOU, président de l&rsquo;association « Save our Planet » au Bénin. <br>L&rsquo;ensemble des participants de Bénin nous également fait parvenir les fruits de leurs réflexions. Vous les trouverez dans un document en bas de page.</p>



<p><a href="https://healing-memories.lu/wp-content/uploads/2022/06/Benin-Sossou-1.m4a" target="_blank" rel="noreferrer noopener">Écoutez ce témoignage sur les blessures collectives au Bénin</a></p>



<div style="height:20px" aria-hidden="true" class="wp-block-spacer"></div>



<p class="has-medium-font-size"><strong><mark style="background-color:rgba(0, 0, 0, 0)" class="has-inline-color has-secondary-color">Voici quelques échos :</mark></strong></p>



<div class="wp-block-columns is-layout-flex wp-container-core-columns-is-layout-9d6595d7 wp-block-columns-is-layout-flex">
<div class="wp-block-column is-layout-flow wp-block-column-is-layout-flow" style="flex-basis:100%">
<div class="wp-block-group alignwide"><div class="wp-block-group__inner-container is-layout-flow wp-block-group-is-layout-flow">
<div class="wp-block-group alignwide"><div class="wp-block-group__inner-container is-layout-flow wp-block-group-is-layout-flow">
<div class="wp-block-columns alignwide is-layout-flex wp-container-core-columns-is-layout-9d6595d7 wp-block-columns-is-layout-flex">
<div class="wp-block-column is-layout-flow wp-block-column-is-layout-flow" style="flex-basis:50%">
<p style="font-size:20px"><em>« En termes de blessures, le Bénin est divisé. La division constitue une blessure. Il y a également plusieurs autres blessures en termes de corruption, de détournement de fonds, de favoritisme,  de rançonnement. »</em></p>



<p><em>« Ce qui est à la base de ces blessures; tout remonte à la colonisation (&#8230;) le colon est arrivé à vraiment nous inculquer certaines idéologies. »</em></p>
</div>



<div class="wp-block-column is-layout-flow wp-block-column-is-layout-flow" style="flex-basis:50%"><div class="wp-block-image">
<figure class="aligncenter is-resized"><img loading="lazy" decoding="async" src="https://healing-memories.lu/wp-content/uploads/2022/06/Benin-Photo-Sossou-1.jpg" alt="" class="wp-image-3585" width="254" height="251" srcset="https://healing-memories.lu/wp-content/uploads/2022/06/Benin-Photo-Sossou-1.jpg 661w, https://healing-memories.lu/wp-content/uploads/2022/06/Benin-Photo-Sossou-1-300x297.jpg 300w, https://healing-memories.lu/wp-content/uploads/2022/06/Benin-Photo-Sossou-1-110x110.jpg 110w" sizes="auto, (max-width: 254px) 100vw, 254px" /><figcaption>Megan Valère SOSSOU</figcaption></figure>
</div></div>
</div>
</div></div>
</div></div>
</div>
</div>



<p style="font-size:20px"><em>« On ne peut pas parler du régionalisme par exemple, alors que ça existe ! On doit pouvoir attaquer ce phénomène-là, parler ouvertement aux gens sur ce phénomène. Dire la vérité. »</em></p>



<p style="font-size:20px"><em>« La population rurale et urbaine reçoie les actions des autres. Et les autres, c&rsquo;est eux&#8230;ce sont les politiciens, les autorités politico-administratives. Tous ceux qui ont vraiment un niveau de responsabilité dans le pays, sont eux. »</em></p>



<hr class="wp-block-separator has-alpha-channel-opacity is-style-dots"/>



<p><strong><mark style="background-color:rgba(0, 0, 0, 0)" class="has-inline-color has-secondary-color">Exemples de divisions historiques relevées par SOSSOU </mark></strong></p>



<p>– L&rsquo;instabililé politique au sommet de l&rsquo;Etat (Coups d&rsquo;Etat après l&rsquo;indépendance du Bénin 1960-1990)</p>



<p>– Les divisions historiques notées entre les groupes ethniques Mahi et Nago</p>



<p><br>– Les divisions historiques entre les groupes ethniques Fon et Yoruba-Nago</p>



<p>–&nbsp; Les rivalités ethno-régionalistes entre les anciens présidents Hubert Maga, Sourou Migan Apithy et Justin Ahomadegbe qui représentaient respectivement le Nord, le Sud et le Centre.</p>



<div class="wp-block-file"><a id="wp-block-file--media-9c2c524f-1db7-4200-b052-79424eb9e865" href="https://healing-memories.lu/wp-content/uploads/2022/07/Reflexion-Benin.pdf" target="_blank" rel="noreferrer noopener">Réflexion des participants du Bénin</a><a href="https://healing-memories.lu/wp-content/uploads/2022/07/Reflexion-Benin.pdf" class="wp-block-file__button" download aria-describedby="wp-block-file--media-9c2c524f-1db7-4200-b052-79424eb9e865">Télécharger</a></div>



<div class="wp-block-file"><a id="wp-block-file--media-5580f66b-5d07-4669-9606-049089a2b9a6" href="https://healing-memories.lu/wp-content/uploads/2022/07/Mémoires-historiques.pdf" target="_blank" rel="noreferrer noopener">Mémoires historiques</a><a href="https://healing-memories.lu/wp-content/uploads/2022/07/Mémoires-historiques.pdf" class="wp-block-file__button" download aria-describedby="wp-block-file--media-5580f66b-5d07-4669-9606-049089a2b9a6">Télécharger</a></div>

<p>En réponse au questionnaire sur le thème des blessures collectives, l’équipe des participants de Cotonou nous a envoyé le témoignage audio qu&rsquo;elle a recueilli du journaliste Megan [&#8230;]</p>
