{"id":3507,"date":"2022-06-15T19:15:02","date_gmt":"2022-06-15T18:15:02","guid":{"rendered":"https:\/\/healing-memories.lu\/?page_id=3507"},"modified":"2022-07-08T09:25:51","modified_gmt":"2022-07-08T08:25:51","slug":"reflexions-cote-divoire","status":"publish","type":"page","link":"https:\/\/healing-memories.lu\/?page_id=3507","title":{"rendered":"R\u00e9flexions des participants de la C\u00f4te d&rsquo;Ivoire"},"content":{"rendered":"\n<p>En r\u00e9ponse au <a href=\"https:\/\/healing-memories.lu\/wp-content\/uploads\/2022\/06\/QUESTIONNAIRE.pdf\" target=\"_blank\" rel=\"noreferrer noopener\">questionnaire<\/a>  sur le th\u00e8me des blessures collectives, l&rsquo;\u00e9quipe des participants de la C\u00f4te d&rsquo;Ivoire nous a envoy\u00e9 les r\u00e9sultats des r\u00e9flexions men\u00e9es au sein du groupe, ainsi que celles recueillies lors d&rsquo;\u00e9changes avec des acteurs de la soci\u00e9t\u00e9 civile et avec des victimes et t\u00e9moins des crises militaro-politiques qu&rsquo;a connu le pays. Les documents correspondants sont accessibles en bas de la page.<\/p>\n\n\n\n<p><strong><mark style=\"background-color:rgba(0, 0, 0, 0)\" class=\"has-inline-color has-secondary-color\">Un \u00e9cho de ces textes<\/mark><\/strong><\/p>\n\n\n\n<div class=\"wp-block-columns is-layout-flex wp-container-core-columns-is-layout-9d6595d7 wp-block-columns-is-layout-flex\">\n<div class=\"wp-block-column is-layout-flow wp-block-column-is-layout-flow\" style=\"flex-basis:100%\">\n<div class=\"wp-block-group alignwide\"><div class=\"wp-block-group__inner-container is-layout-flow wp-block-group-is-layout-flow\">\n<div class=\"wp-block-media-text alignwide is-stacked-on-mobile\" style=\"grid-template-columns:38% auto\"><figure class=\"wp-block-media-text__media\"><img loading=\"lazy\" decoding=\"async\" width=\"275\" height=\"183\" src=\"https:\/\/healing-memories.lu\/wp-content\/uploads\/2022\/06\/Cote-dIvoire-1.jpg\" alt=\"\" class=\"wp-image-3575 size-full\"\/><\/figure><div class=\"wp-block-media-text__content\">\n<p><em>\u00ab\u00a0Ces blessures se manifestent par la m\u00e9fiance au sein de la population, la psychose qui se traduit par la peur, la m\u00e9chancet\u00e9, l\u2019injustice, le tribalisme, le n\u00e9potisme, l\u2019exil, le silence des victimes, la frustration l\u2019esprit de revanche.<br>Nous sommes tous touch\u00e9s par toutes ces blessures.\u00a0\u00bb<\/em><\/p>\n<\/div><\/div>\n<\/div><\/div>\n<\/div>\n<\/div>\n\n\n\n<p><strong><mark style=\"background-color:rgba(0, 0, 0, 0)\" class=\"has-inline-color has-secondary-color\">Images qui t\u00e9moignent<\/mark><\/strong><\/p>\n\n\n\n<figure class=\"wp-block-gallery has-nested-images columns-default is-cropped wp-block-gallery-1 is-layout-flex wp-block-gallery-is-layout-flex\">\n<figure class=\"wp-block-image size-large\"><img loading=\"lazy\" decoding=\"async\" width=\"299\" height=\"169\" data-id=\"3602\" src=\"https:\/\/healing-memories.lu\/wp-content\/uploads\/2022\/06\/C-Ivoire-deplaces.jpg\" alt=\"\" class=\"wp-image-3602\"\/><figcaption>Des populations marchant pour fuire les combats lors de l&rsquo;attaque militaire de septembre 2002<\/figcaption><\/figure>\n\n\n\n<figure class=\"wp-block-image size-large\"><img loading=\"lazy\" decoding=\"async\" width=\"1080\" height=\"810\" data-id=\"3579\" src=\"https:\/\/healing-memories.lu\/wp-content\/uploads\/2022\/06\/Cote-Ivoire-5.jpg\" alt=\"\" class=\"wp-image-3579\" srcset=\"https:\/\/healing-memories.lu\/wp-content\/uploads\/2022\/06\/Cote-Ivoire-5.jpg 1080w, https:\/\/healing-memories.lu\/wp-content\/uploads\/2022\/06\/Cote-Ivoire-5-300x225.jpg 300w, https:\/\/healing-memories.lu\/wp-content\/uploads\/2022\/06\/Cote-Ivoire-5-1024x768.jpg 1024w, https:\/\/healing-memories.lu\/wp-content\/uploads\/2022\/06\/Cote-Ivoire-5-768x576.jpg 768w\" sizes=\"auto, (max-width: 1080px) 100vw, 1080px\" \/><figcaption>Des traces de br\u00fblures au plastique fondu sur des corps d&rsquo;anciens d\u00e9tenus d&rsquo;Abidjan dans le but de leur soutirer des aveux.<\/figcaption><\/figure>\n\n\n\n<figure class=\"wp-block-image size-large\"><img loading=\"lazy\" decoding=\"async\" width=\"810\" height=\"1080\" data-id=\"3578\" src=\"https:\/\/healing-memories.lu\/wp-content\/uploads\/2022\/06\/Cote-Ivoire-4.jpg\" alt=\"\" class=\"wp-image-3578\" srcset=\"https:\/\/healing-memories.lu\/wp-content\/uploads\/2022\/06\/Cote-Ivoire-4.jpg 810w, https:\/\/healing-memories.lu\/wp-content\/uploads\/2022\/06\/Cote-Ivoire-4-225x300.jpg 225w, https:\/\/healing-memories.lu\/wp-content\/uploads\/2022\/06\/Cote-Ivoire-4-768x1024.jpg 768w\" sizes=\"auto, (max-width: 810px) 100vw, 810px\" \/><figcaption>Un puits dans lequel des corps ont \u00e9t\u00e9 exhum\u00e9s<\/figcaption><\/figure>\n<\/figure>\n\n\n<div class=\"wp-block-image\">\n<figure class=\"aligncenter size-large is-resized\"><img loading=\"lazy\" decoding=\"async\" src=\"https:\/\/healing-memories.lu\/wp-content\/uploads\/2022\/06\/Cote-Ivoire-3-768x1024.jpg\" alt=\"\" class=\"wp-image-3577\" width=\"372\" height=\"496\" srcset=\"https:\/\/healing-memories.lu\/wp-content\/uploads\/2022\/06\/Cote-Ivoire-3-768x1024.jpg 768w, https:\/\/healing-memories.lu\/wp-content\/uploads\/2022\/06\/Cote-Ivoire-3-225x300.jpg 225w, https:\/\/healing-memories.lu\/wp-content\/uploads\/2022\/06\/Cote-Ivoire-3.jpg 810w\" sizes=\"auto, (max-width: 372px) 100vw, 372px\" \/><figcaption>Population et forces de l&rsquo;ordre lors de l&rsquo;attaque du camp de d\u00e9plac\u00e9s&nbsp; Nahibly en juillet 2012.<\/figcaption><\/figure>\n<\/div>\n\n\n<figure class=\"wp-block-gallery has-nested-images columns-default is-cropped wp-block-gallery-2 is-layout-flex wp-block-gallery-is-layout-flex\">\n<figure class=\"wp-block-image size-large\"><img loading=\"lazy\" decoding=\"async\" width=\"712\" height=\"682\" data-id=\"3603\" src=\"https:\/\/healing-memories.lu\/wp-content\/uploads\/2022\/06\/C-Ivoire-delegation.jpg\" alt=\"\" class=\"wp-image-3603\" srcset=\"https:\/\/healing-memories.lu\/wp-content\/uploads\/2022\/06\/C-Ivoire-delegation.jpg 712w, https:\/\/healing-memories.lu\/wp-content\/uploads\/2022\/06\/C-Ivoire-delegation-300x287.jpg 300w\" sizes=\"auto, (max-width: 712px) 100vw, 712px\" \/><figcaption>Les membres de la d\u00e9l\u00e9gation ivoirienne en compagnie des victimes des crises lors de la rencontre<\/figcaption><\/figure>\n\n\n\n<figure class=\"wp-block-image size-large\"><img loading=\"lazy\" decoding=\"async\" width=\"290\" height=\"301\" data-id=\"3622\" src=\"https:\/\/healing-memories.lu\/wp-content\/uploads\/2022\/06\/Temoin-crise-Ct-Ivoire.jpg\" alt=\"\" class=\"wp-image-3622\"\/><figcaption>Adolphe en compagnie d&rsquo;un t\u00e9moin de la crise post\u00e9lectorale de 2011 M. Tibault (\u00e0 droite)<\/figcaption><\/figure>\n<\/figure>\n\n\n\n<hr class=\"wp-block-separator has-alpha-channel-opacity is-style-dots\"\/>\n\n\n\n<figure class=\"wp-block-gallery has-nested-images columns-default is-cropped wp-block-gallery-3 is-layout-flex wp-block-gallery-is-layout-flex\">\n<figure class=\"wp-block-image size-large\"><img decoding=\"async\" data-id=\"3632\" src=\"https:\/\/healing-memories.lu\/wp-content\/uploads\/2022\/06\/Yves-Kouadio....jpg\" alt=\"\" class=\"wp-image-3632\"\/><figcaption>\u00c0 droite, Yves Kouadio, de l&rsquo;ACAT Cd&rsquo;I, et \u00e0 gauche, M. Cl\u00e9ment, de Caritas Cd&rsquo;I<\/figcaption><\/figure>\n\n\n\n<figure class=\"wp-block-image size-large\"><img decoding=\"async\" data-id=\"3631\" src=\"https:\/\/healing-memories.lu\/wp-content\/uploads\/2022\/06\/Olympe-Konan....jpg\" alt=\"\" class=\"wp-image-3631\"\/><figcaption>Olympe Konan, de La Balle aux Prisonniers (LABAP) et Patrick Yeo, de la Ligue ivorienne des droits de l&rsquo;homme (LIDHO)<\/figcaption><\/figure>\n<\/figure>\n\n\n\n<div class=\"wp-block-file\"><a id=\"wp-block-file--media-21aced5d-832f-43ff-9503-26f3440aeae0\" href=\"https:\/\/healing-memories.lu\/wp-content\/uploads\/2022\/06\/Rencontre-avec-les-victimes-et-temoin-des-crises-ivoiriennes-1.pdf\" target=\"_blank\" rel=\"noreferrer noopener\">R\u00e9flexions recueillies aupr\u00e8s des victimes et t\u00e9moins des crises ivoiriennes <\/a><a href=\"https:\/\/healing-memories.lu\/wp-content\/uploads\/2022\/06\/Rencontre-avec-les-victimes-et-temoin-des-crises-ivoiriennes-1.pdf\" class=\"wp-block-file__button\" download aria-describedby=\"wp-block-file--media-21aced5d-832f-43ff-9503-26f3440aeae0\">T\u00e9l\u00e9charger<\/a><\/div>\n\n\n\n<div class=\"wp-block-file\"><a id=\"wp-block-file--media-873a6f8d-8c79-482f-b694-1b12ac605688\" href=\"https:\/\/healing-memories.lu\/wp-content\/uploads\/2022\/06\/Cote-dIvoire.pdf\" target=\"_blank\" rel=\"noreferrer noopener\">R\u00e9sultats men\u00e9s au sein du groupe<\/a><a href=\"https:\/\/healing-memories.lu\/wp-content\/uploads\/2022\/06\/Cote-dIvoire.pdf\" class=\"wp-block-file__button\" download aria-describedby=\"wp-block-file--media-873a6f8d-8c79-482f-b694-1b12ac605688\">T\u00e9l\u00e9charger<\/a><\/div>\n\n\n\n<div class=\"wp-block-file\"><a id=\"wp-block-file--media-bd2c41b3-e181-402a-81c6-de10a738705a\" href=\"https:\/\/healing-memories.lu\/wp-content\/uploads\/2022\/06\/Bilan-des-travaux-avec-la-societe-civile-2.pdf\" target=\"_blank\" rel=\"noreferrer noopener\">R\u00e9flexions recueillies lors d&rsquo;\u00e9changes avec des acteurs de la soci\u00e9t\u00e9 civile<\/a><a href=\"https:\/\/healing-memories.lu\/wp-content\/uploads\/2022\/06\/Bilan-des-travaux-avec-la-societe-civile-2.pdf\" class=\"wp-block-file__button\" download aria-describedby=\"wp-block-file--media-bd2c41b3-e181-402a-81c6-de10a738705a\">T\u00e9l\u00e9charger<\/a><\/div>\n\n\n\n<figure class=\"wp-block-video aligncenter\"><video height=\"352\" style=\"aspect-ratio: 640 \/ 352;\" width=\"640\" controls poster=\"https:\/\/healing-memories.lu\/wp-content\/uploads\/2022\/06\/Video-C-Ivoire.png\" src=\"https:\/\/healing-memories.lu\/wp-content\/uploads\/2022\/06\/video-cote-d-ivoire_d0TOJPPz.mp4\"><\/video><figcaption>Membres de l&rsquo;ACAT C\u00f4te d&rsquo;Ivoire, Ferima Souh et Paul Kouadio, en discussion avec M. N&rsquo;Dri, du Mouvement ivorien des droits humains (MIDH)<\/figcaption><\/figure>\n","protected":false},"excerpt":{"rendered":"<p>En r\u00e9ponse au questionnaire sur le th\u00e8me des blessures collectives, l&rsquo;\u00e9quipe des participants de la C\u00f4te d&rsquo;Ivoire nous a envoy\u00e9 les r\u00e9sultats des r\u00e9flexions men\u00e9es [&#8230;]<\/p>\n","protected":false},"author":1,"featured_media":0,"parent":0,"menu_order":0,"comment_status":"closed","ping_status":"closed","template":"","meta":{"footnotes":""},"folder":[],"class_list":["post-3507","page","type-page","status-publish","hentry"],"aioseo_notices":[],"_links":{"self":[{"href":"https:\/\/healing-memories.lu\/index.php?rest_route=\/wp\/v2\/pages\/3507","targetHints":{"allow":["GET"]}}],"collection":[{"href":"https:\/\/healing-memories.lu\/index.php?rest_route=\/wp\/v2\/pages"}],"about":[{"href":"https:\/\/healing-memories.lu\/index.php?rest_route=\/wp\/v2\/types\/page"}],"author":[{"embeddable":true,"href":"https:\/\/healing-memories.lu\/index.php?rest_route=\/wp\/v2\/users\/1"}],"replies":[{"embeddable":true,"href":"https:\/\/healing-memories.lu\/index.php?rest_route=%2Fwp%2Fv2%2Fcomments&post=3507"}],"version-history":[{"count":17,"href":"https:\/\/healing-memories.lu\/index.php?rest_route=\/wp\/v2\/pages\/3507\/revisions"}],"predecessor-version":[{"id":3734,"href":"https:\/\/healing-memories.lu\/index.php?rest_route=\/wp\/v2\/pages\/3507\/revisions\/3734"}],"wp:attachment":[{"href":"https:\/\/healing-memories.lu\/index.php?rest_route=%2Fwp%2Fv2%2Fmedia&parent=3507"}],"wp:term":[{"taxonomy":"folder","embeddable":true,"href":"https:\/\/healing-memories.lu\/index.php?rest_route=%2Fwp%2Fv2%2Ffolder&post=3507"}],"curies":[{"name":"wp","href":"https:\/\/api.w.org\/{rel}","templated":true}]}}

Réflexions des participants de la Côte d&rsquo;Ivoire

<p>En réponse au <a href="https://healing-memories.lu/wp-content/uploads/2022/06/QUESTIONNAIRE.pdf" target="_blank" rel="noreferrer noopener">questionnaire</a>  sur le thème des blessures collectives, l&rsquo;équipe des participants de la Côte d&rsquo;Ivoire nous a envoyé les résultats des réflexions menées au sein du groupe, ainsi que celles recueillies lors d&rsquo;échanges avec des acteurs de la société civile et avec des victimes et témoins des crises militaro-politiques qu&rsquo;a connu le pays. Les documents correspondants sont accessibles en bas de la page.</p>



<p><strong><mark style="background-color:rgba(0, 0, 0, 0)" class="has-inline-color has-secondary-color">Un écho de ces textes</mark></strong></p>



<div class="wp-block-columns is-layout-flex wp-container-core-columns-is-layout-9d6595d7 wp-block-columns-is-layout-flex">
<div class="wp-block-column is-layout-flow wp-block-column-is-layout-flow" style="flex-basis:100%">
<div class="wp-block-group alignwide"><div class="wp-block-group__inner-container is-layout-flow wp-block-group-is-layout-flow">
<div class="wp-block-media-text alignwide is-stacked-on-mobile" style="grid-template-columns:38% auto"><figure class="wp-block-media-text__media"><img loading="lazy" decoding="async" width="275" height="183" src="https://healing-memories.lu/wp-content/uploads/2022/06/Cote-dIvoire-1.jpg" alt="" class="wp-image-3575 size-full"/></figure><div class="wp-block-media-text__content">
<p><em>« Ces blessures se manifestent par la méfiance au sein de la population, la psychose qui se traduit par la peur, la méchanceté, l’injustice, le tribalisme, le népotisme, l’exil, le silence des victimes, la frustration l’esprit de revanche.<br>Nous sommes tous touchés par toutes ces blessures. »</em></p>
</div></div>
</div></div>
</div>
</div>



<p><strong><mark style="background-color:rgba(0, 0, 0, 0)" class="has-inline-color has-secondary-color">Images qui témoignent</mark></strong></p>



<figure class="wp-block-gallery has-nested-images columns-default is-cropped wp-block-gallery-1 is-layout-flex wp-block-gallery-is-layout-flex">
<figure class="wp-block-image size-large"><img loading="lazy" decoding="async" width="299" height="169" data-id="3602" src="https://healing-memories.lu/wp-content/uploads/2022/06/C-Ivoire-deplaces.jpg" alt="" class="wp-image-3602"/><figcaption>Des populations marchant pour fuire les combats lors de l&rsquo;attaque militaire de septembre 2002</figcaption></figure>



<figure class="wp-block-image size-large"><img loading="lazy" decoding="async" width="1080" height="810" data-id="3579" src="https://healing-memories.lu/wp-content/uploads/2022/06/Cote-Ivoire-5.jpg" alt="" class="wp-image-3579" srcset="https://healing-memories.lu/wp-content/uploads/2022/06/Cote-Ivoire-5.jpg 1080w, https://healing-memories.lu/wp-content/uploads/2022/06/Cote-Ivoire-5-300x225.jpg 300w, https://healing-memories.lu/wp-content/uploads/2022/06/Cote-Ivoire-5-1024x768.jpg 1024w, https://healing-memories.lu/wp-content/uploads/2022/06/Cote-Ivoire-5-768x576.jpg 768w" sizes="auto, (max-width: 1080px) 100vw, 1080px" /><figcaption>Des traces de brûlures au plastique fondu sur des corps d&rsquo;anciens détenus d&rsquo;Abidjan dans le but de leur soutirer des aveux.</figcaption></figure>



<figure class="wp-block-image size-large"><img loading="lazy" decoding="async" width="810" height="1080" data-id="3578" src="https://healing-memories.lu/wp-content/uploads/2022/06/Cote-Ivoire-4.jpg" alt="" class="wp-image-3578" srcset="https://healing-memories.lu/wp-content/uploads/2022/06/Cote-Ivoire-4.jpg 810w, https://healing-memories.lu/wp-content/uploads/2022/06/Cote-Ivoire-4-225x300.jpg 225w, https://healing-memories.lu/wp-content/uploads/2022/06/Cote-Ivoire-4-768x1024.jpg 768w" sizes="auto, (max-width: 810px) 100vw, 810px" /><figcaption>Un puits dans lequel des corps ont été exhumés</figcaption></figure>
</figure>


<div class="wp-block-image">
<figure class="aligncenter size-large is-resized"><img loading="lazy" decoding="async" src="https://healing-memories.lu/wp-content/uploads/2022/06/Cote-Ivoire-3-768x1024.jpg" alt="" class="wp-image-3577" width="372" height="496" srcset="https://healing-memories.lu/wp-content/uploads/2022/06/Cote-Ivoire-3-768x1024.jpg 768w, https://healing-memories.lu/wp-content/uploads/2022/06/Cote-Ivoire-3-225x300.jpg 225w, https://healing-memories.lu/wp-content/uploads/2022/06/Cote-Ivoire-3.jpg 810w" sizes="auto, (max-width: 372px) 100vw, 372px" /><figcaption>Population et forces de l&rsquo;ordre lors de l&rsquo;attaque du camp de déplacés&nbsp; Nahibly en juillet 2012.</figcaption></figure>
</div>


<figure class="wp-block-gallery has-nested-images columns-default is-cropped wp-block-gallery-2 is-layout-flex wp-block-gallery-is-layout-flex">
<figure class="wp-block-image size-large"><img loading="lazy" decoding="async" width="712" height="682" data-id="3603" src="https://healing-memories.lu/wp-content/uploads/2022/06/C-Ivoire-delegation.jpg" alt="" class="wp-image-3603" srcset="https://healing-memories.lu/wp-content/uploads/2022/06/C-Ivoire-delegation.jpg 712w, https://healing-memories.lu/wp-content/uploads/2022/06/C-Ivoire-delegation-300x287.jpg 300w" sizes="auto, (max-width: 712px) 100vw, 712px" /><figcaption>Les membres de la délégation ivoirienne en compagnie des victimes des crises lors de la rencontre</figcaption></figure>



<figure class="wp-block-image size-large"><img loading="lazy" decoding="async" width="290" height="301" data-id="3622" src="https://healing-memories.lu/wp-content/uploads/2022/06/Temoin-crise-Ct-Ivoire.jpg" alt="" class="wp-image-3622"/><figcaption>Adolphe en compagnie d&rsquo;un témoin de la crise postélectorale de 2011 M. Tibault (à droite)</figcaption></figure>
</figure>



<hr class="wp-block-separator has-alpha-channel-opacity is-style-dots"/>



<figure class="wp-block-gallery has-nested-images columns-default is-cropped wp-block-gallery-3 is-layout-flex wp-block-gallery-is-layout-flex">
<figure class="wp-block-image size-large"><img decoding="async" data-id="3632" src="https://healing-memories.lu/wp-content/uploads/2022/06/Yves-Kouadio....jpg" alt="" class="wp-image-3632"/><figcaption>À droite, Yves Kouadio, de l&rsquo;ACAT Cd&rsquo;I, et à gauche, M. Clément, de Caritas Cd&rsquo;I</figcaption></figure>



<figure class="wp-block-image size-large"><img decoding="async" data-id="3631" src="https://healing-memories.lu/wp-content/uploads/2022/06/Olympe-Konan....jpg" alt="" class="wp-image-3631"/><figcaption>Olympe Konan, de La Balle aux Prisonniers (LABAP) et Patrick Yeo, de la Ligue ivorienne des droits de l&rsquo;homme (LIDHO)</figcaption></figure>
</figure>



<div class="wp-block-file"><a id="wp-block-file--media-21aced5d-832f-43ff-9503-26f3440aeae0" href="https://healing-memories.lu/wp-content/uploads/2022/06/Rencontre-avec-les-victimes-et-temoin-des-crises-ivoiriennes-1.pdf" target="_blank" rel="noreferrer noopener">Réflexions recueillies auprès des victimes et témoins des crises ivoiriennes </a><a href="https://healing-memories.lu/wp-content/uploads/2022/06/Rencontre-avec-les-victimes-et-temoin-des-crises-ivoiriennes-1.pdf" class="wp-block-file__button" download aria-describedby="wp-block-file--media-21aced5d-832f-43ff-9503-26f3440aeae0">Télécharger</a></div>



<div class="wp-block-file"><a id="wp-block-file--media-873a6f8d-8c79-482f-b694-1b12ac605688" href="https://healing-memories.lu/wp-content/uploads/2022/06/Cote-dIvoire.pdf" target="_blank" rel="noreferrer noopener">Résultats menés au sein du groupe</a><a href="https://healing-memories.lu/wp-content/uploads/2022/06/Cote-dIvoire.pdf" class="wp-block-file__button" download aria-describedby="wp-block-file--media-873a6f8d-8c79-482f-b694-1b12ac605688">Télécharger</a></div>



<div class="wp-block-file"><a id="wp-block-file--media-bd2c41b3-e181-402a-81c6-de10a738705a" href="https://healing-memories.lu/wp-content/uploads/2022/06/Bilan-des-travaux-avec-la-societe-civile-2.pdf" target="_blank" rel="noreferrer noopener">Réflexions recueillies lors d&rsquo;échanges avec des acteurs de la société civile</a><a href="https://healing-memories.lu/wp-content/uploads/2022/06/Bilan-des-travaux-avec-la-societe-civile-2.pdf" class="wp-block-file__button" download aria-describedby="wp-block-file--media-bd2c41b3-e181-402a-81c6-de10a738705a">Télécharger</a></div>



<figure class="wp-block-video aligncenter"><video height="352" style="aspect-ratio: 640 / 352;" width="640" controls poster="https://healing-memories.lu/wp-content/uploads/2022/06/Video-C-Ivoire.png" src="https://healing-memories.lu/wp-content/uploads/2022/06/video-cote-d-ivoire_d0TOJPPz.mp4"></video><figcaption>Membres de l&rsquo;ACAT Côte d&rsquo;Ivoire, Ferima Souh et Paul Kouadio, en discussion avec M. N&rsquo;Dri, du Mouvement ivorien des droits humains (MIDH)</figcaption></figure>

<p>En réponse au questionnaire sur le thème des blessures collectives, l&rsquo;équipe des participants de la Côte d&rsquo;Ivoire nous a envoyé les résultats des réflexions menées [&#8230;]</p>
