{"id":3509,"date":"2022-06-15T19:15:16","date_gmt":"2022-06-15T18:15:16","guid":{"rendered":"https:\/\/healing-memories.lu\/?page_id=3509"},"modified":"2022-06-27T18:55:52","modified_gmt":"2022-06-27T17:55:52","slug":"reflexions-mali","status":"publish","type":"page","link":"https:\/\/healing-memories.lu\/?page_id=3509","title":{"rendered":"R\u00e9flexions des participants du Mali"},"content":{"rendered":"\n<p>En r\u00e9ponse au\u00a0<a href=\"https:\/\/healing-memories.lu\/wp-content\/uploads\/2022\/06\/QUESTIONNAIRE.pdf\" target=\"_blank\" rel=\"noreferrer noopener\">questionnaire<\/a>\u00a0sur le th\u00e8me des blessures collectives, l&rsquo;\u00e9quipe des participants du Mali nous a envoy\u00e9 les r\u00e9sultats de ses r\u00e9flexion, y compris des dessins pour illustrer leurs propos. Le texte int\u00e9gral se trouve en bas de page.<\/p>\n\n\n\n<div class=\"wp-block-columns is-layout-flex wp-container-core-columns-is-layout-9d6595d7 wp-block-columns-is-layout-flex\">\n<div class=\"wp-block-column is-layout-flow wp-block-column-is-layout-flow\" style=\"flex-basis:100%\">\n<div class=\"wp-block-group alignwide\"><div class=\"wp-block-group__inner-container is-layout-flow wp-block-group-is-layout-flow\">\n<div class=\"wp-block-media-text alignwide is-stacked-on-mobile\" style=\"grid-template-columns:66% auto\"><figure class=\"wp-block-media-text__media\"><img loading=\"lazy\" decoding=\"async\" width=\"1024\" height=\"768\" src=\"https:\/\/healing-memories.lu\/wp-content\/uploads\/2022\/06\/Dessin-1-Mali-1024x768.jpg\" alt=\"\" class=\"wp-image-3664 size-full\" srcset=\"https:\/\/healing-memories.lu\/wp-content\/uploads\/2022\/06\/Dessin-1-Mali-1024x768.jpg 1024w, https:\/\/healing-memories.lu\/wp-content\/uploads\/2022\/06\/Dessin-1-Mali-300x225.jpg 300w, https:\/\/healing-memories.lu\/wp-content\/uploads\/2022\/06\/Dessin-1-Mali-768x576.jpg 768w, https:\/\/healing-memories.lu\/wp-content\/uploads\/2022\/06\/Dessin-1-Mali-1536x1152.jpg 1536w, https:\/\/healing-memories.lu\/wp-content\/uploads\/2022\/06\/Dessin-1-Mali-2048x1536.jpg 2048w, https:\/\/healing-memories.lu\/wp-content\/uploads\/2022\/06\/Dessin-1-Mali-1320x990.jpg 1320w\" sizes=\"auto, (max-width: 1024px) 100vw, 1024px\" \/><\/figure><div class=\"wp-block-media-text__content\">\n<p style=\"font-size:20px\"><em>\u00ab\u00a0Un jour des hommes arm\u00e9s sont rentr\u00e9s dans notre contr\u00e9, tirant partout, tuant beaucoup de gens , et aussi violant nos m\u00e8res , soeurs et tantes. Cela reste toujours douloureux puis que certains ne savent m\u00eame pas jusqu&rsquo;\u00e0 a pr\u00e9sent o\u00f9 se trouve le corps de leur disparu.\u00a0\u00bb<\/em><\/p>\n<\/div><\/div>\n<\/div><\/div>\n\n\n\n<figure class=\"wp-block-gallery has-nested-images columns-default is-cropped wp-block-gallery-1 is-layout-flex wp-block-gallery-is-layout-flex\">\n<figure class=\"wp-block-image size-large\"><img loading=\"lazy\" decoding=\"async\" width=\"1024\" height=\"768\" data-id=\"3667\" src=\"https:\/\/healing-memories.lu\/wp-content\/uploads\/2022\/06\/Dessin-2-Mali-1024x768.jpg\" alt=\"\" class=\"wp-image-3667\" srcset=\"https:\/\/healing-memories.lu\/wp-content\/uploads\/2022\/06\/Dessin-2-Mali-1024x768.jpg 1024w, https:\/\/healing-memories.lu\/wp-content\/uploads\/2022\/06\/Dessin-2-Mali-300x225.jpg 300w, https:\/\/healing-memories.lu\/wp-content\/uploads\/2022\/06\/Dessin-2-Mali-768x576.jpg 768w, https:\/\/healing-memories.lu\/wp-content\/uploads\/2022\/06\/Dessin-2-Mali-1536x1152.jpg 1536w, https:\/\/healing-memories.lu\/wp-content\/uploads\/2022\/06\/Dessin-2-Mali-2048x1536.jpg 2048w, https:\/\/healing-memories.lu\/wp-content\/uploads\/2022\/06\/Dessin-2-Mali-1320x990.jpg 1320w\" sizes=\"auto, (max-width: 1024px) 100vw, 1024px\" \/><\/figure>\n\n\n\n<figure class=\"wp-block-image size-large\"><img loading=\"lazy\" decoding=\"async\" width=\"768\" height=\"1024\" data-id=\"3666\" src=\"https:\/\/healing-memories.lu\/wp-content\/uploads\/2022\/06\/Dessin-3-Mali-768x1024.jpg\" alt=\"\" class=\"wp-image-3666\" srcset=\"https:\/\/healing-memories.lu\/wp-content\/uploads\/2022\/06\/Dessin-3-Mali-768x1024.jpg 768w, https:\/\/healing-memories.lu\/wp-content\/uploads\/2022\/06\/Dessin-3-Mali-225x300.jpg 225w, https:\/\/healing-memories.lu\/wp-content\/uploads\/2022\/06\/Dessin-3-Mali.jpg 810w\" sizes=\"auto, (max-width: 768px) 100vw, 768px\" \/><\/figure>\n<\/figure>\n<\/div>\n<\/div>\n\n\n\n<div class=\"wp-block-file\"><a id=\"wp-block-file--media-5ad7292f-f02a-4b0e-840a-a148cf0588ce\" href=\"https:\/\/healing-memories.lu\/wp-content\/uploads\/2022\/06\/Reflexions-des-participants-du-Mali.pdf\" target=\"_blank\" rel=\"noreferrer noopener\">Reflexion des participants du Mali<\/a><a href=\"https:\/\/healing-memories.lu\/wp-content\/uploads\/2022\/06\/Reflexions-des-participants-du-Mali.pdf\" class=\"wp-block-file__button\" download aria-describedby=\"wp-block-file--media-5ad7292f-f02a-4b0e-840a-a148cf0588ce\">T\u00e9l\u00e9charger<\/a><\/div>\n","protected":false},"excerpt":{"rendered":"<p>En r\u00e9ponse au\u00a0questionnaire\u00a0sur le th\u00e8me des blessures collectives, l&rsquo;\u00e9quipe des participants du Mali nous a envoy\u00e9 les r\u00e9sultats de ses r\u00e9flexion, y compris des dessins [&#8230;]<\/p>\n","protected":false},"author":1,"featured_media":0,"parent":0,"menu_order":0,"comment_status":"closed","ping_status":"closed","template":"","meta":{"footnotes":""},"folder":[],"class_list":["post-3509","page","type-page","status-publish","hentry"],"aioseo_notices":[],"_links":{"self":[{"href":"https:\/\/healing-memories.lu\/index.php?rest_route=\/wp\/v2\/pages\/3509","targetHints":{"allow":["GET"]}}],"collection":[{"href":"https:\/\/healing-memories.lu\/index.php?rest_route=\/wp\/v2\/pages"}],"about":[{"href":"https:\/\/healing-memories.lu\/index.php?rest_route=\/wp\/v2\/types\/page"}],"author":[{"embeddable":true,"href":"https:\/\/healing-memories.lu\/index.php?rest_route=\/wp\/v2\/users\/1"}],"replies":[{"embeddable":true,"href":"https:\/\/healing-memories.lu\/index.php?rest_route=%2Fwp%2Fv2%2Fcomments&post=3509"}],"version-history":[{"count":6,"href":"https:\/\/healing-memories.lu\/index.php?rest_route=\/wp\/v2\/pages\/3509\/revisions"}],"predecessor-version":[{"id":3683,"href":"https:\/\/healing-memories.lu\/index.php?rest_route=\/wp\/v2\/pages\/3509\/revisions\/3683"}],"wp:attachment":[{"href":"https:\/\/healing-memories.lu\/index.php?rest_route=%2Fwp%2Fv2%2Fmedia&parent=3509"}],"wp:term":[{"taxonomy":"folder","embeddable":true,"href":"https:\/\/healing-memories.lu\/index.php?rest_route=%2Fwp%2Fv2%2Ffolder&post=3509"}],"curies":[{"name":"wp","href":"https:\/\/api.w.org\/{rel}","templated":true}]}}

Réflexions des participants du Mali

<p>En réponse au <a href="https://healing-memories.lu/wp-content/uploads/2022/06/QUESTIONNAIRE.pdf" target="_blank" rel="noreferrer noopener">questionnaire</a> sur le thème des blessures collectives, l&rsquo;équipe des participants du Mali nous a envoyé les résultats de ses réflexion, y compris des dessins pour illustrer leurs propos. Le texte intégral se trouve en bas de page.</p>



<div class="wp-block-columns is-layout-flex wp-container-core-columns-is-layout-9d6595d7 wp-block-columns-is-layout-flex">
<div class="wp-block-column is-layout-flow wp-block-column-is-layout-flow" style="flex-basis:100%">
<div class="wp-block-group alignwide"><div class="wp-block-group__inner-container is-layout-flow wp-block-group-is-layout-flow">
<div class="wp-block-media-text alignwide is-stacked-on-mobile" style="grid-template-columns:66% auto"><figure class="wp-block-media-text__media"><img loading="lazy" decoding="async" width="1024" height="768" src="https://healing-memories.lu/wp-content/uploads/2022/06/Dessin-1-Mali-1024x768.jpg" alt="" class="wp-image-3664 size-full" srcset="https://healing-memories.lu/wp-content/uploads/2022/06/Dessin-1-Mali-1024x768.jpg 1024w, https://healing-memories.lu/wp-content/uploads/2022/06/Dessin-1-Mali-300x225.jpg 300w, https://healing-memories.lu/wp-content/uploads/2022/06/Dessin-1-Mali-768x576.jpg 768w, https://healing-memories.lu/wp-content/uploads/2022/06/Dessin-1-Mali-1536x1152.jpg 1536w, https://healing-memories.lu/wp-content/uploads/2022/06/Dessin-1-Mali-2048x1536.jpg 2048w, https://healing-memories.lu/wp-content/uploads/2022/06/Dessin-1-Mali-1320x990.jpg 1320w" sizes="auto, (max-width: 1024px) 100vw, 1024px" /></figure><div class="wp-block-media-text__content">
<p style="font-size:20px"><em>« Un jour des hommes armés sont rentrés dans notre contré, tirant partout, tuant beaucoup de gens , et aussi violant nos mères , soeurs et tantes. Cela reste toujours douloureux puis que certains ne savent même pas jusqu&rsquo;à a présent où se trouve le corps de leur disparu. »</em></p>
</div></div>
</div></div>



<figure class="wp-block-gallery has-nested-images columns-default is-cropped wp-block-gallery-1 is-layout-flex wp-block-gallery-is-layout-flex">
<figure class="wp-block-image size-large"><img loading="lazy" decoding="async" width="1024" height="768" data-id="3667" src="https://healing-memories.lu/wp-content/uploads/2022/06/Dessin-2-Mali-1024x768.jpg" alt="" class="wp-image-3667" srcset="https://healing-memories.lu/wp-content/uploads/2022/06/Dessin-2-Mali-1024x768.jpg 1024w, https://healing-memories.lu/wp-content/uploads/2022/06/Dessin-2-Mali-300x225.jpg 300w, https://healing-memories.lu/wp-content/uploads/2022/06/Dessin-2-Mali-768x576.jpg 768w, https://healing-memories.lu/wp-content/uploads/2022/06/Dessin-2-Mali-1536x1152.jpg 1536w, https://healing-memories.lu/wp-content/uploads/2022/06/Dessin-2-Mali-2048x1536.jpg 2048w, https://healing-memories.lu/wp-content/uploads/2022/06/Dessin-2-Mali-1320x990.jpg 1320w" sizes="auto, (max-width: 1024px) 100vw, 1024px" /></figure>



<figure class="wp-block-image size-large"><img loading="lazy" decoding="async" width="768" height="1024" data-id="3666" src="https://healing-memories.lu/wp-content/uploads/2022/06/Dessin-3-Mali-768x1024.jpg" alt="" class="wp-image-3666" srcset="https://healing-memories.lu/wp-content/uploads/2022/06/Dessin-3-Mali-768x1024.jpg 768w, https://healing-memories.lu/wp-content/uploads/2022/06/Dessin-3-Mali-225x300.jpg 225w, https://healing-memories.lu/wp-content/uploads/2022/06/Dessin-3-Mali.jpg 810w" sizes="auto, (max-width: 768px) 100vw, 768px" /></figure>
</figure>
</div>
</div>



<div class="wp-block-file"><a id="wp-block-file--media-5ad7292f-f02a-4b0e-840a-a148cf0588ce" href="https://healing-memories.lu/wp-content/uploads/2022/06/Reflexions-des-participants-du-Mali.pdf" target="_blank" rel="noreferrer noopener">Reflexion des participants du Mali</a><a href="https://healing-memories.lu/wp-content/uploads/2022/06/Reflexions-des-participants-du-Mali.pdf" class="wp-block-file__button" download aria-describedby="wp-block-file--media-5ad7292f-f02a-4b0e-840a-a148cf0588ce">Télécharger</a></div>

<p>En réponse au questionnaire sur le thème des blessures collectives, l&rsquo;équipe des participants du Mali nous a envoyé les résultats de ses réflexion, y compris des dessins [&#8230;]</p>
