{"id":3513,"date":"2022-06-15T19:15:53","date_gmt":"2022-06-15T18:15:53","guid":{"rendered":"https:\/\/healing-memories.lu\/?page_id=3513"},"modified":"2022-07-15T12:58:43","modified_gmt":"2022-07-15T11:58:43","slug":"reflexions-senegal","status":"publish","type":"page","link":"https:\/\/healing-memories.lu\/?page_id=3513","title":{"rendered":"R\u00e9flexions des participants du S\u00e9n\u00e9gal"},"content":{"rendered":"\n<p>En r\u00e9ponse au <a href=\"https:\/\/healing-memories.lu\/wp-content\/uploads\/2022\/06\/QUESTIONNAIRE.pdf\" target=\"_blank\" rel=\"noreferrer noopener\">questionnaire<\/a> sur le th\u00e8me des blessures collectives, nous avons re\u00e7u plusieurs textes de r\u00e9flexion des participants s\u00e9n\u00e9galais. Vous les trouverez en bas de cette page.<\/p>\n\n\n\n<p><mark style=\"background-color: rgba(0, 0, 0, 0);\" class=\"has-inline-color has-secondary-color\"><b>Quelques <\/b><\/mark><strong><mark style=\"background-color:rgba(0, 0, 0, 0)\" class=\"has-inline-color has-secondary-color\">\u00e9chos de ces textes<\/mark><\/strong> <\/p>\n\n\n\n<div class=\"wp-block-columns is-layout-flex wp-container-core-columns-is-layout-9d6595d7 wp-block-columns-is-layout-flex\">\n<div class=\"wp-block-column is-layout-flow wp-block-column-is-layout-flow\" style=\"flex-basis:100%\">\n<div class=\"wp-block-group alignwide\"><div class=\"wp-block-group__inner-container is-layout-flow wp-block-group-is-layout-flow\">\n<div class=\"wp-block-media-text alignwide is-stacked-on-mobile\" style=\"grid-template-columns:39% auto\"><figure class=\"wp-block-media-text__media\"><img loading=\"lazy\" decoding=\"async\" width=\"800\" height=\"533\" src=\"https:\/\/healing-memories.lu\/wp-content\/uploads\/2022\/06\/Le_Joola_at_Ziguinchor_1991.jpg\" alt=\"\" class=\"wp-image-3544 size-full\" srcset=\"https:\/\/healing-memories.lu\/wp-content\/uploads\/2022\/06\/Le_Joola_at_Ziguinchor_1991.jpg 800w, https:\/\/healing-memories.lu\/wp-content\/uploads\/2022\/06\/Le_Joola_at_Ziguinchor_1991-300x200.jpg 300w, https:\/\/healing-memories.lu\/wp-content\/uploads\/2022\/06\/Le_Joola_at_Ziguinchor_1991-768x512.jpg 768w\" sizes=\"auto, (max-width: 800px) 100vw, 800px\" \/><\/figure><div class=\"wp-block-media-text__content\">\n<p style=\"font-size:20px\"><em>\u00ab\u00a0La trag\u00e9die du naufrage du bateau Le Joola, le 26 septembre 2002, ayant occasionn\u00e9 1863 morts&nbsp;est l\u2019une des pires blessures que connait mon pays.\u00a0\u00bb<\/em><\/p>\n<\/div><\/div>\n<\/div><\/div>\n<\/div>\n<\/div>\n\n\n\n<p>\u00ab\u00a0<em>Notre pays souffre de blessures tr\u00e8s anciennes comme les cons\u00e9quences n\u00e9fastes de l&rsquo;esclavage et la colonisation.<\/em>\u00ab\u00a0<\/p>\n\n\n<div class=\"wp-block-image\">\n<figure class=\"aligncenter size-full is-resized\"><img loading=\"lazy\" decoding=\"async\" src=\"https:\/\/healing-memories.lu\/wp-content\/uploads\/2022\/06\/british-library-atIgjLlFryg-unsplash.jpg\" alt=\"\" class=\"wp-image-3551\" width=\"445\" height=\"300\" srcset=\"https:\/\/healing-memories.lu\/wp-content\/uploads\/2022\/06\/british-library-atIgjLlFryg-unsplash.jpg 640w, https:\/\/healing-memories.lu\/wp-content\/uploads\/2022\/06\/british-library-atIgjLlFryg-unsplash-300x202.jpg 300w\" sizes=\"auto, (max-width: 445px) 100vw, 445px\" \/><\/figure>\n<\/div>\n\n\n<figure class=\"wp-block-pullquote has-medium-font-size\"><blockquote><p>\u00ab\u00a0<em>Les abus de la d\u00e9mocratie et les manifestions politiques et non autoris\u00e9es ont caus\u00e9 plusieurs morts depuis plus d\u2019une d\u00e9cennie.<\/em>\u00ab\u00a0<\/p><\/blockquote><\/figure>\n\n\n\n<div class=\"wp-block-media-text alignwide has-media-on-the-right is-stacked-on-mobile is-style-rounded\" style=\"grid-template-columns:auto 24%\"><figure class=\"wp-block-media-text__media\"><img loading=\"lazy\" decoding=\"async\" width=\"1024\" height=\"683\" src=\"https:\/\/healing-memories.lu\/wp-content\/uploads\/2022\/07\/nadine-shaabana-M_f3f8DGRg-unsplash-1024x683.jpg\" alt=\"\" class=\"wp-image-4036 size-full\" srcset=\"https:\/\/healing-memories.lu\/wp-content\/uploads\/2022\/07\/nadine-shaabana-M_f3f8DGRg-unsplash-1024x683.jpg 1024w, https:\/\/healing-memories.lu\/wp-content\/uploads\/2022\/07\/nadine-shaabana-M_f3f8DGRg-unsplash-300x200.jpg 300w, https:\/\/healing-memories.lu\/wp-content\/uploads\/2022\/07\/nadine-shaabana-M_f3f8DGRg-unsplash-768x512.jpg 768w, https:\/\/healing-memories.lu\/wp-content\/uploads\/2022\/07\/nadine-shaabana-M_f3f8DGRg-unsplash-1536x1024.jpg 1536w, https:\/\/healing-memories.lu\/wp-content\/uploads\/2022\/07\/nadine-shaabana-M_f3f8DGRg-unsplash-2048x1365.jpg 2048w, https:\/\/healing-memories.lu\/wp-content\/uploads\/2022\/07\/nadine-shaabana-M_f3f8DGRg-unsplash-1320x880.jpg 1320w\" sizes=\"auto, (max-width: 1024px) 100vw, 1024px\" \/><\/figure><div class=\"wp-block-media-text__content\">\n<p style=\"font-size:20px\">\u00ab\u00a0<em>On peut aussi ajouter les discriminations faites envers les femmes, leur place dans la soci\u00e9t\u00e9 est toujours d\u2019\u00eatre derri\u00e8res. La femme est juste \u00e0 marier, faire des enfants.<\/em>\u00ab\u00a0<\/p>\n<\/div><\/div>\n\n\n\n<p class=\"has-medium-font-size\"><strong><mark style=\"background-color:rgba(0, 0, 0, 0)\" class=\"has-inline-color has-secondary-color\">Acc\u00e9dez \u00e0 l&rsquo;int\u00e9gralit\u00e9 des textes <\/mark><\/strong><\/p>\n\n\n\n<p><mark style=\"background-color:rgba(0, 0, 0, 0)\" class=\"has-inline-color has-black-color\"><strong> <\/strong><\/mark><strong><mark style=\"background-color:rgba(0, 0, 0, 0)\" class=\"has-inline-color has-black-color\">R\u00e9ponses soumises par les membres suivants du groupe <\/mark>:<\/strong><\/p>\n\n\n\n<div class=\"wp-block-file\"><a id=\"wp-block-file--media-17e5b398-5d0e-4889-ac92-e0fff8a8688c\" href=\"https:\/\/healing-memories.lu\/wp-content\/uploads\/2022\/06\/Alain-SAMBOU-QUESTIONNAIRE..pdf\">Alain SAMBOU<\/a><a href=\"https:\/\/healing-memories.lu\/wp-content\/uploads\/2022\/06\/Alain-SAMBOU-QUESTIONNAIRE..pdf\" class=\"wp-block-file__button\" download aria-describedby=\"wp-block-file--media-17e5b398-5d0e-4889-ac92-e0fff8a8688c\">T\u00e9l\u00e9charger<\/a><\/div>\n\n\n\n<div class=\"wp-block-file\"><a id=\"wp-block-file--media-13d53f44-1297-4915-a2be-be1e58a36310\" href=\"https:\/\/healing-memories.lu\/wp-content\/uploads\/2022\/06\/Questionnaire-de-la-Formation-Guerison-des-memoires-\u2013-Cotonou-2022.pdf\">Ang\u00e9lique BADIANE<\/a><a href=\"https:\/\/healing-memories.lu\/wp-content\/uploads\/2022\/06\/Questionnaire-de-la-Formation-Guerison-des-memoires-\u2013-Cotonou-2022.pdf\" class=\"wp-block-file__button\" download aria-describedby=\"wp-block-file--media-13d53f44-1297-4915-a2be-be1e58a36310\">T\u00e9l\u00e9charger<\/a><\/div>\n\n\n\n<div class=\"wp-block-file\"><a id=\"wp-block-file--media-47813605-2b66-4ec6-830e-8ff9d7ac58ea\" href=\"https:\/\/healing-memories.lu\/wp-content\/uploads\/2022\/06\/QUESTIONNAIRE-Patrice-DIOUF.pdf\">Patrice DIOUF<\/a><a href=\"https:\/\/healing-memories.lu\/wp-content\/uploads\/2022\/06\/QUESTIONNAIRE-Patrice-DIOUF.pdf\" class=\"wp-block-file__button\" download aria-describedby=\"wp-block-file--media-47813605-2b66-4ec6-830e-8ff9d7ac58ea\">T\u00e9l\u00e9charger<\/a><\/div>\n\n\n\n<div class=\"wp-block-file\"><a id=\"wp-block-file--media-6045a5d5-6ca1-4bc5-9446-0b8559379373\" href=\"https:\/\/healing-memories.lu\/wp-content\/uploads\/2022\/06\/Thomas-GARRICK-1.pdf\">Thomas-GARRICK<\/a><a href=\"https:\/\/healing-memories.lu\/wp-content\/uploads\/2022\/06\/Thomas-GARRICK-1.pdf\" class=\"wp-block-file__button\" download aria-describedby=\"wp-block-file--media-6045a5d5-6ca1-4bc5-9446-0b8559379373\">T\u00e9l\u00e9charger<\/a><\/div>\n\n\n\n<p><mark style=\"background-color:rgba(0, 0, 0, 0)\" class=\"has-inline-color has-black-color\"><strong> <\/strong><\/mark><strong><mark style=\"background-color:rgba(0, 0, 0, 0)\" class=\"has-inline-color has-black-color\">Synth\u00e8se des r\u00e9ponses <\/mark>:<\/strong><\/p>\n\n\n\n<div class=\"wp-block-file\"><a id=\"wp-block-file--media-84a53990-753f-4c58-8a58-ade4f690b490\" href=\"https:\/\/healing-memories.lu\/wp-content\/uploads\/2022\/07\/Equipe-SN-Re\u0301ponses-communes..pdf\" target=\"_blank\" rel=\"noreferrer noopener\">Re\u0301ponses communes<\/a><a href=\"https:\/\/healing-memories.lu\/wp-content\/uploads\/2022\/07\/Equipe-SN-Re\u0301ponses-communes..pdf\" class=\"wp-block-file__button\" download aria-describedby=\"wp-block-file--media-84a53990-753f-4c58-8a58-ade4f690b490\">T\u00e9l\u00e9charger<\/a><\/div>\n","protected":false},"excerpt":{"rendered":"<p>En r\u00e9ponse au questionnaire sur le th\u00e8me des blessures collectives, nous avons re\u00e7u plusieurs textes de r\u00e9flexion des participants s\u00e9n\u00e9galais. Vous les trouverez en bas [&#8230;]<\/p>\n","protected":false},"author":1,"featured_media":0,"parent":0,"menu_order":0,"comment_status":"closed","ping_status":"closed","template":"","meta":{"footnotes":""},"folder":[],"class_list":["post-3513","page","type-page","status-publish","hentry"],"aioseo_notices":[],"_links":{"self":[{"href":"https:\/\/healing-memories.lu\/index.php?rest_route=\/wp\/v2\/pages\/3513","targetHints":{"allow":["GET"]}}],"collection":[{"href":"https:\/\/healing-memories.lu\/index.php?rest_route=\/wp\/v2\/pages"}],"about":[{"href":"https:\/\/healing-memories.lu\/index.php?rest_route=\/wp\/v2\/types\/page"}],"author":[{"embeddable":true,"href":"https:\/\/healing-memories.lu\/index.php?rest_route=\/wp\/v2\/users\/1"}],"replies":[{"embeddable":true,"href":"https:\/\/healing-memories.lu\/index.php?rest_route=%2Fwp%2Fv2%2Fcomments&post=3513"}],"version-history":[{"count":14,"href":"https:\/\/healing-memories.lu\/index.php?rest_route=\/wp\/v2\/pages\/3513\/revisions"}],"predecessor-version":[{"id":4038,"href":"https:\/\/healing-memories.lu\/index.php?rest_route=\/wp\/v2\/pages\/3513\/revisions\/4038"}],"wp:attachment":[{"href":"https:\/\/healing-memories.lu\/index.php?rest_route=%2Fwp%2Fv2%2Fmedia&parent=3513"}],"wp:term":[{"taxonomy":"folder","embeddable":true,"href":"https:\/\/healing-memories.lu\/index.php?rest_route=%2Fwp%2Fv2%2Ffolder&post=3513"}],"curies":[{"name":"wp","href":"https:\/\/api.w.org\/{rel}","templated":true}]}}