{"id":3864,"date":"2022-07-08T08:38:13","date_gmt":"2022-07-08T07:38:13","guid":{"rendered":"https:\/\/healing-memories.lu\/?page_id=3864"},"modified":"2022-07-08T10:41:49","modified_gmt":"2022-07-08T09:41:49","slug":"contributions-from-the-ivory-coast-participants","status":"publish","type":"page","link":"https:\/\/healing-memories.lu\/?page_id=3864&lang=en","title":{"rendered":"Contributions from the C\u00f4te d&rsquo;Ivoire participants"},"content":{"rendered":"\n<p>In response to the <a href=\"https:\/\/healing-memories.lu\/wp-content\/uploads\/2022\/07\/QUESTIONNAIRE-EN-20220315.pdf\" target=\"_blank\" rel=\"noreferrer noopener\">questionnaire<\/a> on the theme of collective wounds, the team of participants from C\u00f4te d&rsquo;Ivoire sent us the results of the&nbsp;discussions&nbsp;they had within the group, as well as in&nbsp;conversations with civil society representatives and with victims and witnesses of the military-political crises that the country has experienced. The&nbsp;relevant&nbsp;documents are available at the bottom of the page.<\/p>\n\n\n\n<p class=\"has-medium-font-size\"><strong><mark style=\"background-color:rgba(0, 0, 0, 0)\" class=\"has-inline-color has-secondary-color\">A quote from these texts<\/mark><\/strong><\/p>\n\n\n\n<div class=\"wp-block-columns is-layout-flex wp-container-core-columns-is-layout-9d6595d7 wp-block-columns-is-layout-flex\">\n<div class=\"wp-block-column is-layout-flow wp-block-column-is-layout-flow\" style=\"flex-basis:100%\">\n<div class=\"wp-block-group alignwide\"><div class=\"wp-block-group__inner-container is-layout-flow wp-block-group-is-layout-flow\">\n<div class=\"wp-block-media-text alignwide is-stacked-on-mobile\" style=\"grid-template-columns:38% auto\"><figure class=\"wp-block-media-text__media\"><img loading=\"lazy\" decoding=\"async\" width=\"275\" height=\"183\" src=\"https:\/\/healing-memories.lu\/wp-content\/uploads\/2022\/06\/Cote-dIvoire-1.jpg\" alt=\"\" class=\"wp-image-3575 size-full\"\/><\/figure><div class=\"wp-block-media-text__content\">\n<p><em>\u00ab\u00a0These wounds are illustrated by mistrust among the population, psychosis that translates into fear,<br>malice, injustice, tribalism, nepotism, exile, silence of the victims, frustration and the spirit of revenge.<br>We are all affected by all these wounds.\u00a0\u00bb<\/em><\/p>\n<\/div><\/div>\n<\/div><\/div>\n<\/div>\n<\/div>\n\n\n\n<p class=\"has-medium-font-size\"><strong><mark style=\"background-color:rgba(0, 0, 0, 0)\" class=\"has-inline-color has-secondary-color\">Images that tell the story<\/mark><\/strong><\/p>\n\n\n\n<figure class=\"wp-block-gallery has-nested-images columns-default is-cropped wp-block-gallery-1 is-layout-flex wp-block-gallery-is-layout-flex\">\n<figure class=\"wp-block-image size-large\"><img loading=\"lazy\" decoding=\"async\" width=\"299\" height=\"169\" data-id=\"3602\" src=\"https:\/\/healing-memories.lu\/wp-content\/uploads\/2022\/06\/C-Ivoire-deplaces.jpg\" alt=\"\" class=\"wp-image-3602\"\/><figcaption>People trying to escape the fighting during the September 2002 military attack<\/figcaption><\/figure>\n\n\n\n<figure class=\"wp-block-image size-large\"><img loading=\"lazy\" decoding=\"async\" width=\"1080\" height=\"810\" data-id=\"3579\" src=\"https:\/\/healing-memories.lu\/wp-content\/uploads\/2022\/06\/Cote-Ivoire-5.jpg\" alt=\"\" class=\"wp-image-3579\" srcset=\"https:\/\/healing-memories.lu\/wp-content\/uploads\/2022\/06\/Cote-Ivoire-5.jpg 1080w, https:\/\/healing-memories.lu\/wp-content\/uploads\/2022\/06\/Cote-Ivoire-5-300x225.jpg 300w, https:\/\/healing-memories.lu\/wp-content\/uploads\/2022\/06\/Cote-Ivoire-5-1024x768.jpg 1024w, https:\/\/healing-memories.lu\/wp-content\/uploads\/2022\/06\/Cote-Ivoire-5-768x576.jpg 768w\" sizes=\"auto, (max-width: 1080px) 100vw, 1080px\" \/><figcaption>Burn marks from melted plastic used to&nbsp;extract confessions,&nbsp;on the bodies of former detainees in Abidjan<\/figcaption><\/figure>\n\n\n\n<figure class=\"wp-block-image size-large\"><img loading=\"lazy\" decoding=\"async\" width=\"810\" height=\"1080\" data-id=\"3578\" src=\"https:\/\/healing-memories.lu\/wp-content\/uploads\/2022\/06\/Cote-Ivoire-4.jpg\" alt=\"\" class=\"wp-image-3578\" srcset=\"https:\/\/healing-memories.lu\/wp-content\/uploads\/2022\/06\/Cote-Ivoire-4.jpg 810w, https:\/\/healing-memories.lu\/wp-content\/uploads\/2022\/06\/Cote-Ivoire-4-225x300.jpg 225w, https:\/\/healing-memories.lu\/wp-content\/uploads\/2022\/06\/Cote-Ivoire-4-768x1024.jpg 768w\" sizes=\"auto, (max-width: 810px) 100vw, 810px\" \/><figcaption>A well from which bodies were exhumed<\/figcaption><\/figure>\n<\/figure>\n\n\n<div class=\"wp-block-image\">\n<figure class=\"aligncenter size-large is-resized\"><img loading=\"lazy\" decoding=\"async\" src=\"https:\/\/healing-memories.lu\/wp-content\/uploads\/2022\/06\/Cote-Ivoire-3-768x1024.jpg\" alt=\"\" class=\"wp-image-3577\" width=\"372\" height=\"496\" srcset=\"https:\/\/healing-memories.lu\/wp-content\/uploads\/2022\/06\/Cote-Ivoire-3-768x1024.jpg 768w, https:\/\/healing-memories.lu\/wp-content\/uploads\/2022\/06\/Cote-Ivoire-3-225x300.jpg 225w, https:\/\/healing-memories.lu\/wp-content\/uploads\/2022\/06\/Cote-Ivoire-3.jpg 810w\" sizes=\"auto, (max-width: 372px) 100vw, 372px\" \/><figcaption>Communities and police during the attack on the Nahibly IDP camp in July 2012.<\/figcaption><\/figure>\n<\/div>\n\n\n<figure class=\"wp-block-gallery has-nested-images columns-default is-cropped wp-block-gallery-2 is-layout-flex wp-block-gallery-is-layout-flex\">\n<figure class=\"wp-block-image size-large\"><img loading=\"lazy\" decoding=\"async\" width=\"712\" height=\"682\" data-id=\"3603\" src=\"https:\/\/healing-memories.lu\/wp-content\/uploads\/2022\/06\/C-Ivoire-delegation.jpg\" alt=\"\" class=\"wp-image-3603\" srcset=\"https:\/\/healing-memories.lu\/wp-content\/uploads\/2022\/06\/C-Ivoire-delegation.jpg 712w, https:\/\/healing-memories.lu\/wp-content\/uploads\/2022\/06\/C-Ivoire-delegation-300x287.jpg 300w\" sizes=\"auto, (max-width: 712px) 100vw, 712px\" \/><figcaption>Members of the Ivorian delegation with victims of the crises during the meeting<\/figcaption><\/figure>\n\n\n\n<figure class=\"wp-block-image size-large\"><img loading=\"lazy\" decoding=\"async\" width=\"290\" height=\"301\" data-id=\"3622\" src=\"https:\/\/healing-memories.lu\/wp-content\/uploads\/2022\/06\/Temoin-crise-Ct-Ivoire.jpg\" alt=\"\" class=\"wp-image-3622\"\/><figcaption>Adolphe with a witness of the 2011 post-election crisis, Mr Tibault (right)<\/figcaption><\/figure>\n<\/figure>\n\n\n\n<hr class=\"wp-block-separator has-alpha-channel-opacity is-style-dots\"\/>\n\n\n\n<figure class=\"wp-block-gallery has-nested-images columns-default is-cropped wp-block-gallery-3 is-layout-flex wp-block-gallery-is-layout-flex\">\n<figure class=\"wp-block-image size-large\"><img decoding=\"async\" data-id=\"3632\" src=\"https:\/\/healing-memories.lu\/wp-content\/uploads\/2022\/06\/Yves-Kouadio....jpg\" alt=\"\" class=\"wp-image-3632\"\/><figcaption>Yves Kouadio (right), from ACAT C\u00f4te d&rsquo;Ivoire, and Mr Cl\u00e9ment (left), from Caritas C\u00f4te d\u2019Ivoire<\/figcaption><\/figure>\n\n\n\n<figure class=\"wp-block-image size-large\"><img decoding=\"async\" data-id=\"3631\" src=\"https:\/\/healing-memories.lu\/wp-content\/uploads\/2022\/06\/Olympe-Konan....jpg\" alt=\"\" class=\"wp-image-3631\"\/><figcaption>Olympe Konan, from \u00ab\u00a0La Balle aux Prisonniers\u00a0\u00bb (LABAP), and Patrick Yeo, from the Ivorian Human Rights League (LIDHO)<\/figcaption><\/figure>\n<\/figure>\n\n\n\n<div class=\"wp-block-file\"><a id=\"wp-block-file--media-d032895e-852d-4d11-8814-173f38d248fe\" href=\"https:\/\/healing-memories.lu\/wp-content\/uploads\/2022\/07\/Meetings-with-victins-and-witnesses-of-Ivorian-crises.pdf\" target=\"_blank\" rel=\"noreferrer noopener\">Views expressed by victims\u00a0and\u00a0witnesses of the Ivorian crises<\/a><a href=\"https:\/\/healing-memories.lu\/wp-content\/uploads\/2022\/07\/Meetings-with-victins-and-witnesses-of-Ivorian-crises.pdf\" class=\"wp-block-file__button\" download aria-describedby=\"wp-block-file--media-d032895e-852d-4d11-8814-173f38d248fe\">T\u00e9l\u00e9charger<\/a><\/div>\n\n\n\n<div class=\"wp-block-file\"><a id=\"wp-block-file--media-2e8ae0ce-ee50-4f2a-8e5f-422f27b93410\" href=\"https:\/\/healing-memories.lu\/wp-content\/uploads\/2022\/07\/Cote-dIvoire-contribution-1.pdf\" target=\"_blank\" rel=\"noreferrer noopener\">Views expressed by members of the group<\/a><a href=\"https:\/\/healing-memories.lu\/wp-content\/uploads\/2022\/07\/Cote-dIvoire-contribution-1.pdf\" class=\"wp-block-file__button\" download aria-describedby=\"wp-block-file--media-2e8ae0ce-ee50-4f2a-8e5f-422f27b93410\">T\u00e9l\u00e9charger<\/a><\/div>\n\n\n\n<div class=\"wp-block-file\"><a id=\"wp-block-file--media-0b5adc02-d1ee-488a-8726-8248106a9525\" href=\"https:\/\/healing-memories.lu\/wp-content\/uploads\/2022\/07\/Summary-of-ideas-from-civil-society.pdf\" target=\"_blank\" rel=\"noreferrer noopener\">Views expressed in\u00a0conversation with civil society representatives<\/a><a href=\"https:\/\/healing-memories.lu\/wp-content\/uploads\/2022\/07\/Summary-of-ideas-from-civil-society.pdf\" class=\"wp-block-file__button\" download aria-describedby=\"wp-block-file--media-0b5adc02-d1ee-488a-8726-8248106a9525\">T\u00e9l\u00e9charger<\/a><\/div>\n","protected":false},"excerpt":{"rendered":"<p>In response to the questionnaire on the theme of collective wounds, the team of participants from C\u00f4te d&rsquo;Ivoire sent us the results of the&nbsp;discussions&nbsp;they had [&#8230;]<\/p>\n","protected":false},"author":1,"featured_media":0,"parent":0,"menu_order":0,"comment_status":"closed","ping_status":"closed","template":"","meta":{"footnotes":""},"folder":[],"class_list":["post-3864","page","type-page","status-publish","hentry"],"aioseo_notices":[],"_links":{"self":[{"href":"https:\/\/healing-memories.lu\/index.php?rest_route=\/wp\/v2\/pages\/3864","targetHints":{"allow":["GET"]}}],"collection":[{"href":"https:\/\/healing-memories.lu\/index.php?rest_route=\/wp\/v2\/pages"}],"about":[{"href":"https:\/\/healing-memories.lu\/index.php?rest_route=\/wp\/v2\/types\/page"}],"author":[{"embeddable":true,"href":"https:\/\/healing-memories.lu\/index.php?rest_route=\/wp\/v2\/users\/1"}],"replies":[{"embeddable":true,"href":"https:\/\/healing-memories.lu\/index.php?rest_route=%2Fwp%2Fv2%2Fcomments&post=3864"}],"version-history":[{"count":18,"href":"https:\/\/healing-memories.lu\/index.php?rest_route=\/wp\/v2\/pages\/3864\/revisions"}],"predecessor-version":[{"id":3934,"href":"https:\/\/healing-memories.lu\/index.php?rest_route=\/wp\/v2\/pages\/3864\/revisions\/3934"}],"wp:attachment":[{"href":"https:\/\/healing-memories.lu\/index.php?rest_route=%2Fwp%2Fv2%2Fmedia&parent=3864"}],"wp:term":[{"taxonomy":"folder","embeddable":true,"href":"https:\/\/healing-memories.lu\/index.php?rest_route=%2Fwp%2Fv2%2Ffolder&post=3864"}],"curies":[{"name":"wp","href":"https:\/\/api.w.org\/{rel}","templated":true}]}}

Contributions from the Côte d&rsquo;Ivoire participants

<p>In response to the <a href="https://healing-memories.lu/wp-content/uploads/2022/07/QUESTIONNAIRE-EN-20220315.pdf" target="_blank" rel="noreferrer noopener">questionnaire</a> on the theme of collective wounds, the team of participants from Côte d&rsquo;Ivoire sent us the results of the&nbsp;discussions&nbsp;they had within the group, as well as in&nbsp;conversations with civil society representatives and with victims and witnesses of the military-political crises that the country has experienced. The&nbsp;relevant&nbsp;documents are available at the bottom of the page.</p>



<p class="has-medium-font-size"><strong><mark style="background-color:rgba(0, 0, 0, 0)" class="has-inline-color has-secondary-color">A quote from these texts</mark></strong></p>



<div class="wp-block-columns is-layout-flex wp-container-core-columns-is-layout-9d6595d7 wp-block-columns-is-layout-flex">
<div class="wp-block-column is-layout-flow wp-block-column-is-layout-flow" style="flex-basis:100%">
<div class="wp-block-group alignwide"><div class="wp-block-group__inner-container is-layout-flow wp-block-group-is-layout-flow">
<div class="wp-block-media-text alignwide is-stacked-on-mobile" style="grid-template-columns:38% auto"><figure class="wp-block-media-text__media"><img loading="lazy" decoding="async" width="275" height="183" src="https://healing-memories.lu/wp-content/uploads/2022/06/Cote-dIvoire-1.jpg" alt="" class="wp-image-3575 size-full"/></figure><div class="wp-block-media-text__content">
<p><em>« These wounds are illustrated by mistrust among the population, psychosis that translates into fear,<br>malice, injustice, tribalism, nepotism, exile, silence of the victims, frustration and the spirit of revenge.<br>We are all affected by all these wounds. »</em></p>
</div></div>
</div></div>
</div>
</div>



<p class="has-medium-font-size"><strong><mark style="background-color:rgba(0, 0, 0, 0)" class="has-inline-color has-secondary-color">Images that tell the story</mark></strong></p>



<figure class="wp-block-gallery has-nested-images columns-default is-cropped wp-block-gallery-1 is-layout-flex wp-block-gallery-is-layout-flex">
<figure class="wp-block-image size-large"><img loading="lazy" decoding="async" width="299" height="169" data-id="3602" src="https://healing-memories.lu/wp-content/uploads/2022/06/C-Ivoire-deplaces.jpg" alt="" class="wp-image-3602"/><figcaption>People trying to escape the fighting during the September 2002 military attack</figcaption></figure>



<figure class="wp-block-image size-large"><img loading="lazy" decoding="async" width="1080" height="810" data-id="3579" src="https://healing-memories.lu/wp-content/uploads/2022/06/Cote-Ivoire-5.jpg" alt="" class="wp-image-3579" srcset="https://healing-memories.lu/wp-content/uploads/2022/06/Cote-Ivoire-5.jpg 1080w, https://healing-memories.lu/wp-content/uploads/2022/06/Cote-Ivoire-5-300x225.jpg 300w, https://healing-memories.lu/wp-content/uploads/2022/06/Cote-Ivoire-5-1024x768.jpg 1024w, https://healing-memories.lu/wp-content/uploads/2022/06/Cote-Ivoire-5-768x576.jpg 768w" sizes="auto, (max-width: 1080px) 100vw, 1080px" /><figcaption>Burn marks from melted plastic used to&nbsp;extract confessions,&nbsp;on the bodies of former detainees in Abidjan</figcaption></figure>



<figure class="wp-block-image size-large"><img loading="lazy" decoding="async" width="810" height="1080" data-id="3578" src="https://healing-memories.lu/wp-content/uploads/2022/06/Cote-Ivoire-4.jpg" alt="" class="wp-image-3578" srcset="https://healing-memories.lu/wp-content/uploads/2022/06/Cote-Ivoire-4.jpg 810w, https://healing-memories.lu/wp-content/uploads/2022/06/Cote-Ivoire-4-225x300.jpg 225w, https://healing-memories.lu/wp-content/uploads/2022/06/Cote-Ivoire-4-768x1024.jpg 768w" sizes="auto, (max-width: 810px) 100vw, 810px" /><figcaption>A well from which bodies were exhumed</figcaption></figure>
</figure>


<div class="wp-block-image">
<figure class="aligncenter size-large is-resized"><img loading="lazy" decoding="async" src="https://healing-memories.lu/wp-content/uploads/2022/06/Cote-Ivoire-3-768x1024.jpg" alt="" class="wp-image-3577" width="372" height="496" srcset="https://healing-memories.lu/wp-content/uploads/2022/06/Cote-Ivoire-3-768x1024.jpg 768w, https://healing-memories.lu/wp-content/uploads/2022/06/Cote-Ivoire-3-225x300.jpg 225w, https://healing-memories.lu/wp-content/uploads/2022/06/Cote-Ivoire-3.jpg 810w" sizes="auto, (max-width: 372px) 100vw, 372px" /><figcaption>Communities and police during the attack on the Nahibly IDP camp in July 2012.</figcaption></figure>
</div>


<figure class="wp-block-gallery has-nested-images columns-default is-cropped wp-block-gallery-2 is-layout-flex wp-block-gallery-is-layout-flex">
<figure class="wp-block-image size-large"><img loading="lazy" decoding="async" width="712" height="682" data-id="3603" src="https://healing-memories.lu/wp-content/uploads/2022/06/C-Ivoire-delegation.jpg" alt="" class="wp-image-3603" srcset="https://healing-memories.lu/wp-content/uploads/2022/06/C-Ivoire-delegation.jpg 712w, https://healing-memories.lu/wp-content/uploads/2022/06/C-Ivoire-delegation-300x287.jpg 300w" sizes="auto, (max-width: 712px) 100vw, 712px" /><figcaption>Members of the Ivorian delegation with victims of the crises during the meeting</figcaption></figure>



<figure class="wp-block-image size-large"><img loading="lazy" decoding="async" width="290" height="301" data-id="3622" src="https://healing-memories.lu/wp-content/uploads/2022/06/Temoin-crise-Ct-Ivoire.jpg" alt="" class="wp-image-3622"/><figcaption>Adolphe with a witness of the 2011 post-election crisis, Mr Tibault (right)</figcaption></figure>
</figure>



<hr class="wp-block-separator has-alpha-channel-opacity is-style-dots"/>



<figure class="wp-block-gallery has-nested-images columns-default is-cropped wp-block-gallery-3 is-layout-flex wp-block-gallery-is-layout-flex">
<figure class="wp-block-image size-large"><img decoding="async" data-id="3632" src="https://healing-memories.lu/wp-content/uploads/2022/06/Yves-Kouadio....jpg" alt="" class="wp-image-3632"/><figcaption>Yves Kouadio (right), from ACAT Côte d&rsquo;Ivoire, and Mr Clément (left), from Caritas Côte d’Ivoire</figcaption></figure>



<figure class="wp-block-image size-large"><img decoding="async" data-id="3631" src="https://healing-memories.lu/wp-content/uploads/2022/06/Olympe-Konan....jpg" alt="" class="wp-image-3631"/><figcaption>Olympe Konan, from « La Balle aux Prisonniers » (LABAP), and Patrick Yeo, from the Ivorian Human Rights League (LIDHO)</figcaption></figure>
</figure>



<div class="wp-block-file"><a id="wp-block-file--media-d032895e-852d-4d11-8814-173f38d248fe" href="https://healing-memories.lu/wp-content/uploads/2022/07/Meetings-with-victins-and-witnesses-of-Ivorian-crises.pdf" target="_blank" rel="noreferrer noopener">Views expressed by victims and witnesses of the Ivorian crises</a><a href="https://healing-memories.lu/wp-content/uploads/2022/07/Meetings-with-victins-and-witnesses-of-Ivorian-crises.pdf" class="wp-block-file__button" download aria-describedby="wp-block-file--media-d032895e-852d-4d11-8814-173f38d248fe">Télécharger</a></div>



<div class="wp-block-file"><a id="wp-block-file--media-2e8ae0ce-ee50-4f2a-8e5f-422f27b93410" href="https://healing-memories.lu/wp-content/uploads/2022/07/Cote-dIvoire-contribution-1.pdf" target="_blank" rel="noreferrer noopener">Views expressed by members of the group</a><a href="https://healing-memories.lu/wp-content/uploads/2022/07/Cote-dIvoire-contribution-1.pdf" class="wp-block-file__button" download aria-describedby="wp-block-file--media-2e8ae0ce-ee50-4f2a-8e5f-422f27b93410">Télécharger</a></div>



<div class="wp-block-file"><a id="wp-block-file--media-0b5adc02-d1ee-488a-8726-8248106a9525" href="https://healing-memories.lu/wp-content/uploads/2022/07/Summary-of-ideas-from-civil-society.pdf" target="_blank" rel="noreferrer noopener">Views expressed in conversation with civil society representatives</a><a href="https://healing-memories.lu/wp-content/uploads/2022/07/Summary-of-ideas-from-civil-society.pdf" class="wp-block-file__button" download aria-describedby="wp-block-file--media-0b5adc02-d1ee-488a-8726-8248106a9525">Télécharger</a></div>

<p>In response to the questionnaire on the theme of collective wounds, the team of participants from Côte d&rsquo;Ivoire sent us the results of the&nbsp;discussions&nbsp;they had [&#8230;]</p>
