{"id":5396,"date":"2024-06-07T10:41:47","date_gmt":"2024-06-07T09:41:47","guid":{"rendered":"https:\/\/healing-memories.lu\/?page_id=5396"},"modified":"2024-06-26T11:48:03","modified_gmt":"2024-06-26T10:48:03","slug":"cicle-2022-2023","status":"publish","type":"page","link":"https:\/\/healing-memories.lu\/?page_id=5396","title":{"rendered":"Cycle 2022\/2023"},"content":{"rendered":"<div class=\"wp-block-image\">\n<figure class=\"aligncenter size-large is-resized\"><img loading=\"lazy\" decoding=\"async\" width=\"1024\" height=\"683\" src=\"https:\/\/healing-memories.lu\/wp-content\/uploads\/2022\/09\/IMG_0992-1024x683.jpg\" alt=\"\" class=\"wp-image-4063\" style=\"width:499px;height:auto\" srcset=\"https:\/\/healing-memories.lu\/wp-content\/uploads\/2022\/09\/IMG_0992-1024x683.jpg 1024w, https:\/\/healing-memories.lu\/wp-content\/uploads\/2022\/09\/IMG_0992-300x200.jpg 300w, https:\/\/healing-memories.lu\/wp-content\/uploads\/2022\/09\/IMG_0992-768x513.jpg 768w, https:\/\/healing-memories.lu\/wp-content\/uploads\/2022\/09\/IMG_0992-1536x1025.jpg 1536w, https:\/\/healing-memories.lu\/wp-content\/uploads\/2022\/09\/IMG_0992-2048x1367.jpg 2048w, https:\/\/healing-memories.lu\/wp-content\/uploads\/2022\/09\/IMG_0992-1320x881.jpg 1320w\" sizes=\"auto, (max-width: 1024px) 100vw, 1024px\" \/><\/figure>\n<\/div>\n\n\n<p><\/p>\n\n\n\n<h2 class=\"wp-block-heading\" id=\"block-4516cfbb-f6f0-4691-b1ca-eabb2912ac53\" style=\"font-size:30px\">Projet formation Afrique 2022-23 : C\u00f4te d&rsquo;Ivoire et S\u00e9n\u00e9gal<\/h2>\n\n\n\n<div class=\"wp-block-group\"><div class=\"wp-block-group__inner-container is-layout-constrained wp-block-group-is-layout-constrained\">\n<div class=\"wp-block-columns is-layout-flex wp-container-core-columns-is-layout-9d6595d7 wp-block-columns-is-layout-flex\">\n<div class=\"wp-block-column is-layout-flow wp-block-column-is-layout-flow\" style=\"flex-basis:50%\">\n<figure class=\"wp-block-image\"><img loading=\"lazy\" decoding=\"async\" width=\"1024\" height=\"768\" src=\"https:\/\/healing-memories.lu\/wp-content\/uploads\/2023\/11\/IMG_8798-1024x768.jpeg\" alt=\"\" class=\"wp-image-4890\" srcset=\"https:\/\/healing-memories.lu\/wp-content\/uploads\/2023\/11\/IMG_8798-1024x768.jpeg 1024w, https:\/\/healing-memories.lu\/wp-content\/uploads\/2023\/11\/IMG_8798-300x225.jpeg 300w, https:\/\/healing-memories.lu\/wp-content\/uploads\/2023\/11\/IMG_8798-768x576.jpeg 768w, https:\/\/healing-memories.lu\/wp-content\/uploads\/2023\/11\/IMG_8798-rotated.jpeg 1280w\" sizes=\"auto, (max-width: 1024px) 100vw, 1024px\" \/><\/figure>\n<\/div>\n\n\n\n<div class=\"wp-block-column is-layout-flow wp-block-column-is-layout-flow\" style=\"flex-basis:50%\">\n<p>En cette fin fin d\u2019ann\u00e9e 2023,&nbsp;deux d\u00e9l\u00e9gu\u00e9s de HOM Luxembourg, Patrick Byrne et Javier Garcia Alves, se sont rendus en mission en C\u00f4te d\u2019Ivoire et au S\u00e9n\u00e9gal pour animer les derniers \u00e9l\u00e9ments de la phase pratique de la formation de facilitateurs 2022-23 pour l\u2019Afrique francophone.<\/p>\n\n\n\n<div class=\"wp-block-buttons is-layout-flex wp-block-buttons-is-layout-flex\">\n<div class=\"wp-block-button\"><a class=\"wp-block-button__link wp-element-button\" href=\"https:\/\/healing-memories.lu\/?page_id=5101\">lire la suite &gt;&gt;<\/a><\/div>\n<\/div>\n<\/div>\n<\/div>\n<\/div><\/div>\n\n\n\n<hr class=\"wp-block-separator has-alpha-channel-opacity is-style-dots\"\/>\n\n\n\n<h2 class=\"wp-block-heading\" id=\"block-4516cfbb-f6f0-4691-b1ca-eabb2912ac53\" style=\"font-size:30px\">Projet formation Afrique 2022-23 : Togo et B\u00e9nin<\/h2>\n\n\n\n<div class=\"wp-block-media-text has-media-on-the-right is-stacked-on-mobile\"><div class=\"wp-block-media-text__content\">\n<p>En juillet 2023, c\u2019\u00e9tait au tour des \u00e9quipes de stagiaires du Togo et et du B\u00e9nin d\u2019entamer leur formation&#8230;<\/p>\n\n\n\n<div class=\"wp-block-buttons is-layout-flex wp-block-buttons-is-layout-flex\">\n<div class=\"wp-block-button\"><a class=\"wp-block-button__link wp-element-button\" href=\"https:\/\/healing-memories.lu\/?page_id=5123\">lire la suite &gt;&gt;<\/a><\/div>\n<\/div>\n<\/div><figure class=\"wp-block-media-text__media\"><img loading=\"lazy\" decoding=\"async\" width=\"1024\" height=\"768\" src=\"https:\/\/healing-memories.lu\/wp-content\/uploads\/2023\/12\/IMG_6417-1024x768.jpeg\" alt=\"\" class=\"wp-image-5080 size-full\" srcset=\"https:\/\/healing-memories.lu\/wp-content\/uploads\/2023\/12\/IMG_6417-1024x768.jpeg 1024w, https:\/\/healing-memories.lu\/wp-content\/uploads\/2023\/12\/IMG_6417-300x225.jpeg 300w, https:\/\/healing-memories.lu\/wp-content\/uploads\/2023\/12\/IMG_6417-768x576.jpeg 768w, https:\/\/healing-memories.lu\/wp-content\/uploads\/2023\/12\/IMG_6417-rotated.jpeg 1280w\" sizes=\"auto, (max-width: 1024px) 100vw, 1024px\" \/><\/figure><\/div>\n\n\n\n<hr class=\"wp-block-separator has-alpha-channel-opacity is-style-dots\"\/>\n\n\n\n<h2 class=\"wp-block-heading\" id=\"block-4516cfbb-f6f0-4691-b1ca-eabb2912ac53\" style=\"font-size:30px\">Projet formation Afrique 2022-23 : on passe \u00e0 la pratique !<\/h2>\n\n\n\n<div class=\"wp-block-columns is-layout-flex wp-container-core-columns-is-layout-9d6595d7 wp-block-columns-is-layout-flex\">\n<div class=\"wp-block-column is-layout-flow wp-block-column-is-layout-flow\" style=\"flex-basis:100%\">\n<div class=\"wp-block-group alignwide\"><div class=\"wp-block-group__inner-container is-layout-constrained wp-block-group-is-layout-constrained\">\n<div class=\"wp-block-media-text alignwide is-stacked-on-mobile\" style=\"grid-template-columns:48% auto\"><figure class=\"wp-block-media-text__media\"><img loading=\"lazy\" decoding=\"async\" width=\"1024\" height=\"683\" src=\"https:\/\/healing-memories.lu\/wp-content\/uploads\/2023\/03\/james-wiseman-IebZAH6kaNw-unsplash-1024x683.jpg\" alt=\"\" class=\"wp-image-4394 size-full\" srcset=\"https:\/\/healing-memories.lu\/wp-content\/uploads\/2023\/03\/james-wiseman-IebZAH6kaNw-unsplash-1024x683.jpg 1024w, https:\/\/healing-memories.lu\/wp-content\/uploads\/2023\/03\/james-wiseman-IebZAH6kaNw-unsplash-300x200.jpg 300w, https:\/\/healing-memories.lu\/wp-content\/uploads\/2023\/03\/james-wiseman-IebZAH6kaNw-unsplash-768x512.jpg 768w, https:\/\/healing-memories.lu\/wp-content\/uploads\/2023\/03\/james-wiseman-IebZAH6kaNw-unsplash-1536x1024.jpg 1536w, https:\/\/healing-memories.lu\/wp-content\/uploads\/2023\/03\/james-wiseman-IebZAH6kaNw-unsplash-2048x1365.jpg 2048w, https:\/\/healing-memories.lu\/wp-content\/uploads\/2023\/03\/james-wiseman-IebZAH6kaNw-unsplash-1320x880.jpg 1320w\" sizes=\"auto, (max-width: 1024px) 100vw, 1024px\" \/><\/figure><div class=\"wp-block-media-text__content\">\n<p>Du 15 au 25 juillet 2022, 29 stagiaires participaient \u00e0 la session de d\u00e9marrage de la formation pour l\u2019Afrique francophone \u00e0 Cotonou. En 2023, ils passent \u00e0 la phase pratique !<\/p>\n\n\n\n<div class=\"wp-block-buttons is-layout-flex wp-block-buttons-is-layout-flex\">\n<div class=\"wp-block-button\"><a class=\"wp-block-button__link wp-element-button\" href=\"https:\/\/healing-memories.lu\/?page_id=4414\">lire la suite &gt;&gt;<\/a><\/div>\n<\/div>\n<\/div><\/div>\n<\/div><\/div>\n<\/div>\n<\/div>\n\n\n\n<hr class=\"wp-block-separator has-alpha-channel-opacity is-style-dots\"\/>\n\n\n\n<p style=\"font-size:30px\"><strong><mark style=\"background-color:rgba(0, 0, 0, 0)\" class=\"has-inline-color has-primary-color\">Premi\u00e8re \u00e9dition de la formation de facilitateurs pour l&rsquo;Afrique francophone<\/mark><\/strong><\/p>\n\n\n\n<div class=\"wp-block-columns is-layout-flex wp-container-core-columns-is-layout-9d6595d7 wp-block-columns-is-layout-flex\">\n<div class=\"wp-block-column is-layout-flow wp-block-column-is-layout-flow\" style=\"flex-basis:100%\">\n<div class=\"wp-block-group alignwide\"><div class=\"wp-block-group__inner-container is-layout-constrained wp-block-group-is-layout-constrained\">\n<div class=\"wp-block-media-text alignwide has-media-on-the-right is-stacked-on-mobile\" style=\"grid-template-columns:auto 39%\"><div class=\"wp-block-media-text__content\">\n<p><strong>Juillet 2022, Session de Cotonou : un franc succ\u00e8s !<\/strong><\/p>\n\n\n\n<div class=\"wp-block-buttons is-layout-flex wp-block-buttons-is-layout-flex\">\n<div class=\"wp-block-button has-custom-width wp-block-button__width-50\"><a class=\"wp-block-button__link wp-element-button\" href=\"https:\/\/healing-memories.lu\/?page_id=4405\">lire la suite &gt;&gt;<\/a><\/div>\n<\/div>\n<\/div><figure class=\"wp-block-media-text__media\"><img loading=\"lazy\" decoding=\"async\" width=\"1024\" height=\"683\" src=\"https:\/\/healing-memories.lu\/wp-content\/uploads\/2022\/09\/IMG_0992-1024x683.jpg\" alt=\"\" class=\"wp-image-4063 size-full\" srcset=\"https:\/\/healing-memories.lu\/wp-content\/uploads\/2022\/09\/IMG_0992-1024x683.jpg 1024w, https:\/\/healing-memories.lu\/wp-content\/uploads\/2022\/09\/IMG_0992-300x200.jpg 300w, https:\/\/healing-memories.lu\/wp-content\/uploads\/2022\/09\/IMG_0992-768x513.jpg 768w, https:\/\/healing-memories.lu\/wp-content\/uploads\/2022\/09\/IMG_0992-1536x1025.jpg 1536w, https:\/\/healing-memories.lu\/wp-content\/uploads\/2022\/09\/IMG_0992-2048x1367.jpg 2048w, https:\/\/healing-memories.lu\/wp-content\/uploads\/2022\/09\/IMG_0992-1320x881.jpg 1320w\" sizes=\"auto, (max-width: 1024px) 100vw, 1024px\" \/><\/figure><\/div>\n<\/div><\/div>\n<\/div>\n<\/div>\n\n\n\n<hr class=\"wp-block-separator has-alpha-channel-opacity is-style-dots\"\/>\n\n\n\n<p class=\"has-text-align-left\" style=\"font-size:30px\"><strong><mark style=\"background-color:rgba(0, 0, 0, 0)\" class=\"has-inline-color has-primary-color\"> Juillet 2022 &#8211; Session de formation &#8211; Cotonou<\/mark><\/strong><\/p>\n\n\n\n<div class=\"wp-block-columns is-layout-flex wp-container-core-columns-is-layout-9d6595d7 wp-block-columns-is-layout-flex\">\n<div class=\"wp-block-column is-layout-flow wp-block-column-is-layout-flow\" style=\"flex-basis:100%\">\n<div class=\"wp-block-group alignwide\"><div class=\"wp-block-group__inner-container is-layout-constrained wp-block-group-is-layout-constrained\">\n<div class=\"wp-block-media-text alignwide is-stacked-on-mobile\"><figure class=\"wp-block-media-text__media\"><img loading=\"lazy\" decoding=\"async\" width=\"550\" height=\"413\" src=\"https:\/\/healing-memories.lu\/wp-content\/uploads\/2022\/06\/ville-de-cotonou.jpg\" alt=\"\" class=\"wp-image-3475 size-full\" srcset=\"https:\/\/healing-memories.lu\/wp-content\/uploads\/2022\/06\/ville-de-cotonou.jpg 550w, https:\/\/healing-memories.lu\/wp-content\/uploads\/2022\/06\/ville-de-cotonou-300x225.jpg 300w\" sizes=\"auto, (max-width: 550px) 100vw, 550px\" \/><\/figure><div class=\"wp-block-media-text__content\">\n<p>Du 15 au 22 juillet 2022 , une formation pour de facilitateurs de gu\u00e9rison des m\u00e9moires pour l\u2019Afrique francophone a eu lieu\u2026<\/p>\n\n\n\n<div class=\"wp-block-buttons is-layout-flex wp-block-buttons-is-layout-flex\">\n<div class=\"wp-block-button is-style-fill\"><a class=\"wp-block-button__link wp-element-button\" href=\"https:\/\/healing-memories.lu\/?page_id=3453\">lire la suite &gt;&gt;<\/a><\/div>\n<\/div>\n<\/div><\/div>\n<\/div><\/div>\n<\/div>\n<\/div>\n\n\n\n<hr class=\"wp-block-separator has-alpha-channel-opacity is-style-dots\"\/>\n\n\n\n<p style=\"font-size:30px\"><strong><mark style=\"background-color:rgba(0, 0, 0, 0)\" class=\"has-inline-color has-primary-color\">D\u00e9cembre 2021 &#8211; Les pr\u00e9paratifs se poursuivent<\/mark><\/strong><\/p>\n\n\n\n<div class=\"wp-block-columns is-layout-flex wp-container-core-columns-is-layout-9d6595d7 wp-block-columns-is-layout-flex\">\n<div class=\"wp-block-column is-layout-flow wp-block-column-is-layout-flow\" style=\"flex-basis:100%\">\n<div class=\"wp-block-group alignwide\"><div class=\"wp-block-group__inner-container is-layout-constrained wp-block-group-is-layout-constrained\">\n<div class=\"wp-block-media-text alignwide has-media-on-the-right is-stacked-on-mobile\" style=\"grid-template-columns:auto 44%\"><div class=\"wp-block-media-text__content\">\n<p>Le Groupe Afrique de&nbsp;Healing of Memories Luxembourg intensifie ses travaux, en collaboration avec l\u2019IHOM\u2026<\/p>\n\n\n\n<div class=\"wp-block-buttons is-layout-flex wp-block-buttons-is-layout-flex\">\n<div class=\"wp-block-button\"><a class=\"wp-block-button__link wp-element-button\" href=\"https:\/\/healing-memories.lu\/?page_id=3141\">lire la suite &gt;&gt;<\/a><\/div>\n<\/div>\n<\/div><figure class=\"wp-block-media-text__media\"><img loading=\"lazy\" decoding=\"async\" width=\"525\" height=\"494\" src=\"https:\/\/healing-memories.lu\/wp-content\/uploads\/2021\/12\/Togo-pre-formation.png\" alt=\"\" class=\"wp-image-3147 size-full\" srcset=\"https:\/\/healing-memories.lu\/wp-content\/uploads\/2021\/12\/Togo-pre-formation.png 525w, https:\/\/healing-memories.lu\/wp-content\/uploads\/2021\/12\/Togo-pre-formation-300x282.png 300w\" sizes=\"auto, (max-width: 525px) 100vw, 525px\" \/><\/figure><\/div>\n<\/div><\/div>\n<\/div>\n<\/div>\n\n\n\n<hr class=\"wp-block-separator has-alpha-channel-opacity is-style-dots\"\/>\n\n\n\n<p class=\"has-text-align-right\" style=\"font-size:30px\"><strong><mark style=\"background-color:rgba(0, 0, 0, 0)\" class=\"has-inline-color has-primary-color\">Octobre 2021 &#8211; Coup d&rsquo;envoi du programme de formation<\/mark><\/strong><\/p>\n\n\n\n<div class=\"wp-block-columns is-layout-flex wp-container-core-columns-is-layout-9d6595d7 wp-block-columns-is-layout-flex\">\n<div class=\"wp-block-column is-layout-flow wp-block-column-is-layout-flow\" style=\"flex-basis:100%\">\n<div class=\"wp-block-group alignwide\"><div class=\"wp-block-group__inner-container is-layout-constrained wp-block-group-is-layout-constrained\">\n<div class=\"wp-block-media-text alignwide is-stacked-on-mobile\" style=\"grid-template-columns:47% auto\"><figure class=\"wp-block-media-text__media\"><img loading=\"lazy\" decoding=\"async\" width=\"542\" height=\"484\" src=\"https:\/\/healing-memories.lu\/wp-content\/uploads\/2021\/11\/Dakar-Ines.png\" alt=\"\" class=\"wp-image-3110 size-full\" srcset=\"https:\/\/healing-memories.lu\/wp-content\/uploads\/2021\/11\/Dakar-Ines.png 542w, https:\/\/healing-memories.lu\/wp-content\/uploads\/2021\/11\/Dakar-Ines-300x268.png 300w\" sizes=\"auto, (max-width: 542px) 100vw, 542px\" \/><\/figure><div class=\"wp-block-media-text__content\">\n<p>La phase pr\u00e9liminaire de cette formation a d\u00e9marr\u00e9 en octobre et novembre 2021 avec plusieurs s\u00e9ances de travail en Afrique de l\u2019Ouest.<\/p>\n\n\n\n<div class=\"wp-block-buttons is-layout-flex wp-block-buttons-is-layout-flex\">\n<div class=\"wp-block-button\"><a class=\"wp-block-button__link wp-element-button\" href=\"https:\/\/healing-memories.lu\/?page_id=3104\">lire la suite &gt;&gt;<\/a><\/div>\n<\/div>\n<\/div><\/div>\n<\/div><\/div>\n<\/div>\n<\/div>\n","protected":false},"excerpt":{"rendered":"<p>Projet formation Afrique 2022-23 : C\u00f4te d&rsquo;Ivoire et S\u00e9n\u00e9gal En cette fin fin d\u2019ann\u00e9e 2023,&nbsp;deux d\u00e9l\u00e9gu\u00e9s de HOM Luxembourg, Patrick Byrne et Javier Garcia Alves, [&#8230;]<\/p>\n","protected":false},"author":1,"featured_media":0,"parent":0,"menu_order":0,"comment_status":"closed","ping_status":"closed","template":"","meta":{"footnotes":""},"folder":[],"class_list":["post-5396","page","type-page","status-publish","hentry"],"aioseo_notices":[],"_links":{"self":[{"href":"https:\/\/healing-memories.lu\/index.php?rest_route=\/wp\/v2\/pages\/5396","targetHints":{"allow":["GET"]}}],"collection":[{"href":"https:\/\/healing-memories.lu\/index.php?rest_route=\/wp\/v2\/pages"}],"about":[{"href":"https:\/\/healing-memories.lu\/index.php?rest_route=\/wp\/v2\/types\/page"}],"author":[{"embeddable":true,"href":"https:\/\/healing-memories.lu\/index.php?rest_route=\/wp\/v2\/users\/1"}],"replies":[{"embeddable":true,"href":"https:\/\/healing-memories.lu\/index.php?rest_route=%2Fwp%2Fv2%2Fcomments&post=5396"}],"version-history":[{"count":15,"href":"https:\/\/healing-memories.lu\/index.php?rest_route=\/wp\/v2\/pages\/5396\/revisions"}],"predecessor-version":[{"id":5532,"href":"https:\/\/healing-memories.lu\/index.php?rest_route=\/wp\/v2\/pages\/5396\/revisions\/5532"}],"wp:attachment":[{"href":"https:\/\/healing-memories.lu\/index.php?rest_route=%2Fwp%2Fv2%2Fmedia&parent=5396"}],"wp:term":[{"taxonomy":"folder","embeddable":true,"href":"https:\/\/healing-memories.lu\/index.php?rest_route=%2Fwp%2Fv2%2Ffolder&post=5396"}],"curies":[{"name":"wp","href":"https:\/\/api.w.org\/{rel}","templated":true}]}}