{"id":547,"date":"2021-04-16T12:58:57","date_gmt":"2021-04-16T11:58:57","guid":{"rendered":"https:\/\/healing-memories.lu\/?page_id=547"},"modified":"2021-07-15T12:05:34","modified_gmt":"2021-07-15T11:05:34","slug":"wier-wir-sind","status":"publish","type":"page","link":"https:\/\/healing-memories.lu\/?page_id=547&lang=de","title":{"rendered":"Wer wir sind"},"content":{"rendered":"\n<p>Unsere Gruppe \u201eHeilung von Erinnerungen\u201c ist bestrebt, die Methoden und die Arbeit des <em><a href=\"https:\/\/healing-memories.org\/\" target=\"_blank\" rel=\"noreferrer noopener\">Institute for Healing of Memories<\/a><\/em> (IHOM, S\u00fcdafrika), das 1998 von <a href=\"https:\/\/healing-memories.lu\/?page_id=1669&amp;lang=de\">Michael Lapsley<\/a> gegr\u00fcndet wurde, bekannt zu machen.<\/p>\n\n\n\n<p>Es begann mit einer Begegnung und einer Freundschaft. Im Jahr 2008, als der 60. Jahrestag der Allgemeinen Erkl\u00e4rung der Menschenrechte begangen wurde, luden einige von uns im Namen mehrerer Vereinigungen Michael Lapsley nach Luxemburg ein. Durch seinen Besuch lernten wir den methodischen Ansatz zur Heilung von Erinnerungen kennen, mit dem alle Menschen angesprochen werden, die schmerzhafte Erinnerungen in sich tragen. Michael Lapsley kam jedes Jahr wieder zu uns, und wir gingen den Weg gemeinsam mit ihm, indem wir diese Methoden in Luxemburg und seinen Nachbarl\u00e4ndern bekannt machten und f\u00fcr Gelegenheiten sorgten, die Methoden zu praktizieren.<\/p>\n\n\n\n<div style=\"height:40px\" aria-hidden=\"true\" class=\"wp-block-spacer\"><\/div>\n\n\n\n<div class=\"wp-block-columns is-layout-flex wp-container-core-columns-is-layout-9d6595d7 wp-block-columns-is-layout-flex\">\n<div class=\"wp-block-column is-layout-flow wp-block-column-is-layout-flow\" style=\"flex-basis:100%\">\n<div class=\"wp-block-media-text alignwide is-stacked-on-mobile\"><figure class=\"wp-block-media-text__media\"><img loading=\"lazy\" decoding=\"async\" width=\"1024\" height=\"768\" src=\"https:\/\/healing-memories.lu\/wp-content\/uploads\/resized\/05bca086087596ba2e865da565ef8622\/2008.11.conf_.ML_.60ansDUDH-2-1.jpg\" alt=\"\" class=\"wp-image-1820 size-full\" srcset=\"https:\/\/healing-memories.lu\/wp-content\/uploads\/resized\/05bca086087596ba2e865da565ef8622\/2008.11.conf_.ML_.60ansDUDH-2-1.jpg 1024w, https:\/\/healing-memories.lu\/wp-content\/uploads\/resized\/05bca086087596ba2e865da565ef8622\/2008.11.conf_.ML_.60ansDUDH-2-1-300x225.jpg 300w, https:\/\/healing-memories.lu\/wp-content\/uploads\/resized\/05bca086087596ba2e865da565ef8622\/2008.11.conf_.ML_.60ansDUDH-2-1-768x576.jpg 768w\" sizes=\"auto, (max-width: 1024px) 100vw, 1024px\" \/><\/figure><div class=\"wp-block-media-text__content\">\n<p class=\"has-medium-font-size\"><strong><span class=\"has-inline-color has-secondary-color\">Unsere Geschichte<\/span><\/strong><\/p>\n\n\n\n<p>Am 28. November 2020 wird aus der innerhalb der ACAT Luxemburg gegr\u00fcndeten Unterst\u00fctzergruppe \u201eHeilung von Erinnerungen\u201c <a href=\"https:\/\/healing-memories.lu\/?page_id=787\">eine unabh\u00e4ngige Vereinigung<\/a>.<\/p>\n\n\n\n<div class=\"wp-block-buttons is-layout-flex wp-block-buttons-is-layout-flex\">\n<div class=\"wp-block-button\"><a class=\"wp-block-button__link\" href=\"https:\/\/healing-memories.lu\/?page_id=1517&amp;lang=de\">Weiter lesen &gt;&gt;<\/a><\/div>\n<\/div>\n<\/div><\/div>\n\n\n\n<div style=\"height:60px\" aria-hidden=\"true\" class=\"wp-block-spacer\"><\/div>\n\n\n\n<div class=\"wp-block-columns is-layout-flex wp-container-core-columns-is-layout-9d6595d7 wp-block-columns-is-layout-flex\">\n<div class=\"wp-block-column is-layout-flow wp-block-column-is-layout-flow\" style=\"flex-basis:100%\">\n<div class=\"wp-block-media-text alignwide has-media-on-the-right is-stacked-on-mobile\" style=\"grid-template-columns:auto 34%\"><figure class=\"wp-block-media-text__media\"><img loading=\"lazy\" decoding=\"async\" width=\"433\" height=\"576\" src=\"https:\/\/healing-memories.lu\/wp-content\/uploads\/resized\/58fc22df650eab55b6c96fded97f03a6\/Michael_Lapsley_10.12.2019_Lux.jpg\" alt=\"\" class=\"wp-image-1821 size-full\" srcset=\"https:\/\/healing-memories.lu\/wp-content\/uploads\/resized\/58fc22df650eab55b6c96fded97f03a6\/Michael_Lapsley_10.12.2019_Lux.jpg 433w, https:\/\/healing-memories.lu\/wp-content\/uploads\/resized\/58fc22df650eab55b6c96fded97f03a6\/Michael_Lapsley_10.12.2019_Lux-226x300.jpg 226w\" sizes=\"auto, (max-width: 433px) 100vw, 433px\" \/><\/figure><div class=\"wp-block-media-text__content\">\n<p class=\"has-medium-font-size\"><strong><span class=\"has-inline-color has-secondary-color\">Michael Lapsley<\/span><\/strong><\/p>\n\n\n\n<p>Priester der anglikanischen Kirche und aktiver Apartheid-Gegner. Er verlor 1990 beide H\u00e4nde und ein Auge durch einen Briefbombenanschlag, den s\u00fcdafrikanische Geheimdienste in Auftrag gegeben hatten.<\/p>\n\n\n\n<div class=\"wp-block-buttons is-layout-flex wp-block-buttons-is-layout-flex\">\n<div class=\"wp-block-button\"><a class=\"wp-block-button__link\" href=\"https:\/\/healing-memories.lu\/?page_id=1533&amp;lang=de\">Weiter lesen &gt;&gt;<\/a><\/div>\n<\/div>\n<\/div><\/div>\n\n\n\n<div style=\"height:42px\" aria-hidden=\"true\" class=\"wp-block-spacer\"><\/div>\n\n\n\n<p><\/p>\n<\/div>\n<\/div>\n\n\n\n<div class=\"wp-block-columns is-layout-flex wp-container-core-columns-is-layout-9d6595d7 wp-block-columns-is-layout-flex\">\n<div class=\"wp-block-column is-layout-flow wp-block-column-is-layout-flow\" style=\"flex-basis:100%\">\n<div class=\"wp-block-media-text alignwide is-stacked-on-mobile\" style=\"grid-template-columns:33% auto\"><figure class=\"wp-block-media-text__media\"><img loading=\"lazy\" decoding=\"async\" width=\"682\" height=\"1024\" src=\"https:\/\/healing-memories.lu\/wp-content\/uploads\/2021\/07\/Grande-Duchesse-682x1024.jpg\" alt=\"\" class=\"wp-image-2480 size-full\" srcset=\"https:\/\/healing-memories.lu\/wp-content\/uploads\/2021\/07\/Grande-Duchesse-682x1024.jpg 682w, https:\/\/healing-memories.lu\/wp-content\/uploads\/2021\/07\/Grande-Duchesse-200x300.jpg 200w, https:\/\/healing-memories.lu\/wp-content\/uploads\/2021\/07\/Grande-Duchesse-768x1153.jpg 768w, https:\/\/healing-memories.lu\/wp-content\/uploads\/2021\/07\/Grande-Duchesse-1023x1536.jpg 1023w, https:\/\/healing-memories.lu\/wp-content\/uploads\/2021\/07\/Grande-Duchesse.jpg 1154w\" sizes=\"auto, (max-width: 682px) 100vw, 682px\" \/><\/figure><div class=\"wp-block-media-text__content\">\n<p class=\"has-medium-font-size\"><strong><span class=\"has-inline-color has-secondary-color\">Hohe Schirmherrschaft<\/span><\/strong><\/p>\n\n\n\n<p><em>Healing of Memories Luxembourg<\/em> genie\u00dft die hohe Schirmherrschaft Ihrer K\u00f6niglichen Hoheit Gro\u00dfherzogin Maria Teresa.<\/p>\n\n\n\n<div class=\"wp-block-buttons is-layout-flex wp-block-buttons-is-layout-flex\">\n<div class=\"wp-block-button\"><a class=\"wp-block-button__link\" href=\"https:\/\/healing-memories.lu\/?page_id=2526&amp;lang=de\">Weiter lesesn &gt;&gt;<\/a><\/div>\n<\/div>\n\n\n\n<p><\/p>\n\n\n\n<p class=\"has-small-font-size\">Foto : Gro\u00dfherzoglicher Hof \/ Emanuele Scorcelletti<\/p>\n<\/div><\/div>\n<\/div>\n<\/div>\n\n\n\n<div style=\"height:42px\" aria-hidden=\"true\" class=\"wp-block-spacer\"><\/div>\n<\/div>\n<\/div>\n\n\n\n<div class=\"wp-block-columns is-layout-flex wp-container-core-columns-is-layout-9d6595d7 wp-block-columns-is-layout-flex\">\n<div class=\"wp-block-column is-layout-flow wp-block-column-is-layout-flow\" style=\"flex-basis:100%\">\n<div class=\"wp-block-media-text alignwide has-media-on-the-right is-stacked-on-mobile\" style=\"grid-template-columns:auto 48%\"><figure class=\"wp-block-media-text__media\"><img loading=\"lazy\" decoding=\"async\" width=\"612\" height=\"408\" src=\"https:\/\/healing-memories.lu\/wp-content\/uploads\/2021\/05\/Paix-mains.jpg\" alt=\"\" class=\"wp-image-1491 size-full\" srcset=\"https:\/\/healing-memories.lu\/wp-content\/uploads\/2021\/05\/Paix-mains.jpg 612w, https:\/\/healing-memories.lu\/wp-content\/uploads\/2021\/05\/Paix-mains-300x200.jpg 300w\" sizes=\"auto, (max-width: 612px) 100vw, 612px\" \/><\/figure><div class=\"wp-block-media-text__content\">\n<p class=\"has-medium-font-size\"><strong><span class=\"has-inline-color has-secondary-color\">Aufgaben<\/span><\/strong><\/p>\n\n\n\n<p>Healing of Memories Luxembourg setzt sich zum Ziel, nach dem Vorbild des&nbsp;<a href=\"https:\/\/healing-memories.org\/\">IHOM<\/a>&nbsp;Menschen, die in schmerzhafter Vergangenheit k\u00f6rperlich, seelisch oder emotional verletzt worden sind, auf dem Weg zur Heilung und zu neuer Unversehrtheit zu begleiten. <\/p>\n\n\n\n<div class=\"wp-block-buttons is-layout-flex wp-block-buttons-is-layout-flex\">\n<div class=\"wp-block-button\"><a class=\"wp-block-button__link\">Weiter lesen &gt;&gt;<\/a><\/div>\n<\/div>\n<\/div><\/div>\n<\/div>\n<\/div>\n\n\n\n<div style=\"height:42px\" aria-hidden=\"true\" class=\"wp-block-spacer\"><\/div>\n\n\n\n<div class=\"wp-block-columns is-layout-flex wp-container-core-columns-is-layout-9d6595d7 wp-block-columns-is-layout-flex\">\n<div class=\"wp-block-column is-layout-flow wp-block-column-is-layout-flow\" style=\"flex-basis:100%\">\n<div class=\"wp-block-media-text alignwide is-stacked-on-mobile\"><figure class=\"wp-block-media-text__media\"><img loading=\"lazy\" decoding=\"async\" width=\"966\" height=\"659\" src=\"https:\/\/healing-memories.lu\/wp-content\/uploads\/2021\/06\/Image1.png\" alt=\"\" class=\"wp-image-2151 size-full\" srcset=\"https:\/\/healing-memories.lu\/wp-content\/uploads\/2021\/06\/Image1.png 966w, https:\/\/healing-memories.lu\/wp-content\/uploads\/2021\/06\/Image1-300x205.png 300w, https:\/\/healing-memories.lu\/wp-content\/uploads\/2021\/06\/Image1-768x524.png 768w\" sizes=\"auto, (max-width: 966px) 100vw, 966px\" \/><\/figure><div class=\"wp-block-media-text__content\">\n<p class=\"has-medium-font-size\"><strong><span class=\"has-inline-color has-secondary-color\">Vorstansdmitglieder<\/span><\/strong><\/p>\n\n\n\n<p>Seit der konstituierenden Vollversammlung vom 28. November 2020 ist der Verwaltungsrat unserer Vereinigung wie folgt&#8230;<\/p>\n\n\n\n<div class=\"wp-block-buttons is-layout-flex wp-block-buttons-is-layout-flex\">\n<div class=\"wp-block-button\"><a class=\"wp-block-button__link\" href=\"https:\/\/healing-memories.lu\/?page_id=1524&amp;lang=de\">Weiter lesen &gt;&gt;<\/a><\/div>\n<\/div>\n<\/div><\/div>\n<\/div>\n<\/div>\n\n\n\n<div style=\"height:42px\" aria-hidden=\"true\" class=\"wp-block-spacer\"><\/div>\n\n\n\n<div class=\"wp-block-buttons is-layout-flex wp-block-buttons-is-layout-flex\"><\/div>\n\n\n\n<div class=\"wp-block-columns is-layout-flex wp-container-core-columns-is-layout-9d6595d7 wp-block-columns-is-layout-flex\">\n<div class=\"wp-block-column is-layout-flow wp-block-column-is-layout-flow\" style=\"flex-basis:100%\">\n<div class=\"wp-block-media-text alignwide has-media-on-the-right is-stacked-on-mobile\"><figure class=\"wp-block-media-text__media\"><img decoding=\"async\" src=\"https:\/\/healing-memories.lu\/wp-content\/uploads\/2021\/05\/Atelier-2.png\" alt=\"\" class=\"wp-image-1444 size-full\"\/><\/figure><div class=\"wp-block-media-text__content\">\n<p class=\"has-medium-font-size\"><strong><span class=\"has-inline-color has-secondary-color\">Facilitators<\/span><\/strong><\/p>\n\n\n\n<p>In unserer Vereinigung nehmen rund 20 Freiwillige in Seminaren die Rolle von \u201eModeratoren\u201c wahr oder lassen sich dazu fortbilden.<\/p>\n\n\n\n<div class=\"wp-block-buttons is-layout-flex wp-block-buttons-is-layout-flex\">\n<div class=\"wp-block-button\"><a class=\"wp-block-button__link\" href=\"https:\/\/healing-memories.lu\/?page_id=1526&amp;lang=de\">Weiter lesen &gt;&gt;<\/a><\/div>\n<\/div>\n<\/div><\/div>\n<\/div>\n<\/div>\n\n\n\n<div style=\"height:30px\" aria-hidden=\"true\" class=\"wp-block-spacer\"><\/div>\n\n\n\n<div class=\"wp-block-columns is-layout-flex wp-container-core-columns-is-layout-9d6595d7 wp-block-columns-is-layout-flex\">\n<div class=\"wp-block-column is-layout-flow wp-block-column-is-layout-flow\" style=\"flex-basis:100%\"><\/div>\n<\/div>\n\n\n\n<p><\/p>\n","protected":false},"excerpt":{"rendered":"<p>Unsere Gruppe \u201eHeilung von Erinnerungen\u201c ist bestrebt, die Methoden und die Arbeit des Institute for Healing of Memories (IHOM, S\u00fcdafrika), das 1998 von Michael Lapsley [&#8230;]<\/p>\n","protected":false},"author":1,"featured_media":0,"parent":0,"menu_order":0,"comment_status":"closed","ping_status":"closed","template":"","meta":{"footnotes":""},"folder":[],"class_list":["post-547","page","type-page","status-publish","hentry"],"aioseo_notices":[],"_links":{"self":[{"href":"https:\/\/healing-memories.lu\/index.php?rest_route=\/wp\/v2\/pages\/547","targetHints":{"allow":["GET"]}}],"collection":[{"href":"https:\/\/healing-memories.lu\/index.php?rest_route=\/wp\/v2\/pages"}],"about":[{"href":"https:\/\/healing-memories.lu\/index.php?rest_route=\/wp\/v2\/types\/page"}],"author":[{"embeddable":true,"href":"https:\/\/healing-memories.lu\/index.php?rest_route=\/wp\/v2\/users\/1"}],"replies":[{"embeddable":true,"href":"https:\/\/healing-memories.lu\/index.php?rest_route=%2Fwp%2Fv2%2Fcomments&post=547"}],"version-history":[{"count":23,"href":"https:\/\/healing-memories.lu\/index.php?rest_route=\/wp\/v2\/pages\/547\/revisions"}],"predecessor-version":[{"id":2613,"href":"https:\/\/healing-memories.lu\/index.php?rest_route=\/wp\/v2\/pages\/547\/revisions\/2613"}],"wp:attachment":[{"href":"https:\/\/healing-memories.lu\/index.php?rest_route=%2Fwp%2Fv2%2Fmedia&parent=547"}],"wp:term":[{"taxonomy":"folder","embeddable":true,"href":"https:\/\/healing-memories.lu\/index.php?rest_route=%2Fwp%2Fv2%2Ffolder&post=547"}],"curies":[{"name":"wp","href":"https:\/\/api.w.org\/{rel}","templated":true}]}}