{"id":5852,"date":"2024-08-25T10:12:12","date_gmt":"2024-08-25T09:12:12","guid":{"rendered":"https:\/\/healing-memories.lu\/?page_id=5852"},"modified":"2026-04-18T18:11:20","modified_gmt":"2026-04-18T17:11:20","slug":"notre-prochain-atelier","status":"publish","type":"page","link":"https:\/\/healing-memories.lu\/?page_id=5852","title":{"rendered":"NOTRE PROCHAIN ATELIER"},"content":{"rendered":"\n<ul class=\"wp-block-list\">\n<li class=\"has-medium-font-size\">L&rsquo;atelier de gu\u00e9rison des m\u00e9moires : <a href=\"https:\/\/healing-memories.lu\/?page_id=379\" title=\"\">qu&rsquo;est-ce que c&rsquo;est ?<\/a><\/li>\n<\/ul>\n\n\n\n<hr class=\"wp-block-separator has-alpha-channel-opacity\"\/>\n\n\n\n<p class=\"has-text-align-center\" style=\"font-size:38px\"><mark style=\"background-color:rgba(0, 0, 0, 0)\" class=\"has-inline-color has-primary-color\"><strong>NOS PROCHAINS ATELIERS EN 2026<\/strong><\/mark><\/p>\n\n\n\n<div class=\"wp-block-cover aligncenter has-small-font-size\" style=\"padding-top:0;padding-right:0;padding-bottom:0;padding-left:0;min-height:339px;aspect-ratio:unset;\"><img loading=\"lazy\" decoding=\"async\" width=\"471\" height=\"200\" class=\"wp-block-cover__image-background wp-image-5745\" alt=\"\" src=\"https:\/\/healing-memories.lu\/wp-content\/uploads\/2024\/08\/Arbre.png\" data-object-fit=\"cover\" srcset=\"https:\/\/healing-memories.lu\/wp-content\/uploads\/2024\/08\/Arbre.png 471w, https:\/\/healing-memories.lu\/wp-content\/uploads\/2024\/08\/Arbre-300x127.png 300w\" sizes=\"auto, (max-width: 471px) 100vw, 471px\" \/><span aria-hidden=\"true\" class=\"wp-block-cover__background has-background-dim-0 has-background-dim\" style=\"background-color:#6b6f3d\"><\/span><div class=\"wp-block-cover__inner-container is-layout-flow wp-block-cover-is-layout-flow\">\n<blockquote class=\"wp-block-quote is-layout-flow wp-block-quote-is-layout-flow\">\n<p><\/p>\n<\/blockquote>\n\n\n\n<p><\/p>\n\n\n\n<p><\/p>\n\n\n\n<p><\/p>\n\n\n\n<p class=\"has-text-align-center has-white-color has-text-color has-link-color has-medium-font-size wp-elements-1c363cf3c200714dac5a8a793d92041b\"><mark style=\"background-color:rgba(0, 0, 0, 0)\" class=\"has-inline-color has-light-gray-color\">Un temps pour l\u00e2cher prise <br>et apaiser les souvenirs douloureux<\/mark><\/p>\n<\/div><\/div>\n\n\n\n<p class=\"has-text-align-center\" style=\"font-size:22px\"><strong><mark style=\"background-color:rgba(0, 0, 0, 0);color:#e36c2f\" class=\"has-inline-color\">Eng Z\u00e4it fir lasszeloossen<br>a fir besser mat schm\u00e4erzhaften Er\u00ebnnerungen \u00ebmzegoen<\/mark><\/strong><\/p>\n\n\n\n<p class=\"has-text-align-center\" style=\"font-size:32px\"><strong><mark style=\"background-color:rgba(0, 0, 0, 0)\" class=\"has-inline-color has-primary-color\">MINI-ATELIER \u2014 JUIN <\/mark><\/strong><\/p>\n\n\n\n<style>\n.hom-event{\n  max-width:700px;\n  margin:30px auto;\n  text-align:center;\n  font-family:inherit;\n}\n\n.hom-event p{\n  margin:10px 0;\n  line-height:1.5;\n}\n\n.hom-event .intro{\n  font-size:1.2rem;\n  font-weight:500;\n}\n\n.hom-event .date{\n  color:#e36c2f;\n  font-weight:700;\n  font-size:1.4rem;\n  margin-top:20px;\n}\n\n.hom-event .time{\n  color:#e36c2f;\n  font-weight:700;\n  font-size:1.3rem;\n}\n\n.hom-event .place{\n  color:#e36c2f;\n  font-weight:600;\n}\n\n.hom-event .desc{\n  margin-top:20px;\n}\n\n.hom-event .languages{\n  margin-top:25px;\n  border:2px solid #7b2c8e;\n  padding:12px;\n  border-radius:10px;\n  font-weight:600;\n  color:#7b2c8e;\n}\n<\/style>\n\n<div class=\"hom-event\">\n\n  <p class=\"intro\">\n    Nous vous proposons de d\u00e9couvrir l\u2019approche de la<br>\n    <strong>Gu\u00e9rison des M\u00e9moires<\/strong><br>\n    pendant un mini-atelier d\u2019une journ\u00e9e\n  <\/p>\n\n  <p class=\"date\">Samedi 27 juin 2026<\/p>\n  <p class=\"time\">9h00 \u2013 18h00<\/p>\n\n  <p class=\"place\">\n    Maison des Franciscaines<br>\n    50, avenue Gaston Diderich, Luxembourg-Belair\n  <\/p>\n\n  <p class=\"desc\">\n    L\u2019atelier de gu\u00e9rison des m\u00e9moires dure normalement deux jours et demi.<br>\n    Vous pourrez en vivre les moments principaux pendant ce mini-atelier,<br>\n    dans un climat de confiance et de respect mutuel.\n  <\/p>\n\n  <div class=\"languages\">\n    Langues : fran\u00e7ais, anglais, luxembourgeois<br>\n    (interpr\u00e9tation simultan\u00e9e)\n  <\/div>\n\n<\/div>\n\n\n\n<p class=\"has-text-align-left\" style=\"font-size:20px\"><strong>Participation aux frais et repas de midi:<\/strong><\/p>\n\n\n\n<p class=\"has-text-align-left\" style=\"font-size:20px\">Tarif standard : <strong>50 \u20ac<\/strong> par personne.<br>Personnes \u00e0 revenus modestes : <strong>10 \u20ac.<\/strong><br><br>Cependant, des consid\u00e9rations financi\u00e8res ne doivent surtout pas constituer un frein \u00e0 votre participation. En cas de difficult\u00e9s, n\u2019h\u00e9sitez pas \u00e0 prendre contact avec nous. <br>\u00c0 l\u2019inverse, si vous pouvez vous le permettre, merci d\u2019ajouter \u00e0 votre participation un montant de solidarit\u00e9 laiss\u00e9 \u00e0 votre appr\u00e9ciation.<\/p>\n\n\n\n<p class=\"has-text-align-left\" style=\"font-size:20px\">Si vous suivez actuellement un traitement psychologique professionnel, nous vous recommandons d\u2019obtenir l\u2019accord de la personne qui vous accompagne avant de demander votre inscription.<\/p>\n\n\n\n<div class=\"wp-block-buttons is-content-justification-left is-layout-flex wp-container-core-buttons-is-layout-fdcfc74e wp-block-buttons-is-layout-flex\">\n<div class=\"wp-block-button is-style-fill\"><a class=\"wp-block-button__link has-small-font-size has-custom-font-size wp-element-button\" href=\"https:\/\/healing-memories.lu\/?page_id=6619\" style=\"border-radius:0px\">Demande d&rsquo;inscription au mini-atelier &gt;&gt;<\/a><\/div>\n<\/div>\n\n\n\n<div style=\"height:43px\" aria-hidden=\"true\" class=\"wp-block-spacer\"><\/div>\n\n\n\n<p class=\"has-text-align-center has-medium-font-size\"><strong>Vous souhaitez vivre l&rsquo;exp\u00e9rience compl\u00e8te ?<\/strong><\/p>\n\n\n\n<p class=\"has-text-align-center\" style=\"font-size:32px\"><strong><mark style=\"background-color:rgba(0, 0, 0, 0)\" class=\"has-inline-color has-primary-color\">ATELIER COMPLET (WEEK-END) \u2014 OCTOBRE<\/mark><\/strong><\/p>\n\n\n\n<p class=\"has-text-align-center has-medium-font-size\"><strong>Un atelier standard de gu\u00e9rison des m\u00e9moires aura lieu<\/strong> :<\/p>\n\n\n\n<p class=\"has-text-align-center has-medium-font-size\"><strong>du 23 au 25 octobre 2026<br>\u00e0 Clairefontaine (Arlon, Belgique)<\/strong><\/p>\n\n\n\n<p class=\"soon\">\n  Les inscriptions ouvriront prochainement.<br>\n  Si vous pensez ou sentez que cet atelier pourrait vous int\u00e9resser, n\u2019h\u00e9sitez pas \u00e0 nous \u00e9crire&nbsp;:<br>\n  <strong><a href=\"mailto:votre@email.lu\">workshop@healing-memories.lu<\/a><\/strong>\n<\/p>\n\n\n\n<div style=\"height:34px\" aria-hidden=\"true\" class=\"wp-block-spacer\"><\/div>\n\n\n<div class=\"wp-block-image\">\n<figure class=\"aligncenter size-full is-resized\"><img loading=\"lazy\" decoding=\"async\" width=\"800\" height=\"463\" src=\"https:\/\/healing-memories.lu\/wp-content\/uploads\/2025\/03\/Leaving-1.png\" alt=\"\" class=\"wp-image-6702\" style=\"width:516px;height:auto\" srcset=\"https:\/\/healing-memories.lu\/wp-content\/uploads\/2025\/03\/Leaving-1.png 800w, https:\/\/healing-memories.lu\/wp-content\/uploads\/2025\/03\/Leaving-1-300x174.png 300w, https:\/\/healing-memories.lu\/wp-content\/uploads\/2025\/03\/Leaving-1-768x444.png 768w\" sizes=\"auto, (max-width: 800px) 100vw, 800px\" \/><\/figure>\n<\/div>","protected":false},"excerpt":{"rendered":"<p>NOS PROCHAINS ATELIERS EN 2026 Eng Z\u00e4it fir lasszeloossena fir besser mat schm\u00e4erzhaften Er\u00ebnnerungen \u00ebmzegoen MINI-ATELIER \u2014 JUIN Nous vous proposons de d\u00e9couvrir l\u2019approche de [&#8230;]<\/p>\n","protected":false},"author":1,"featured_media":0,"parent":0,"menu_order":0,"comment_status":"closed","ping_status":"closed","template":"","meta":{"footnotes":"[]"},"folder":[],"class_list":["post-5852","page","type-page","status-publish","hentry"],"aioseo_notices":[],"_links":{"self":[{"href":"https:\/\/healing-memories.lu\/index.php?rest_route=\/wp\/v2\/pages\/5852","targetHints":{"allow":["GET"]}}],"collection":[{"href":"https:\/\/healing-memories.lu\/index.php?rest_route=\/wp\/v2\/pages"}],"about":[{"href":"https:\/\/healing-memories.lu\/index.php?rest_route=\/wp\/v2\/types\/page"}],"author":[{"embeddable":true,"href":"https:\/\/healing-memories.lu\/index.php?rest_route=\/wp\/v2\/users\/1"}],"replies":[{"embeddable":true,"href":"https:\/\/healing-memories.lu\/index.php?rest_route=%2Fwp%2Fv2%2Fcomments&post=5852"}],"version-history":[{"count":62,"href":"https:\/\/healing-memories.lu\/index.php?rest_route=\/wp\/v2\/pages\/5852\/revisions"}],"predecessor-version":[{"id":7241,"href":"https:\/\/healing-memories.lu\/index.php?rest_route=\/wp\/v2\/pages\/5852\/revisions\/7241"}],"wp:attachment":[{"href":"https:\/\/healing-memories.lu\/index.php?rest_route=%2Fwp%2Fv2%2Fmedia&parent=5852"}],"wp:term":[{"taxonomy":"folder","embeddable":true,"href":"https:\/\/healing-memories.lu\/index.php?rest_route=%2Fwp%2Fv2%2Ffolder&post=5852"}],"curies":[{"name":"wp","href":"https:\/\/api.w.org\/{rel}","templated":true}]}}