{"id":706,"date":"2021-04-21T08:52:42","date_gmt":"2021-04-21T07:52:42","guid":{"rendered":"https:\/\/healing-memories.lu\/?page_id=706"},"modified":"2026-02-24T10:56:38","modified_gmt":"2026-02-24T09:56:38","slug":"statuts","status":"publish","type":"page","link":"https:\/\/healing-memories.lu\/?page_id=706","title":{"rendered":"Statuts"},"content":{"rendered":"\n<p>Vous trouverez <a href=\"https:\/\/healing-memories.lu\/wp-content\/uploads\/2026\/02\/STATUTS_HoMLuxembourg_modifies2025.pdf\" target=\"_blank\" rel=\"noopener\" title=\"\">ici<\/a> le texte des Statuts de notre association, adopt\u00e9s \u00e0 Luxembourg, lors de l\u2019Assembl\u00e9e g\u00e9n\u00e9rale constitutive du 28 novembre 2020, et modifi\u00e9s lors de l\u2019Assembl\u00e9e g\u00e9n\u00e9rale du 29 mars 2025.<\/p>\n\n\n\n<div class=\"wp-block-columns is-layout-flex wp-container-core-columns-is-layout-9d6595d7 wp-block-columns-is-layout-flex\">\n<div class=\"wp-block-column is-layout-flow wp-block-column-is-layout-flow\" style=\"flex-basis:100%\">\n<div class=\"wp-block-group\"><div class=\"wp-block-group__inner-container is-layout-flow wp-block-group-is-layout-flow\">\n<figure class=\"wp-block-image is-resized\"><img loading=\"lazy\" decoding=\"async\" width=\"1024\" height=\"610\" src=\"https:\/\/healing-memories.lu\/wp-content\/uploads\/2021\/05\/Parchelin-1024x610.jpg\" alt=\"\" class=\"wp-image-1762\" style=\"width:410px;height:244px\" srcset=\"https:\/\/healing-memories.lu\/wp-content\/uploads\/2021\/05\/Parchelin-1024x610.jpg 1024w, https:\/\/healing-memories.lu\/wp-content\/uploads\/2021\/05\/Parchelin-300x179.jpg 300w, https:\/\/healing-memories.lu\/wp-content\/uploads\/2021\/05\/Parchelin-768x457.jpg 768w, https:\/\/healing-memories.lu\/wp-content\/uploads\/2021\/05\/Parchelin-1536x915.jpg 1536w, https:\/\/healing-memories.lu\/wp-content\/uploads\/2021\/05\/Parchelin.jpg 2000w\" sizes=\"auto, (max-width: 1024px) 100vw, 1024px\" \/><\/figure>\n<\/div><\/div>\n<\/div>\n<\/div>\n\n\n\n<p><\/p>\n","protected":false},"excerpt":{"rendered":"<p>Vous trouverez ici le texte des Statuts de notre association, adopt\u00e9s \u00e0 Luxembourg, lors de l\u2019Assembl\u00e9e g\u00e9n\u00e9rale constitutive du 28 novembre 2020, et modifi\u00e9s lors [&#8230;]<\/p>\n","protected":false},"author":1,"featured_media":0,"parent":0,"menu_order":0,"comment_status":"closed","ping_status":"closed","template":"","meta":{"footnotes":""},"folder":[],"class_list":["post-706","page","type-page","status-publish","hentry"],"aioseo_notices":[],"_links":{"self":[{"href":"https:\/\/healing-memories.lu\/index.php?rest_route=\/wp\/v2\/pages\/706","targetHints":{"allow":["GET"]}}],"collection":[{"href":"https:\/\/healing-memories.lu\/index.php?rest_route=\/wp\/v2\/pages"}],"about":[{"href":"https:\/\/healing-memories.lu\/index.php?rest_route=\/wp\/v2\/types\/page"}],"author":[{"embeddable":true,"href":"https:\/\/healing-memories.lu\/index.php?rest_route=\/wp\/v2\/users\/1"}],"replies":[{"embeddable":true,"href":"https:\/\/healing-memories.lu\/index.php?rest_route=%2Fwp%2Fv2%2Fcomments&post=706"}],"version-history":[{"count":6,"href":"https:\/\/healing-memories.lu\/index.php?rest_route=\/wp\/v2\/pages\/706\/revisions"}],"predecessor-version":[{"id":7131,"href":"https:\/\/healing-memories.lu\/index.php?rest_route=\/wp\/v2\/pages\/706\/revisions\/7131"}],"wp:attachment":[{"href":"https:\/\/healing-memories.lu\/index.php?rest_route=%2Fwp%2Fv2%2Fmedia&parent=706"}],"wp:term":[{"taxonomy":"folder","embeddable":true,"href":"https:\/\/healing-memories.lu\/index.php?rest_route=%2Fwp%2Fv2%2Ffolder&post=706"}],"curies":[{"name":"wp","href":"https:\/\/api.w.org\/{rel}","templated":true}]}}